{"id":10136,"date":"2024-10-17T13:57:54","date_gmt":"2024-10-17T11:57:54","guid":{"rendered":"https:\/\/projectes.xtec.cat\/acollidasuport\/?page_id=10136"},"modified":"2025-02-05T13:25:15","modified_gmt":"2025-02-05T12:25:15","slug":"materials-per-a-la-comprensio-i-expressio-oral","status":"publish","type":"page","link":"https:\/\/projectes.xtec.cat\/acollidasuport\/materials-per-a-la-comprensio-i-expressio-oral\/","title":{"rendered":"Materials: comprensi\u00f3 i expressi\u00f3 oral"},"content":{"rendered":"<p><img loading=\"lazy\" decoding=\"async\" class=\"aligncenter\" src=\"https:\/\/xtec.gencat.cat\/web\/.content\/alfresco\/d\/d\/workspace\/SpacesStore\/0074\/af0f6deb-98b9-4ffa-b203-7273ddfc9d97\/cartellAA.gif\" alt=\"Jocs i l\u00e0mines. XTEC - Xarxa Telem\u00e0tica Educativa de Catalunya\" width=\"409\" height=\"287\" \/><\/p>\n<p>Aquesta p\u00e0gina est\u00e0 dedicada a oferir recursos, tant a l&#8217;alumnat com al docent, espec\u00edficament seleccionats per afavorir <strong>l&#8217;ensenyament-aprenentatge de l&#8217;\u00e0mbit oral<\/strong>, amb l&#8217;objectiu de desenvolupar les habilitats de comprensi\u00f3 oral i expressi\u00f3 oral. Aquests materials estan pensats per a alumnat nouvingut, que est\u00e0 iniciant el seu aprenentatge de la llengua catalana, i per tant, corresponen a un nivell A1-A2 del Marc Europeu Com\u00fa de Refer\u00e8ncia per a les Lleng\u00fces (MECR). La finalitat \u00e9s facilitar una immersi\u00f3 ling\u00fc\u00edstica efica\u00e7 i progressiva, oferint suport i eines pr\u00e0ctiques per a una comunicaci\u00f3 oral b\u00e0sica i efectiva en situacions quotidianes.<\/p>\n<table style=\"border-collapse: collapse; width: 100%; height: 987px;\">\n<tbody>\n<tr>\n<td style=\"width: 25.2201%;\"><a href=\"https:\/\/projectes.xtec.cat\/acollidasuport\/vincles\/\"><img loading=\"lazy\" decoding=\"async\" class=\"wp-image-10378 aligncenter\" src=\"https:\/\/projectes.xtec.cat\/acollidasuport\/wp-content\/uploads\/usu2169\/2025\/01\/ineractiu-vincles-1.png\" alt=\"\" width=\"251\" height=\"142\" srcset=\"https:\/\/projectes.xtec.cat\/acollidasuport\/wp-content\/uploads\/usu2169\/2025\/01\/ineractiu-vincles-1.png 1504w, https:\/\/projectes.xtec.cat\/acollidasuport\/wp-content\/uploads\/usu2169\/2025\/01\/ineractiu-vincles-1-300x170.png 300w, https:\/\/projectes.xtec.cat\/acollidasuport\/wp-content\/uploads\/usu2169\/2025\/01\/ineractiu-vincles-1-1024x579.png 1024w, https:\/\/projectes.xtec.cat\/acollidasuport\/wp-content\/uploads\/usu2169\/2025\/01\/ineractiu-vincles-1-768x434.png 768w\" sizes=\"auto, (max-width: 251px) 100vw, 251px\" \/><\/a><\/td>\n<td style=\"width: 74.7799%;\">\n<h4><a href=\"https:\/\/projectes.xtec.cat\/acollidasuport\/vincles\/\">VINCLES<\/a><\/h4>\n<p>El\u00a0recurs did\u00e0ctic\u00a0<i>VINCLES<\/i>, dissenyat per exercitar les quatre habilitats comunicatives (escoltar, parlar, llegir i escriure) en llengua catalana, s\u2019ha consolidat com una eina imprescindible per a molts docents d\u2019aules d\u2019acollida. Aquest material facilita que l\u2019alumnat de proced\u00e8ncies culturals i geogr\u00e0fiques diverses pugui assolir un nivell b\u00e0sic de compet\u00e8ncia ling\u00fc\u00edstica en catal\u00e0.<\/td>\n<\/tr>\n<tr style=\"height: 143px;\">\n<td style=\"width: 25.2201%; height: 143px;\"><a href=\"https:\/\/4cats.llull.cat\/4cats\/index.cfm\" target=\"_blank\" rel=\"noopener\"><img loading=\"lazy\" decoding=\"async\" class=\"size-medium wp-image-10142 alignnone aligncenter\" src=\"https:\/\/projectes.xtec.cat\/acollidasuport\/wp-content\/uploads\/usu2169\/2024\/10\/4cats-300x150.jpg\" alt=\"\" width=\"300\" height=\"150\" srcset=\"https:\/\/projectes.xtec.cat\/acollidasuport\/wp-content\/uploads\/usu2169\/2024\/10\/4cats-300x150.jpg 300w, https:\/\/projectes.xtec.cat\/acollidasuport\/wp-content\/uploads\/usu2169\/2024\/10\/4cats.jpg 340w\" sizes=\"auto, (max-width: 300px) 100vw, 300px\" \/><\/a><\/td>\n<td style=\"width: 74.7799%; height: 143px;\">\n<h4><a href=\"https:\/\/4cats.llull.cat\/4cats\/index.cfm\">4CATS<\/a><\/h4>\n<p><span style=\"color: #000000;\">\u00c9s una col\u00b7lecci\u00f3 de v\u00eddeos curts que representen la vida de cinc estudiants d\u2019arreu del territori de parla catalana que comparteixen pis. Els v\u00eddeos disposen de transcripci\u00f3 i contextualitzaci\u00f3, aix\u00ed com tamb\u00e9 una breu explicaci\u00f3 d\u2019alguns elements gramaticals i l\u00e8xics que hi apareixen.<\/span><\/td>\n<\/tr>\n<tr style=\"height: 169px;\">\n<td style=\"width: 25.2201%; height: 169px;\"><a href=\"https:\/\/llengua.gencat.cat\/ca\/serveis\/informacio_i_difusio\/publicacions_en_linia\/classific_temes\/temes_materials_didactics\/contes_per_parlar\/\" target=\"_blank\" rel=\"noopener\"><img loading=\"lazy\" decoding=\"async\" class=\"size-medium wp-image-10155 aligncenter\" src=\"https:\/\/projectes.xtec.cat\/acollidasuport\/wp-content\/uploads\/usu2169\/2024\/10\/Captura-de-pantalla-11-300x179.png\" alt=\"\" width=\"300\" height=\"179\" srcset=\"https:\/\/projectes.xtec.cat\/acollidasuport\/wp-content\/uploads\/usu2169\/2024\/10\/Captura-de-pantalla-11-300x179.png 300w, https:\/\/projectes.xtec.cat\/acollidasuport\/wp-content\/uploads\/usu2169\/2024\/10\/Captura-de-pantalla-11.png 563w\" sizes=\"auto, (max-width: 300px) 100vw, 300px\" \/><\/a><\/td>\n<td style=\"width: 74.7799%; height: 169px;\">\n<h4><a href=\"https:\/\/llengua.gencat.cat\/ca\/serveis\/informacio_i_difusio\/publicacions_en_linia\/classific_temes\/temes_materials_didactics\/contes_per_parlar\/\" target=\"_blank\" rel=\"noopener\">CONTES PER PARLAR<\/a><\/h4>\n<p>Cada conte es complementa amb unes preguntes que faciliten la conversa, una breu selecci\u00f3 de fragments literaris d&#8217;escriptors catalans, una bibliografia tem\u00e0tica i una tria de webs relacionats.<\/td>\n<\/tr>\n<tr style=\"height: 136px;\">\n<td style=\"width: 25.2201%; height: 136px;\"><a href=\"https:\/\/llengua.gencat.cat\/ca\/serveis\/informacio_i_difusio\/publicacions_en_linia\/llegir_per_parlar#49--on-es-mequinensa\" target=\"_blank\" rel=\"noopener\"><img loading=\"lazy\" decoding=\"async\" class=\"wp-image-10163 aligncenter\" src=\"https:\/\/projectes.xtec.cat\/acollidasuport\/wp-content\/uploads\/usu2169\/2024\/10\/Autobiografies-linguistiques.-La-llengua-transitada-3-1-300x148.png\" alt=\"\" width=\"249\" height=\"123\" srcset=\"https:\/\/projectes.xtec.cat\/acollidasuport\/wp-content\/uploads\/usu2169\/2024\/10\/Autobiografies-linguistiques.-La-llengua-transitada-3-1-300x148.png 300w, https:\/\/projectes.xtec.cat\/acollidasuport\/wp-content\/uploads\/usu2169\/2024\/10\/Autobiografies-linguistiques.-La-llengua-transitada-3-1.png 406w\" sizes=\"auto, (max-width: 249px) 100vw, 249px\" \/><\/a><\/td>\n<td style=\"width: 74.7799%; height: 136px;\">\n<h4><strong><a href=\"https:\/\/llengua.gencat.cat\/ca\/serveis\/informacio_i_difusio\/publicacions_en_linia\/llegir_per_parlar\" target=\"_blank\" rel=\"noopener\">LLEGIR PER PARLAR, LLEGIR PER APRENDRE<\/a><\/strong><\/h4>\n<p><span style=\"font-weight: 400;\">Material que t\u00e9 la finalitat de refor\u00e7ar l\u2019aprenentatge i l\u2019\u00fas de la llengua a trav\u00e9s de la lectura. Consta d\u2019una guia did\u00e0ctica i 40 fulls que proposen activitats de conversa a partir de la lectura de textos reals de tipologia diversa.<\/span><\/td>\n<\/tr>\n<tr style=\"height: 121px;\">\n<td style=\"width: 25.2201%; height: 121px;\"><a href=\"https:\/\/www.ub.edu\/guia-conversa\/index.php\" target=\"_blank\" rel=\"noopener\"><img decoding=\"async\" class=\"aligncenter\" src=\"https:\/\/www.ub.edu\/guia-conversa\/novesimatges\/p_coleccio.gif\" alt=\"Col\u00b7lecci\u00f3 de Guies de Conversa Universit\u00e0ria\" \/><\/a><\/td>\n<td style=\"width: 74.7799%; height: 121px;\">\n<h4><strong><a href=\"https:\/\/www.ub.edu\/guia-conversa\/index.php\" target=\"_blank\" rel=\"noopener\">INTERCAT<\/a><\/strong><\/h4>\n<p><span style=\"font-weight: 400;\">La Guia de conversa universit\u00e0ria \u00e9s un recurs que permet escoltar el vocabulari i les frases m\u00e9s encertades per una bona comunicaci\u00f3 quotidiana. La guia es pot consultar en tres lleng\u00fces a la vegada.<\/span><\/td>\n<\/tr>\n<tr style=\"height: 32px;\">\n<td style=\"width: 25.2201%; height: 32px;\"><a href=\"https:\/\/merli.xtec.cat\/merli\/cerca\/fitxaRecurs.jsp?idRecurs=\/54978\" target=\"_blank\" rel=\"noopener\"><img loading=\"lazy\" decoding=\"async\" class=\"size-medium wp-image-10166 aligncenter\" src=\"https:\/\/projectes.xtec.cat\/acollidasuport\/wp-content\/uploads\/usu2169\/2024\/10\/2024-10-29-4-300x154.png\" alt=\"\" width=\"300\" height=\"154\" srcset=\"https:\/\/projectes.xtec.cat\/acollidasuport\/wp-content\/uploads\/usu2169\/2024\/10\/2024-10-29-4-300x154.png 300w, https:\/\/projectes.xtec.cat\/acollidasuport\/wp-content\/uploads\/usu2169\/2024\/10\/2024-10-29-4-1024x525.png 1024w, https:\/\/projectes.xtec.cat\/acollidasuport\/wp-content\/uploads\/usu2169\/2024\/10\/2024-10-29-4-768x394.png 768w, https:\/\/projectes.xtec.cat\/acollidasuport\/wp-content\/uploads\/usu2169\/2024\/10\/2024-10-29-4.png 1409w\" sizes=\"auto, (max-width: 300px) 100vw, 300px\" \/><\/a><\/td>\n<td style=\"width: 74.7799%; height: 32px;\">\n<h4><strong><a href=\"https:\/\/merli.xtec.cat\/merli\/cerca\/fitxaRecurs.jsp?idRecurs=\/54978\" target=\"_blank\" rel=\"noopener\">CURS DE LLENGUA ORAL\u00a0<\/a><\/strong><\/h4>\n<p><span style=\"font-weight: 400;\">Conjunt de materials did\u00e0ctics dissenyats per a la formaci\u00f3 de persones adultes amb desconeixement de la llengua catalana, amb especial \u00e8mfasi a l\u2019ensenyament de la llengua oral.<\/span><\/td>\n<\/tr>\n<tr style=\"height: 58px;\">\n<td style=\"width: 25.2201%; height: 58px;\"><a href=\"http:\/\/www.xtec.cat\/~jpi\/index.htm\" target=\"_blank\" rel=\"noopener\"><img loading=\"lazy\" decoding=\"async\" class=\"alignleft size-medium wp-image-10171\" src=\"https:\/\/projectes.xtec.cat\/acollidasuport\/wp-content\/uploads\/usu2169\/2024\/10\/Captura-de-pantalla-2024-10-29-135232-300x142.png\" alt=\"\" width=\"300\" height=\"142\" srcset=\"https:\/\/projectes.xtec.cat\/acollidasuport\/wp-content\/uploads\/usu2169\/2024\/10\/Captura-de-pantalla-2024-10-29-135232-300x142.png 300w, https:\/\/projectes.xtec.cat\/acollidasuport\/wp-content\/uploads\/usu2169\/2024\/10\/Captura-de-pantalla-2024-10-29-135232-1024x486.png 1024w, https:\/\/projectes.xtec.cat\/acollidasuport\/wp-content\/uploads\/usu2169\/2024\/10\/Captura-de-pantalla-2024-10-29-135232-768x365.png 768w, https:\/\/projectes.xtec.cat\/acollidasuport\/wp-content\/uploads\/usu2169\/2024\/10\/Captura-de-pantalla-2024-10-29-135232.png 1173w\" sizes=\"auto, (max-width: 300px) 100vw, 300px\" \/><\/a><\/td>\n<td style=\"width: 74.7799%; height: 58px;\">\n<h4><strong><a href=\"http:\/\/www.xtec.cat\/~jpi\/index.htm\" target=\"_blank\" rel=\"noopener\">PRONUNCIEM<\/a><\/strong><\/h4>\n<p><span style=\"font-weight: 400;\">Aquest projecte desenvolupa una s\u00e8rie d\u2019activitats did\u00e0ctiques interactives adre\u00e7ades a introduir l\u2019alumnat nouvingut d\u2019ensenyament secundari en la pron\u00fancia b\u00e0sica del catal\u00e0 central<\/span><\/td>\n<\/tr>\n<tr style=\"height: 32px;\">\n<td style=\"width: 25.2201%; height: 32px;\"><a href=\"https:\/\/dixit.gencat.cat\/ca\/detalls\/Article\/oralpha_metode_alfabetitzacio_catala\" target=\"_blank\" rel=\"noopener\"><img loading=\"lazy\" decoding=\"async\" class=\"aligncenter\" src=\"https:\/\/blogger.googleusercontent.com\/img\/a\/AVvXsEjvgckyabc7NESyIalWRKRmjL2Z1c6do00wL8mW-Ppvwef1R7amjLv06mnmpgiPDLp-CYdBD78dXzJw-qpyMa87YjaMvleW2VOu6sJNdML6jgCP_Zx-4lqxgs7fDcfcEWkvNv6R-8XMjg_T_uLSIRjpDTsOT9RgZPIkaDeVpwhMVVO3Gg4839Ly2wcQ=s320\" alt=\"TOT PER A L'AULA D'ACOLLIDA: ORALPHA\" width=\"214\" height=\"150\" \/><\/a><\/td>\n<td style=\"width: 74.7799%; height: 32px;\">\n<h4><a href=\"https:\/\/dixit.gencat.cat\/ca\/detalls\/Article\/oralpha_metode_alfabetitzacio_catala\" target=\"_blank\" rel=\"noopener\">ORALPHA<\/a><\/h4>\n<p><span style=\"font-weight: 400;\">M\u00e8tode d\u2019alfabetitzaci\u00f3 que facilita l\u2019aprenentatge oral de la llengua d\u2019acollida, la lectura i l\u2019escriptura de les persones nouvingudes. Es composa d\u2019una guia did\u00e0ctica i d\u2019un llibre d\u2019activitats estructurats en 10 temes sobre diverses q\u00fcestions de la vida di\u00e0ria.<\/span><\/td>\n<\/tr>\n<tr style=\"height: 32px;\">\n<td style=\"width: 25.2201%; height: 32px;\"><a href=\"https:\/\/llengua.gencat.cat\/ca\/serveis\/informacio_i_difusio\/publicacions_en_linia\/parlem_tu_i_jo_col\/\" target=\"_blank\" rel=\"noopener\"><img loading=\"lazy\" decoding=\"async\" class=\" wp-image-10159 aligncenter\" src=\"https:\/\/projectes.xtec.cat\/acollidasuport\/wp-content\/uploads\/usu2169\/2024\/10\/parlem_pompeu_fabra_9-1.jpg\" alt=\"\" width=\"206\" height=\"151\" \/><\/a><\/td>\n<td style=\"width: 74.7799%; height: 32px;\">\n<h4><strong><a href=\"https:\/\/llengua.gencat.cat\/ca\/serveis\/informacio_i_difusio\/publicacions_en_linia\/parlem_tu_i_jo_col\/\" target=\"_blank\" rel=\"noopener\">PARLEM TU I JO\u00a0<\/a><\/strong><\/h4>\n<p>La col\u00b7lecci\u00f3 &#8220;Parlem Tu i Jo&#8221; t\u00e9 l\u2019objectiu facilitar el di\u00e0leg i la conversa entre els aprenents de catal\u00e0. La tem\u00e0tica \u00e9s diversa, ja que trobem publicacions que parlen de l\u2019esport, de la fam\u00edlia, de la diversitat religiosa, o b\u00e9 de la figura del Mestre Pompeu Fabra.<\/td>\n<\/tr>\n<tr style=\"height: 32px;\">\n<td style=\"width: 25.2201%; height: 32px;\"><a href=\"https:\/\/merli.xtec.cat\/merli\/cerca\/fitxaRecurs.jsp?idRecurs=\/56076&amp;sheetId=null&amp;nomUsuari=null&amp;inxtec=0\" target=\"_blank\" rel=\"noopener\"><img loading=\"lazy\" decoding=\"async\" class=\"wp-image-10165 aligncenter\" src=\"https:\/\/projectes.xtec.cat\/acollidasuport\/wp-content\/uploads\/usu2169\/2024\/10\/7122kZ58PoL._AC_UF8941000_QL80_-267x300.jpg\" alt=\"\" width=\"115\" height=\"129\" srcset=\"https:\/\/projectes.xtec.cat\/acollidasuport\/wp-content\/uploads\/usu2169\/2024\/10\/7122kZ58PoL._AC_UF8941000_QL80_-267x300.jpg 267w, https:\/\/projectes.xtec.cat\/acollidasuport\/wp-content\/uploads\/usu2169\/2024\/10\/7122kZ58PoL._AC_UF8941000_QL80_-768x862.jpg 768w, https:\/\/projectes.xtec.cat\/acollidasuport\/wp-content\/uploads\/usu2169\/2024\/10\/7122kZ58PoL._AC_UF8941000_QL80_.jpg 786w\" sizes=\"auto, (max-width: 115px) 100vw, 115px\" \/><\/a><\/td>\n<td style=\"width: 74.7799%; height: 32px;\">\n<h4><a href=\"https:\/\/merli.xtec.cat\/merli\/cerca\/fitxaRecurs.jsp?idRecurs=\/56076&amp;sheetId=null&amp;nomUsuari=null&amp;inxtec=0\" target=\"_blank\" rel=\"noopener\">156 ACTIVITATS PER PARLAR CATAL\u00c0<\/a><\/h4>\n<p><span style=\"font-weight: 400;\">Ple de suggeriments pr\u00e0ctics que poden ser \u00fatils per a tots els mestres i professors que volen fer pr\u00e0ctiques de catal\u00e0 parlat als seus alumnes.<\/span><\/td>\n<\/tr>\n<tr style=\"height: 32px;\">\n<td style=\"width: 25.2201%; height: 46px;\"><a href=\"https:\/\/merli.xtec.cat\/merli\/cerca\/fitxaRecurs.jsp?idRecurs=\/62510&amp;sheetId=&amp;nomUsuari=null&amp;inxtec=0\" target=\"_blank\" rel=\"noopener\"><img loading=\"lazy\" decoding=\"async\" class=\"aligncenter\" src=\"https:\/\/www.abacus.coop\/dw\/image\/v2\/BDLM_PRD\/on\/demandware.static\/-\/Sites-AbacusMaster\/default\/dw0552e3be\/images\/large\/107408.46.jpg?sw=740\" alt=\"On \u00e9s l'Ona? - Abacus Online\" width=\"118\" height=\"167\" \/><\/a><\/td>\n<td style=\"width: 74.7799%; height: 46px;\">\n<h4><strong><a href=\"https:\/\/merli.xtec.cat\/merli\/cerca\/fitxaRecurs.jsp?idRecurs=\/62510&amp;sheetId=&amp;nomUsuari=null&amp;inxtec=0\">ON \u00c9S L\u2019ONA? <\/a><\/strong><\/h4>\n<p><span style=\"font-weight: 400;\">Es tracta d\u2019una hist\u00f2ria completa sobre la desaparici\u00f3 d&#8217;una cantant de rock on l&#8217;alumnat hi entra com a observador de les perip\u00e8cies dels personatges i participant en la investigaci\u00f3, les quals creen multitud de situacions expressives quotidianes i jocs per refor\u00e7ar la llengua oral. Tamb\u00e9 consta amb il\u00b7lustracions o textos, per la qual cosa es potencien el treball de comprensi\u00f3 lectora i expressiva.<\/span><\/td>\n<\/tr>\n<tr style=\"height: 58px;\">\n<td style=\"width: 25.2201%; height: 58px;\"><a href=\"https:\/\/llengua.gencat.cat\/ca\/serveis\/informacio_i_difusio\/publicacions_en_linia\/viure_a_catalunya_col\" target=\"_blank\" rel=\"noopener\"><img loading=\"lazy\" decoding=\"async\" class=\"wp-image-10172 aligncenter\" src=\"https:\/\/projectes.xtec.cat\/acollidasuport\/wp-content\/uploads\/usu2169\/2024\/10\/Captura-de-pantalla-2024-10-29-140233-276x300.png\" alt=\"\" width=\"149\" height=\"162\" srcset=\"https:\/\/projectes.xtec.cat\/acollidasuport\/wp-content\/uploads\/usu2169\/2024\/10\/Captura-de-pantalla-2024-10-29-140233-276x300.png 276w, https:\/\/projectes.xtec.cat\/acollidasuport\/wp-content\/uploads\/usu2169\/2024\/10\/Captura-de-pantalla-2024-10-29-140233.png 627w\" sizes=\"auto, (max-width: 149px) 100vw, 149px\" \/><\/a><\/td>\n<td style=\"width: 74.7799%; height: 58px;\">\n<h4><strong><a href=\"https:\/\/llengua.gencat.cat\/ca\/serveis\/informacio_i_difusio\/publicacions_en_linia\/viure_a_catalunya_col\" target=\"_blank\" rel=\"noopener\">VIURE A CATALUNYA<\/a><\/strong><\/h4>\n<p><span style=\"font-weight: 400;\">Materials did\u00e0ctics destinats tant a aprenents com a professors de catal\u00e0 de l&#8217;\u00e0mbit de l&#8217;acolliment ling\u00fc\u00edstic. S\u00f3n materials per treballar el llenguatge en situacions comunicatives de la vida quotidiana.<\/span><\/td>\n<\/tr>\n<tr style=\"height: 32px;\">\n<td style=\"width: 25.2201%; height: 32px;\"><a href=\"https:\/\/llengua.gencat.cat\/ca\/serveis\/informacio_i_difusio\/publicacions_en_linia\/aprenem_catala_des_de_col\" target=\"_blank\" rel=\"noopener\"><img loading=\"lazy\" decoding=\"async\" class=\"aligncenter\" src=\"https:\/\/llengua.gencat.cat\/web\/.content\/documents\/publicacions\/arab-aprendre\/portada_general.jpg_1611376811.jpg\" alt=\"Vire a Catalunya. Aprenem catal\u00e0 des de l'arab\" width=\"166\" height=\"170\" \/><\/a><\/td>\n<td style=\"width: 74.7799%; height: 32px;\">\n<h4><a href=\"https:\/\/llengua.gencat.cat\/ca\/serveis\/informacio_i_difusio\/publicacions_en_linia\/aprenem_catala_des_de_col\" target=\"_blank\" rel=\"noopener\">VIURE A CATALUNYA. APRENEM CATAL\u00c0 DES DE&#8230;<\/a><\/h4>\n<p><span style=\"font-weight: 400;\">La col\u00b7lecci\u00f3 &#8220;Aprenem catal\u00e0 des de&#8230;&#8221; proporciona un primer contacte amb la llengua catalana, alhora que permet entendre i practicar frases quotidianes, tot facilitant les comunicacions amb la societat d&#8217;acollida. Les lleng\u00fces disponibles s\u00f3n l\u2019angl\u00e8s, l\u2019amazic, l\u2019\u00e0rab, l\u2019espanyol, el franc\u00e8s, el panjabi, el roman\u00e8s, el rus, l\u2019urd\u00fa i el xin\u00e8s.<\/span><\/td>\n<\/tr>\n<tr style=\"height: 32px;\">\n<td style=\"width: 25.2201%; height: 32px;\"><a href=\"https:\/\/xtec.gencat.cat\/ca\/projectes\/plurilinguisme\/metodologies\/tilc\/immersiolinguistica\/enrolat\/index.html\" target=\"_blank\" rel=\"noopener\"><img loading=\"lazy\" decoding=\"async\" class=\"aligncenter\" src=\"https:\/\/xtec.gencat.cat\/web\/.content\/projectes\/plurilinguisme\/Accions-llengues\/llengues\/catala\/immersio\/enrolat\/imatges\/553x553-enrolat.jpg_1595044798.jpg\" alt=\"\" width=\"155\" height=\"155\" \/><\/a><\/td>\n<td style=\"width: 74.7799%; height: 32px;\">\n<h4><strong><a href=\"https:\/\/xtec.gencat.cat\/ca\/projectes\/plurilinguisme\/metodologies\/tilc\/immersiolinguistica\/enrolat\/index.html\" target=\"_blank\" rel=\"noopener\">ENROLA\u2019T\u00a0<\/a><\/strong><\/h4>\n<p><span style=\"font-weight: 400;\">\u00c9s un recurs tant per a l\u2019alumnat com per al professorat per treballar la llengua oral a l\u2019escola. Aplega un recull de situacions comunicatives amb la finalitat de fomentar la interacci\u00f3 entre els alumnes. La t\u00e8cnica utilitzada \u00e9s el joc de rol, tamb\u00e9 anomenat role-playing o representaci\u00f3 de papers. <\/span><\/td>\n<\/tr>\n<tr style=\"height: 32px;\">\n<td style=\"width: 25.2201%; height: 32px;\"><a href=\"https:\/\/www.alber.cat\/llibres\/xerrim_xerram\" target=\"_blank\" rel=\"noopener\"><img loading=\"lazy\" decoding=\"async\" class=\"aligncenter\" src=\"https:\/\/imagessl7.casadellibro.com\/a\/l\/s5\/57\/9788496248557.webp\" alt=\"XERRIM-XERRAM. ACTIVITATS PER A L&quot;ADQUISICI\u00d3 DE VOCABULARI con ISBN 9788496248557 | Casa del Libro\" width=\"105\" height=\"145\" \/><\/a><\/td>\n<td style=\"width: 74.7799%; height: 32px;\">\n<h4><strong><a href=\"https:\/\/www.alber.cat\/llibres\/xerrim_xerram\">XERRIM-XERRAM<\/a><\/strong><\/h4>\n<p><span style=\"font-weight: 400;\">Activitats per a l&#8217;adquisici\u00f3 de vocabulari. Material que planteja un treball b\u00e0sicament oral mitjan\u00e7ant activitats de reconeixement, repetici\u00f3 i producci\u00f3 de vocabulari en una fase inicial d&#8217;aprenentatge de la llengua. Tamb\u00e9 pot ser usat per activitats de refor\u00e7, ampliaci\u00f3 i consolidaci\u00f3 de vocabulari.<\/span><\/td>\n<\/tr>\n<tr style=\"height: 32px;\">\n<td style=\"width: 25.2201%; height: 32px;\"><a href=\"https:\/\/fundaciobofill.cat\/uploads\/docs\/l\/4\/j\/o\/o\/3\/j\/x\/o\/xarranca_150416.pdf\" target=\"_blank\" rel=\"noopener\"><img loading=\"lazy\" decoding=\"async\" class=\"wp-image-10203 aligncenter\" src=\"https:\/\/projectes.xtec.cat\/acollidasuport\/wp-content\/uploads\/usu2169\/2024\/11\/Captura-de-pantalla-2024-11-19-142533-219x300.png\" alt=\"\" width=\"107\" height=\"147\" srcset=\"https:\/\/projectes.xtec.cat\/acollidasuport\/wp-content\/uploads\/usu2169\/2024\/11\/Captura-de-pantalla-2024-11-19-142533-219x300.png 219w, https:\/\/projectes.xtec.cat\/acollidasuport\/wp-content\/uploads\/usu2169\/2024\/11\/Captura-de-pantalla-2024-11-19-142533.png 427w\" sizes=\"auto, (max-width: 107px) 100vw, 107px\" \/><\/a><\/td>\n<td style=\"width: 74.7799%; height: 32px;\">\n<h4><strong><a href=\"https:\/\/fundaciobofill.cat\/uploads\/docs\/l\/4\/j\/o\/o\/3\/j\/x\/o\/xarranca_150416.pdf\">XARRANCA<\/a><\/strong><\/h4>\n<p><span style=\"font-weight: 400;\">Jocs per a l\u2019aprenentatge del catal\u00e0 oral per a nouvinguts a trav\u00e9s de situacions reals. <\/span><\/td>\n<\/tr>\n<\/tbody>\n<\/table>\n<p>&nbsp;<\/p>\n<p>&nbsp;<\/p>\n","protected":false},"excerpt":{"rendered":"<p>Aquesta p\u00e0gina est\u00e0 dedicada a oferir recursos, tant a l&#8217;alumnat com al docent, espec\u00edficament seleccionats per afavorir l&#8217;ensenyament-aprenentatge de l&#8217;\u00e0mbit oral, amb l&#8217;objectiu de desenvolupar les habilitats de comprensi\u00f3 oral i expressi\u00f3 oral. Aquests materials estan pensats per a alumnat nouvingut, que est\u00e0 iniciant el&hellip;  <a href=\"https:\/\/projectes.xtec.cat\/acollidasuport\/materials-per-a-la-comprensio-i-expressio-oral\/\" title=\"Read Materials: comprensi\u00f3 i expressi\u00f3 oral\">Llegeix m\u00e9s\u00bb<\/a><\/p>\n","protected":false},"author":1,"featured_media":0,"parent":0,"menu_order":0,"comment_status":"closed","ping_status":"closed","template":"","meta":{"_bbp_topic_count":0,"_bbp_reply_count":0,"_bbp_total_topic_count":0,"_bbp_total_reply_count":0,"_bbp_voice_count":0,"_bbp_anonymous_reply_count":0,"_bbp_topic_count_hidden":0,"_bbp_reply_count_hidden":0,"_bbp_forum_subforum_count":0,"footnotes":""},"class_list":["post-10136","page","type-page","status-publish","hentry"],"post_mailing_queue_ids":[],"_links":{"self":[{"href":"https:\/\/projectes.xtec.cat\/acollidasuport\/wp-json\/wp\/v2\/pages\/10136","targetHints":{"allow":["GET"]}}],"collection":[{"href":"https:\/\/projectes.xtec.cat\/acollidasuport\/wp-json\/wp\/v2\/pages"}],"about":[{"href":"https:\/\/projectes.xtec.cat\/acollidasuport\/wp-json\/wp\/v2\/types\/page"}],"author":[{"embeddable":true,"href":"https:\/\/projectes.xtec.cat\/acollidasuport\/wp-json\/wp\/v2\/users\/1"}],"replies":[{"embeddable":true,"href":"https:\/\/projectes.xtec.cat\/acollidasuport\/wp-json\/wp\/v2\/comments?post=10136"}],"version-history":[{"count":7,"href":"https:\/\/projectes.xtec.cat\/acollidasuport\/wp-json\/wp\/v2\/pages\/10136\/revisions"}],"predecessor-version":[{"id":10428,"href":"https:\/\/projectes.xtec.cat\/acollidasuport\/wp-json\/wp\/v2\/pages\/10136\/revisions\/10428"}],"wp:attachment":[{"href":"https:\/\/projectes.xtec.cat\/acollidasuport\/wp-json\/wp\/v2\/media?parent=10136"}],"curies":[{"name":"wp","href":"https:\/\/api.w.org\/{rel}","templated":true}]}}