{"id":8421,"date":"2020-10-13T13:06:18","date_gmt":"2020-10-13T11:06:18","guid":{"rendered":"https:\/\/projectes.xtec.cat\/agroecologia\/?page_id=8421"},"modified":"2020-10-13T19:52:52","modified_gmt":"2020-10-13T17:52:52","slug":"centres-educatius","status":"publish","type":"page","link":"https:\/\/projectes.xtec.cat\/agroecologia\/centres-educatius\/","title":{"rendered":"Centres educatius"},"content":{"rendered":"<p>Ens agradaria saber qu\u00e8 feu al vostre centre relacionat amb l&#8217;agroecologia. La manera m\u00e9s senzilla \u00e9s que publiqueu una noticia a la vostra web de centre (preferiblement <a href=\"https:\/\/agora.xtec.cat\/nodes\">NODES<\/a>) inclouent un text al final de l\u2019article que digui<strong> #agroecologiaescolar .<\/strong>Tots els articles es visualitzaran en la seg\u00fcent Sinapsi:<br \/>\n<iframe height=\"500\" style=\"display: block; width: 100%; border: none\" src=\"https:\/\/sinapsi.xtec.cat\/ca\/embed\/?search-box=false&#038;synapse=agroecologia&#038;section=everything&#038;view=optimal\"><\/iframe><\/p>\n","protected":false},"excerpt":{"rendered":"<p>Ens agradaria saber qu\u00e8 feu al vostre centre relacionat amb l&#8217;agroecologia. La manera m\u00e9s senzilla \u00e9s que publiqueu una noticia a la vostra web de centre (preferiblement <a href=\"https:\/\/agora.xtec.cat\/nodes\">NODES<\/a>) inclouent un text al final de l\u2019article que digui #agroecologiaescolar .Tots els articles es visualitzaran en&hellip;  <a href=\"https:\/\/projectes.xtec.cat\/agroecologia\/centres-educatius\/\" title=\"Read Centres educatius\">Llegeix m\u00e9s\u00bb<\/a><\/p>\n","protected":false},"author":12,"featured_media":0,"parent":0,"menu_order":0,"comment_status":"closed","ping_status":"closed","template":"","meta":{"_bbp_topic_count":0,"_bbp_reply_count":0,"_bbp_total_topic_count":0,"_bbp_total_reply_count":0,"_bbp_voice_count":0,"_bbp_anonymous_reply_count":0,"_bbp_topic_count_hidden":0,"_bbp_reply_count_hidden":0,"_bbp_forum_subforum_count":0,"footnotes":""},"class_list":["post-8421","page","type-page","status-publish","hentry"],"post_mailing_queue_ids":[],"_links":{"self":[{"href":"https:\/\/projectes.xtec.cat\/agroecologia\/wp-json\/wp\/v2\/pages\/8421","targetHints":{"allow":["GET"]}}],"collection":[{"href":"https:\/\/projectes.xtec.cat\/agroecologia\/wp-json\/wp\/v2\/pages"}],"about":[{"href":"https:\/\/projectes.xtec.cat\/agroecologia\/wp-json\/wp\/v2\/types\/page"}],"author":[{"embeddable":true,"href":"https:\/\/projectes.xtec.cat\/agroecologia\/wp-json\/wp\/v2\/users\/12"}],"replies":[{"embeddable":true,"href":"https:\/\/projectes.xtec.cat\/agroecologia\/wp-json\/wp\/v2\/comments?post=8421"}],"version-history":[{"count":3,"href":"https:\/\/projectes.xtec.cat\/agroecologia\/wp-json\/wp\/v2\/pages\/8421\/revisions"}],"predecessor-version":[{"id":8466,"href":"https:\/\/projectes.xtec.cat\/agroecologia\/wp-json\/wp\/v2\/pages\/8421\/revisions\/8466"}],"wp:attachment":[{"href":"https:\/\/projectes.xtec.cat\/agroecologia\/wp-json\/wp\/v2\/media?parent=8421"}],"curies":[{"name":"wp","href":"https:\/\/api.w.org\/{rel}","templated":true}]}}