{"id":11284,"date":"2024-09-10T09:15:22","date_gmt":"2024-09-10T07:15:22","guid":{"rendered":"https:\/\/projectes.xtec.cat\/alumnat\/?post_type=formacio&#038;p=11284"},"modified":"2026-04-27T10:04:26","modified_gmt":"2026-04-27T08:04:26","slug":"iniciacio-i-actualitzacio-en-lorientacio-educativa","status":"publish","type":"formacio","link":"https:\/\/projectes.xtec.cat\/alumnat\/formacio\/iniciacio-i-actualitzacio-en-lorientacio-educativa\/","title":{"rendered":"Iniciaci\u00f3 i actualitzaci\u00f3 en l&#8217;orientaci\u00f3 educativa"},"content":{"rendered":"\n<div class=\"wp-block-columns is-layout-flex wp-container-core-columns-is-layout-1 wp-block-columns-is-layout-flex\">\n<div class=\"wp-block-column is-layout-flow wp-block-column-is-layout-flow\">\n<p>Data Inici<\/p>\n\n\n\n<h3 class=\"wp-block-heading\">01\/07\/26<\/h3>\n<\/div>\n\n\n\n<div class=\"wp-block-column is-layout-flow wp-block-column-is-layout-flow\" style=\"flex-basis:250px\">\n<p>Data Fi<\/p>\n\n\n\n<h3 class=\"wp-block-heading\">07\/07\/26<\/h3>\n<\/div>\n\n\n\n<div class=\"wp-block-column is-layout-flow wp-block-column-is-layout-flow\" style=\"flex-basis:250px\">\n<p>Durada de la formaci\u00f3<\/p>\n\n\n\n<h3 class=\"wp-block-heading\">15h<\/h3>\n<\/div>\n\n\n\n<div class=\"wp-block-column is-layout-flow wp-block-column-is-layout-flow\" style=\"flex-basis:200px\">\n<p>Format<\/p>\n\n\n\n<h6 class=\"wp-block-heading has-text-align-center has-white-color has-vivid-green-cyan-background-color has-text-color has-background\" style=\"padding-top:var(--wp--preset--spacing--30);padding-right:var(--wp--preset--spacing--50);padding-bottom:var(--wp--preset--spacing--30);padding-left:var(--wp--preset--spacing--50)\">En l\u00ednia mixt<\/h6>\n<\/div>\n<\/div>\n\n\n\n<div style=\"height:100px\" aria-hidden=\"true\" class=\"wp-block-spacer\"><\/div>\n\n\n\n<div class=\"wp-block-columns is-layout-flex wp-container-core-columns-is-layout-2 wp-block-columns-is-layout-flex\">\n<div class=\"wp-block-column is-layout-flow wp-block-column-is-layout-flow\" style=\"flex-basis:100%\">\n<h2 class=\"wp-block-heading\">Descripci\u00f3<\/h2>\n\n\n\n<p>Formaci\u00f3 que pret\u00e9n recordar i actualitzar els coneixements te\u00f2rics b\u00e0sics sobre orientaci\u00f3 educativa perqu\u00e8 els i les docents de l\u2019especialitat d\u2019orientaci\u00f3 educativa coneguin i emprin els recursos, les estrat\u00e8gies i els suports m\u00e9s adients per acompanyar l\u2019alumnat en el desenvolupament personal, social, acad\u00e8mic i professional, a les seves fam\u00edlies i als equips docents<\/p>\n<\/div>\n\n\n\n<div class=\"wp-block-column is-layout-flow wp-block-column-is-layout-flow\" style=\"flex-basis:100%\">\n<h2 class=\"wp-block-heading\">Continguts<\/h2>\n\n\n\n<ul class=\"wp-block-list\">\n<li>Concepte d\u2019orientaci\u00f3 educativa<\/li>\n\n\n\n<li>Principis, models i \u00e0mbits d\u2019orientaci\u00f3 educativa<\/li>\n\n\n\n<li>Orientaci\u00f3 al centre i en xarxa<\/li>\n\n\n\n<li>Estrat\u00e8gies i recursos per a l\u2019orientaci\u00f3 personal i social<\/li>\n\n\n\n<li>Estrat\u00e8gies i recursos per a l\u2019orientaci\u00f3 acad\u00e8mica i professional<\/li>\n<\/ul>\n<\/div>\n<\/div>\n\n\n\n<div style=\"height:100px\" aria-hidden=\"true\" class=\"wp-block-spacer\"><\/div>\n\n\n\n<div class=\"wp-block-columns is-layout-flex wp-container-core-columns-is-layout-3 wp-block-columns-is-layout-flex\">\n<div class=\"wp-block-column is-layout-flow wp-block-column-is-layout-flow\" style=\"flex-basis:100%\">\n<h2 class=\"wp-block-heading\">Objectius<\/h2>\n\n\n\n<ul class=\"wp-block-list\">\n<li>Situar el marc conceptual i normatiu de l\u2019orientaci\u00f3\u202f educativa<\/li>\n\n\n\n<li>Con\u00e8ixer els documents de gesti\u00f3 i d\u2019organitzaci\u00f3 interna per desenvolupar l\u2019orientaci\u00f3 al centre educatiu<\/li>\n\n\n\n<li>Considerar els serveis educatius i les seves funcions per facilitar el treball en xarxa<\/li>\n\n\n\n<li>Disposar d\u2019estrat\u00e8gies i recursos per a l\u2019orientaci\u00f3 personal, social, acad\u00e8mica i professional per acompanyar a l\u2019alumnat al llarg de la seva escolaritzaci\u00f3.<\/li>\n\n\n\n<li>Compartir propostes did\u00e0ctiques per a l\u2019orientaci\u00f3 educativaI<\/li>\n<\/ul>\n<\/div>\n\n\n\n<div class=\"wp-block-column is-layout-flow wp-block-column-is-layout-flow\" style=\"flex-basis:100%\">\n<h2 class=\"wp-block-heading\">Requisits de certificaci\u00f3<\/h2>\n\n\n\n<p>Assist\u00e8ncia al 80% de les sessions i superaci\u00f3 de l\u2019activitat final<\/p>\n\n\n\n<h2 class=\"wp-block-heading\">Inscripcions<\/h2>\n\n\n\n<div class=\"wp-block-buttons is-layout-flex wp-block-buttons-is-layout-flex\">\n<div class=\"wp-block-button\"><a class=\"wp-block-button__link wp-element-button\" href=\"https:\/\/aplicacions.gestioeducativa.gencat.cat\/ords\/pls\/soloas\/pk_for_mod_ins.p_for_detall_activitat?p_header=Llista%20d%27activitats^pk_for_mod_ins.p_for_cons_activitats?p_tipus_act=ATO,OVM,IAOE%26p_totes=N%26p_inici=1%26p_excloure_crp_rec=F&amp;p_codi=9002650519&amp;p_curs=2025-2026&amp;p_excloure_crp_rec=F\">Accedir a les inscripcions<\/a><\/div>\n<\/div>\n<\/div>\n<\/div>\n\n\n\n<div style=\"height:100px\" aria-hidden=\"true\" class=\"wp-block-spacer\"><\/div>\n\n\n\n<div class=\"wp-block-columns is-layout-flex wp-container-core-columns-is-layout-4 wp-block-columns-is-layout-flex\">\n<div class=\"wp-block-column is-layout-flow wp-block-column-is-layout-flow\" style=\"flex-basis:100%\"><\/div>\n\n\n\n<div class=\"wp-block-column is-layout-flow wp-block-column-is-layout-flow\" style=\"flex-basis:100%\"><\/div>\n<\/div>\n\n\n\n<h3 class=\"wp-block-heading\"><\/h3>\n\n\n","protected":false},"featured_media":0,"template":"","format":[],"meta":{"site-sidebar-layout":"default","site-content-layout":"","ast-site-content-layout":"default","site-content-style":"default","site-sidebar-style":"default","ast-global-header-display":"","ast-banner-title-visibility":"","ast-main-header-display":"","ast-hfb-above-header-display":"","ast-hfb-below-header-display":"","ast-hfb-mobile-header-display":"","site-post-title":"","ast-breadcrumbs-content":"","ast-featured-img":"","footer-sml-layout":"","theme-transparent-header-meta":"","adv-header-id-meta":"","stick-header-meta":"","header-above-stick-meta":"","header-main-stick-meta":"","header-below-stick-meta":"","astra-migrate-meta-layouts":"set","ast-page-background-enabled":"default","ast-page-background-meta":{"desktop":{"background-color":"var(--ast-global-color-4)","background-image":"","background-repeat":"repeat","background-position":"center center","background-size":"auto","background-attachment":"scroll","background-type":"","background-media":"","overlay-type":"","overlay-color":"","overlay-opacity":"","overlay-gradient":""},"tablet":{"background-color":"","background-image":"","background-repeat":"repeat","background-position":"center center","background-size":"auto","background-attachment":"scroll","background-type":"","background-media":"","overlay-type":"","overlay-color":"","overlay-opacity":"","overlay-gradient":""},"mobile":{"background-color":"","background-image":"","background-repeat":"repeat","background-position":"center center","background-size":"auto","background-attachment":"scroll","background-type":"","background-media":"","overlay-type":"","overlay-color":"","overlay-opacity":"","overlay-gradient":""}},"ast-content-background-meta":{"desktop":{"background-color":"var(--ast-global-color-5)","background-image":"","background-repeat":"repeat","background-position":"center center","background-size":"auto","background-attachment":"scroll","background-type":"","background-media":"","overlay-type":"","overlay-color":"","overlay-opacity":"","overlay-gradient":""},"tablet":{"background-color":"var(--ast-global-color-5)","background-image":"","background-repeat":"repeat","background-position":"center center","background-size":"auto","background-attachment":"scroll","background-type":"","background-media":"","overlay-type":"","overlay-color":"","overlay-opacity":"","overlay-gradient":""},"mobile":{"background-color":"var(--ast-global-color-5)","background-image":"","background-repeat":"repeat","background-position":"center center","background-size":"auto","background-attachment":"scroll","background-type":"","background-media":"","overlay-type":"","overlay-color":"","overlay-opacity":"","overlay-gradient":""}}},"categories":[415,339],"etapa":[401,402,399,400],"rol":[394],"class_list":["post-11284","formacio","type-formacio","status-publish","hentry","category-ambits-de-lorientacio","category-orientacio","etapa-batxillerat","etapa-fp","etapa-primaria","etapa-secundaria","rol-docent"],"post_mailing_queue_ids":[],"_links":{"self":[{"href":"https:\/\/projectes.xtec.cat\/alumnat\/wp-json\/wp\/v2\/formacio\/11284","targetHints":{"allow":["GET"]}}],"collection":[{"href":"https:\/\/projectes.xtec.cat\/alumnat\/wp-json\/wp\/v2\/formacio"}],"about":[{"href":"https:\/\/projectes.xtec.cat\/alumnat\/wp-json\/wp\/v2\/types\/formacio"}],"wp:attachment":[{"href":"https:\/\/projectes.xtec.cat\/alumnat\/wp-json\/wp\/v2\/media?parent=11284"}],"wp:term":[{"taxonomy":"category","embeddable":true,"href":"https:\/\/projectes.xtec.cat\/alumnat\/wp-json\/wp\/v2\/categories?post=11284"},{"taxonomy":"etapa","embeddable":true,"href":"https:\/\/projectes.xtec.cat\/alumnat\/wp-json\/wp\/v2\/etapa?post=11284"},{"taxonomy":"format","embeddable":true,"href":"https:\/\/projectes.xtec.cat\/alumnat\/wp-json\/wp\/v2\/format?post=11284"},{"taxonomy":"rol","embeddable":true,"href":"https:\/\/projectes.xtec.cat\/alumnat\/wp-json\/wp\/v2\/rol?post=11284"}],"curies":[{"name":"wp","href":"https:\/\/api.w.org\/{rel}","templated":true}]}}

Iniciació i actualització en l&#8217;orientació educativa

<div class="wp-block-columns is-layout-flex wp-container-core-columns-is-layout-1 wp-block-columns-is-layout-flex">
<div class="wp-block-column is-layout-flow wp-block-column-is-layout-flow">
<p>Data Inici</p>



<h3 class="wp-block-heading">01/07/26</h3>
</div>



<div class="wp-block-column is-layout-flow wp-block-column-is-layout-flow" style="flex-basis:250px">
<p>Data Fi</p>



<h3 class="wp-block-heading">07/07/26</h3>
</div>



<div class="wp-block-column is-layout-flow wp-block-column-is-layout-flow" style="flex-basis:250px">
<p>Durada de la formació</p>



<h3 class="wp-block-heading">15h</h3>
</div>



<div class="wp-block-column is-layout-flow wp-block-column-is-layout-flow" style="flex-basis:200px">
<p>Format</p>



<h6 class="wp-block-heading has-text-align-center has-white-color has-vivid-green-cyan-background-color has-text-color has-background" style="padding-top:var(--wp--preset--spacing--30);padding-right:var(--wp--preset--spacing--50);padding-bottom:var(--wp--preset--spacing--30);padding-left:var(--wp--preset--spacing--50)">En línia mixt</h6>
</div>
</div>



<div style="height:100px" aria-hidden="true" class="wp-block-spacer"></div>



<div class="wp-block-columns is-layout-flex wp-container-core-columns-is-layout-2 wp-block-columns-is-layout-flex">
<div class="wp-block-column is-layout-flow wp-block-column-is-layout-flow" style="flex-basis:100%">
<h2 class="wp-block-heading">Descripció</h2>



<p>Formació que pretén recordar i actualitzar els coneixements teòrics bàsics sobre orientació educativa perquè els i les docents de l’especialitat d’orientació educativa coneguin i emprin els recursos, les estratègies i els suports més adients per acompanyar l’alumnat en el desenvolupament personal, social, acadèmic i professional, a les seves famílies i als equips docents</p>
</div>



<div class="wp-block-column is-layout-flow wp-block-column-is-layout-flow" style="flex-basis:100%">
<h2 class="wp-block-heading">Continguts</h2>



<ul class="wp-block-list">
<li>Concepte d’orientació educativa</li>



<li>Principis, models i àmbits d’orientació educativa</li>



<li>Orientació al centre i en xarxa</li>



<li>Estratègies i recursos per a l’orientació personal i social</li>



<li>Estratègies i recursos per a l’orientació acadèmica i professional</li>
</ul>
</div>
</div>



<div style="height:100px" aria-hidden="true" class="wp-block-spacer"></div>



<div class="wp-block-columns is-layout-flex wp-container-core-columns-is-layout-3 wp-block-columns-is-layout-flex">
<div class="wp-block-column is-layout-flow wp-block-column-is-layout-flow" style="flex-basis:100%">
<h2 class="wp-block-heading">Objectius</h2>



<ul class="wp-block-list">
<li>Situar el marc conceptual i normatiu de l’orientació  educativa</li>



<li>Conèixer els documents de gestió i d’organització interna per desenvolupar l’orientació al centre educatiu</li>



<li>Considerar els serveis educatius i les seves funcions per facilitar el treball en xarxa</li>



<li>Disposar d’estratègies i recursos per a l’orientació personal, social, acadèmica i professional per acompanyar a l’alumnat al llarg de la seva escolarització.</li>



<li>Compartir propostes didàctiques per a l’orientació educativaI</li>
</ul>
</div>



<div class="wp-block-column is-layout-flow wp-block-column-is-layout-flow" style="flex-basis:100%">
<h2 class="wp-block-heading">Requisits de certificació</h2>



<p>Assistència al 80% de les sessions i superació de l’activitat final</p>



<h2 class="wp-block-heading">Inscripcions</h2>



<div class="wp-block-buttons is-layout-flex wp-block-buttons-is-layout-flex">
<div class="wp-block-button"><a class="wp-block-button__link wp-element-button" href="https://aplicacions.gestioeducativa.gencat.cat/ords/pls/soloas/pk_for_mod_ins.p_for_detall_activitat?p_header=Llista%20d%27activitats^pk_for_mod_ins.p_for_cons_activitats?p_tipus_act=ATO,OVM,IAOE%26p_totes=N%26p_inici=1%26p_excloure_crp_rec=F&amp;p_codi=9002650519&amp;p_curs=2025-2026&amp;p_excloure_crp_rec=F">Accedir a les inscripcions</a></div>
</div>
</div>
</div>



<div style="height:100px" aria-hidden="true" class="wp-block-spacer"></div>



<div class="wp-block-columns is-layout-flex wp-container-core-columns-is-layout-4 wp-block-columns-is-layout-flex">
<div class="wp-block-column is-layout-flow wp-block-column-is-layout-flow" style="flex-basis:100%"></div>



<div class="wp-block-column is-layout-flow wp-block-column-is-layout-flow" style="flex-basis:100%"></div>
</div>



<h3 class="wp-block-heading"></h3>
