{"id":12406,"date":"2026-01-08T16:05:38","date_gmt":"2026-01-08T15:05:38","guid":{"rendered":"https:\/\/projectes.xtec.cat\/alumnat\/?post_type=formacio&#038;p=12406"},"modified":"2026-01-13T09:39:08","modified_gmt":"2026-01-13T08:39:08","slug":"abordatge-de-les-violencies-per-lgtiq-fobia-a-lambit-educatiu","status":"publish","type":"formacio","link":"https:\/\/projectes.xtec.cat\/alumnat\/formacio\/abordatge-de-les-violencies-per-lgtiq-fobia-a-lambit-educatiu\/","title":{"rendered":"Abordatge de les viol\u00e8ncies per LGTIQ+-f\u00f2bia a l&#8217;\u00e0mbit educatiu"},"content":{"rendered":"\n<p><\/p>\n\n\n\n<div class=\"wp-block-columns is-layout-flex wp-container-core-columns-is-layout-1 wp-block-columns-is-layout-flex\">\n<div class=\"wp-block-column is-layout-flow wp-block-column-is-layout-flow\">\n<p><strong>Data Inici<\/strong><\/p>\n\n\n\n<h3 class=\"wp-block-heading\">14\/04\/26<\/h3>\n<\/div>\n\n\n\n<div class=\"wp-block-column is-layout-flow wp-block-column-is-layout-flow\" style=\"flex-basis:250px\">\n<p><strong>Data Fi<\/strong><\/p>\n\n\n\n<h3 class=\"wp-block-heading\">19\/04\/26<\/h3>\n<\/div>\n\n\n\n<div class=\"wp-block-column is-layout-flow wp-block-column-is-layout-flow\" style=\"flex-basis:250px\">\n<p><strong>Durada de la formaci\u00f3<\/strong><\/p>\n\n\n\n<h3 class=\"wp-block-heading\">20h<\/h3>\n<\/div>\n\n\n\n<div class=\"wp-block-column is-layout-flow wp-block-column-is-layout-flow\" style=\"flex-basis:200px\">\n<p><strong>Format<\/strong><\/p>\n\n\n\n<h6 class=\"wp-block-heading has-text-align-center has-white-color has-vivid-green-cyan-background-color has-text-color has-background\" style=\"padding-top:var(--wp--preset--spacing--30);padding-right:var(--wp--preset--spacing--50);padding-bottom:var(--wp--preset--spacing--30);padding-left:var(--wp--preset--spacing--50)\">En l\u00ednia s\u00edncron <\/h6>\n<\/div>\n<\/div>\n\n\n\n<div style=\"height:45px\" aria-hidden=\"true\" class=\"wp-block-spacer\"><\/div>\n\n\n\n<div class=\"wp-block-columns is-layout-flex wp-container-core-columns-is-layout-2 wp-block-columns-is-layout-flex\">\n<div class=\"wp-block-column is-layout-flow wp-block-column-is-layout-flow\" style=\"flex-basis:100%\">\n<h2 class=\"wp-block-heading\">Descripci\u00f3<\/h2>\n\n\n\n<p>Horari de 16:30 a 19:30 h.<\/p>\n\n\n\n<p>Activitat formativa per la detecci\u00f3 i l&#8217;abordatge davant de les viol\u00e8ncies per LGBTI+- f\u00f2bia en l&#8217;\u00e0mbit escolar.<\/p>\n\n\n\n<p>En la formaci\u00f3 es realitzar\u00e0 una contextualitzaci\u00f3 inicial de les LGBTI+-f\u00f2bies, una presentaci\u00f3 de les principals eines i recursos per a la detecci\u00f3 i intervenci\u00f3 als espais educatius, aix\u00ed com una exemplificaci\u00f3 a trav\u00e9s de casos pr\u00e0ctics.<\/p>\n\n\n\n<p>La formaci\u00f3 est\u00e0 vinculada al Pla de Les escoles lliures de viol\u00e8ncia (Pla LELV).<\/p>\n<\/div>\n\n\n\n<div class=\"wp-block-column is-layout-flow wp-block-column-is-layout-flow\" style=\"flex-basis:100%\">\n<h2 class=\"wp-block-heading\">Continguts<\/h2>\n\n\n\n<ul class=\"wp-block-list\">\n<li>Contextualitzaci\u00f3 hist\u00f2rica i present de la realitat del col\u00b7lectiu LGBTI+.<\/li>\n\n\n\n<li>Teoria queer: conceptes i plantejament.<\/li>\n\n\n\n<li>Identitats hegem\u00f2niques de g\u00e8nere, dissid\u00e8ncies i c\u00e0stig.<\/li>\n\n\n\n<li>Assetjament per LGBTI+-f\u00f2bia: caracter\u00edstiques i dades b\u00e0siques.<\/li>\n\n\n\n<li>Eines i recursos d&#8217;aplicaci\u00f3 al centre educatiu.<\/li>\n\n\n\n<li>Aplicaci\u00f3 del Protocol de prevenci\u00f3, detecci\u00f3 i intervenci\u00f3 enfront l&#8217;assetjament escolar cap a persones LGBTI+.<\/li>\n<\/ul>\n<\/div>\n<\/div>\n\n\n\n<div style=\"height:45px\" aria-hidden=\"true\" class=\"wp-block-spacer\"><\/div>\n\n\n\n<div class=\"wp-block-columns is-layout-flex wp-container-core-columns-is-layout-3 wp-block-columns-is-layout-flex\">\n<div class=\"wp-block-column is-layout-flow wp-block-column-is-layout-flow\" style=\"flex-basis:100%\">\n<h2 class=\"wp-block-heading\">Objectius<\/h2>\n\n\n\n<ul class=\"wp-block-list\">\n<li>Dotar d&#8217;un marc te\u00f2ric b\u00e0sic i legal respecte a conceptes LGBTI+.<\/li>\n\n\n\n<li>Fomentar la detecci\u00f3 de les viol\u00e8ncies i l&#8217;assetjament per LGBTI+-f\u00f2bia dins de l&#8217;\u00e0mbit escolar.<\/li>\n\n\n\n<li>Promoure l&#8217;assumpci\u00f3 de responsabilitat des dels centres educatius per combatre les viol\u00e8ncies per LGBTI+-f\u00f2bia.<\/li>\n\n\n\n<li>Dotar de pautes i eines per l&#8217;abordatge de les viol\u00e8ncies i l&#8217;assetjament per motius LGBTI+-f\u00f2bics.<\/li>\n<\/ul>\n<\/div>\n\n\n\n<div class=\"wp-block-column is-layout-flow wp-block-column-is-layout-flow\" style=\"flex-basis:100%\">\n<h2 class=\"wp-block-heading\">Requisits de certificaci\u00f3<\/h2>\n\n\n\n<p>Assist\u00e8ncia a un m\u00ednim del 80% de les sessions presencials<br>de la formaci\u00f3 i registre d&#8217;assist\u00e8ncia degudament complimentat.. <\/p>\n\n\n\n<h2 class=\"wp-block-heading\">Inscripcions<\/h2>\n\n\n\n<div class=\"wp-block-buttons is-layout-flex wp-block-buttons-is-layout-flex\">\n<div class=\"wp-block-button\"><a class=\"wp-block-button__link wp-element-button\" href=\"https:\/\/aplicacions.gestioeducativa.gencat.cat\/ords\/pls\/soloas\/pk_for_mod_ins.p_for_detall_activitat?p_header=Llista%20d%27activitats^pk_for_mod_ins.p_for_cons_activitats?p_entitat=0517%26p_entitat_txt=Unitat%20de%20Suport%20a%20l%27Alumnat%20en%20situaci%C3%B3%20de%20Viol%C3%A8ncia%20USAV%20(USAV)%26p_totes=N%26p_inici=11%26p_excloure_crp_rec=T&amp;p_codi=9001210517&amp;p_curs=2025-2026&amp;p_es_inscr=S\" target=\"_blank\" rel=\"noreferrer noopener\">Accedir a les inscripcions<\/a><\/div>\n<\/div>\n<\/div>\n<\/div>\n\n\n\n<div style=\"height:100px\" aria-hidden=\"true\" class=\"wp-block-spacer\"><\/div>\n\n\n\n<div class=\"wp-block-columns is-layout-flex wp-container-core-columns-is-layout-4 wp-block-columns-is-layout-flex\">\n<div class=\"wp-block-column is-layout-flow wp-block-column-is-layout-flow\" style=\"flex-basis:100%\"><\/div>\n\n\n\n<div class=\"wp-block-column is-layout-flow wp-block-column-is-layout-flow\" style=\"flex-basis:100%\"><\/div>\n<\/div>\n","protected":false},"featured_media":0,"template":"","format":[411],"meta":{"site-sidebar-layout":"default","site-content-layout":"","ast-site-content-layout":"default","site-content-style":"default","site-sidebar-style":"default","ast-global-header-display":"","ast-banner-title-visibility":"","ast-main-header-display":"","ast-hfb-above-header-display":"","ast-hfb-below-header-display":"","ast-hfb-mobile-header-display":"","site-post-title":"","ast-breadcrumbs-content":"","ast-featured-img":"","footer-sml-layout":"","theme-transparent-header-meta":"","adv-header-id-meta":"","stick-header-meta":"","header-above-stick-meta":"","header-main-stick-meta":"","header-below-stick-meta":"","astra-migrate-meta-layouts":"set","ast-page-background-enabled":"default","ast-page-background-meta":{"desktop":{"background-color":"var(--ast-global-color-4)","background-image":"","background-repeat":"repeat","background-position":"center center","background-size":"auto","background-attachment":"scroll","background-type":"","background-media":"","overlay-type":"","overlay-color":"","overlay-opacity":"","overlay-gradient":""},"tablet":{"background-color":"","background-image":"","background-repeat":"repeat","background-position":"center center","background-size":"auto","background-attachment":"scroll","background-type":"","background-media":"","overlay-type":"","overlay-color":"","overlay-opacity":"","overlay-gradient":""},"mobile":{"background-color":"","background-image":"","background-repeat":"repeat","background-position":"center center","background-size":"auto","background-attachment":"scroll","background-type":"","background-media":"","overlay-type":"","overlay-color":"","overlay-opacity":"","overlay-gradient":""}},"ast-content-background-meta":{"desktop":{"background-color":"var(--ast-global-color-5)","background-image":"","background-repeat":"repeat","background-position":"center center","background-size":"auto","background-attachment":"scroll","background-type":"","background-media":"","overlay-type":"","overlay-color":"","overlay-opacity":"","overlay-gradient":""},"tablet":{"background-color":"var(--ast-global-color-5)","background-image":"","background-repeat":"repeat","background-position":"center center","background-size":"auto","background-attachment":"scroll","background-type":"","background-media":"","overlay-type":"","overlay-color":"","overlay-opacity":"","overlay-gradient":""},"mobile":{"background-color":"var(--ast-global-color-5)","background-image":"","background-repeat":"repeat","background-position":"center center","background-size":"auto","background-attachment":"scroll","background-type":"","background-media":"","overlay-type":"","overlay-color":"","overlay-opacity":"","overlay-gradient":""}}},"categories":[417,342],"etapa":[403,401,402,398,399,400],"rol":[414,394,397,396,395],"class_list":["post-12406","formacio","type-formacio","status-publish","hentry","category-pla-lelv","category-violencies","etapa-adults","etapa-batxillerat","etapa-fp","etapa-infantil","etapa-primaria","etapa-secundaria","format-mes-recursos","rol-coordinador","rol-docent","rol-equip-directiu","rol-orientador","rol-tutor"],"post_mailing_queue_ids":[],"_links":{"self":[{"href":"https:\/\/projectes.xtec.cat\/alumnat\/wp-json\/wp\/v2\/formacio\/12406","targetHints":{"allow":["GET"]}}],"collection":[{"href":"https:\/\/projectes.xtec.cat\/alumnat\/wp-json\/wp\/v2\/formacio"}],"about":[{"href":"https:\/\/projectes.xtec.cat\/alumnat\/wp-json\/wp\/v2\/types\/formacio"}],"wp:attachment":[{"href":"https:\/\/projectes.xtec.cat\/alumnat\/wp-json\/wp\/v2\/media?parent=12406"}],"wp:term":[{"taxonomy":"category","embeddable":true,"href":"https:\/\/projectes.xtec.cat\/alumnat\/wp-json\/wp\/v2\/categories?post=12406"},{"taxonomy":"etapa","embeddable":true,"href":"https:\/\/projectes.xtec.cat\/alumnat\/wp-json\/wp\/v2\/etapa?post=12406"},{"taxonomy":"format","embeddable":true,"href":"https:\/\/projectes.xtec.cat\/alumnat\/wp-json\/wp\/v2\/format?post=12406"},{"taxonomy":"rol","embeddable":true,"href":"https:\/\/projectes.xtec.cat\/alumnat\/wp-json\/wp\/v2\/rol?post=12406"}],"curies":[{"name":"wp","href":"https:\/\/api.w.org\/{rel}","templated":true}]}}

Abordatge de les violències per LGTIQ+-fòbia a l&#8217;àmbit educatiu

<p></p>



<div class="wp-block-columns is-layout-flex wp-container-core-columns-is-layout-1 wp-block-columns-is-layout-flex">
<div class="wp-block-column is-layout-flow wp-block-column-is-layout-flow">
<p><strong>Data Inici</strong></p>



<h3 class="wp-block-heading">14/04/26</h3>
</div>



<div class="wp-block-column is-layout-flow wp-block-column-is-layout-flow" style="flex-basis:250px">
<p><strong>Data Fi</strong></p>



<h3 class="wp-block-heading">19/04/26</h3>
</div>



<div class="wp-block-column is-layout-flow wp-block-column-is-layout-flow" style="flex-basis:250px">
<p><strong>Durada de la formació</strong></p>



<h3 class="wp-block-heading">20h</h3>
</div>



<div class="wp-block-column is-layout-flow wp-block-column-is-layout-flow" style="flex-basis:200px">
<p><strong>Format</strong></p>



<h6 class="wp-block-heading has-text-align-center has-white-color has-vivid-green-cyan-background-color has-text-color has-background" style="padding-top:var(--wp--preset--spacing--30);padding-right:var(--wp--preset--spacing--50);padding-bottom:var(--wp--preset--spacing--30);padding-left:var(--wp--preset--spacing--50)">En línia síncron </h6>
</div>
</div>



<div style="height:45px" aria-hidden="true" class="wp-block-spacer"></div>



<div class="wp-block-columns is-layout-flex wp-container-core-columns-is-layout-2 wp-block-columns-is-layout-flex">
<div class="wp-block-column is-layout-flow wp-block-column-is-layout-flow" style="flex-basis:100%">
<h2 class="wp-block-heading">Descripció</h2>



<p>Horari de 16:30 a 19:30 h.</p>



<p>Activitat formativa per la detecció i l&#8217;abordatge davant de les violències per LGBTI+- fòbia en l&#8217;àmbit escolar.</p>



<p>En la formació es realitzarà una contextualització inicial de les LGBTI+-fòbies, una presentació de les principals eines i recursos per a la detecció i intervenció als espais educatius, així com una exemplificació a través de casos pràctics.</p>



<p>La formació està vinculada al Pla de Les escoles lliures de violència (Pla LELV).</p>
</div>



<div class="wp-block-column is-layout-flow wp-block-column-is-layout-flow" style="flex-basis:100%">
<h2 class="wp-block-heading">Continguts</h2>



<ul class="wp-block-list">
<li>Contextualització històrica i present de la realitat del col·lectiu LGBTI+.</li>



<li>Teoria queer: conceptes i plantejament.</li>



<li>Identitats hegemòniques de gènere, dissidències i càstig.</li>



<li>Assetjament per LGBTI+-fòbia: característiques i dades bàsiques.</li>



<li>Eines i recursos d&#8217;aplicació al centre educatiu.</li>



<li>Aplicació del Protocol de prevenció, detecció i intervenció enfront l&#8217;assetjament escolar cap a persones LGBTI+.</li>
</ul>
</div>
</div>



<div style="height:45px" aria-hidden="true" class="wp-block-spacer"></div>



<div class="wp-block-columns is-layout-flex wp-container-core-columns-is-layout-3 wp-block-columns-is-layout-flex">
<div class="wp-block-column is-layout-flow wp-block-column-is-layout-flow" style="flex-basis:100%">
<h2 class="wp-block-heading">Objectius</h2>



<ul class="wp-block-list">
<li>Dotar d&#8217;un marc teòric bàsic i legal respecte a conceptes LGBTI+.</li>



<li>Fomentar la detecció de les violències i l&#8217;assetjament per LGBTI+-fòbia dins de l&#8217;àmbit escolar.</li>



<li>Promoure l&#8217;assumpció de responsabilitat des dels centres educatius per combatre les violències per LGBTI+-fòbia.</li>



<li>Dotar de pautes i eines per l&#8217;abordatge de les violències i l&#8217;assetjament per motius LGBTI+-fòbics.</li>
</ul>
</div>



<div class="wp-block-column is-layout-flow wp-block-column-is-layout-flow" style="flex-basis:100%">
<h2 class="wp-block-heading">Requisits de certificació</h2>



<p>Assistència a un mínim del 80% de les sessions presencials<br>de la formació i registre d&#8217;assistència degudament complimentat.. </p>



<h2 class="wp-block-heading">Inscripcions</h2>



<div class="wp-block-buttons is-layout-flex wp-block-buttons-is-layout-flex">
<div class="wp-block-button"><a class="wp-block-button__link wp-element-button" href="https://aplicacions.gestioeducativa.gencat.cat/ords/pls/soloas/pk_for_mod_ins.p_for_detall_activitat?p_header=Llista%20d%27activitats^pk_for_mod_ins.p_for_cons_activitats?p_entitat=0517%26p_entitat_txt=Unitat%20de%20Suport%20a%20l%27Alumnat%20en%20situaci%C3%B3%20de%20Viol%C3%A8ncia%20USAV%20(USAV)%26p_totes=N%26p_inici=11%26p_excloure_crp_rec=T&amp;p_codi=9001210517&amp;p_curs=2025-2026&amp;p_es_inscr=S" target="_blank" rel="noreferrer noopener">Accedir a les inscripcions</a></div>
</div>
</div>
</div>



<div style="height:100px" aria-hidden="true" class="wp-block-spacer"></div>



<div class="wp-block-columns is-layout-flex wp-container-core-columns-is-layout-4 wp-block-columns-is-layout-flex">
<div class="wp-block-column is-layout-flow wp-block-column-is-layout-flow" style="flex-basis:100%"></div>



<div class="wp-block-column is-layout-flow wp-block-column-is-layout-flow" style="flex-basis:100%"></div>
</div>
