{"id":9253,"date":"2026-03-06T13:44:46","date_gmt":"2026-03-06T12:44:46","guid":{"rendered":"https:\/\/projectes.xtec.cat\/ami\/?page_id=9253"},"modified":"2026-03-11T10:01:09","modified_gmt":"2026-03-11T09:01:09","slug":"materials-i-guies-tecniques","status":"publish","type":"page","link":"https:\/\/projectes.xtec.cat\/ami\/materials-i-guies-tecniques\/","title":{"rendered":"Materials i guies t\u00e8cniques"},"content":{"rendered":"\n<div class=\"wp-block-group is-layout-constrained wp-block-group-is-layout-constrained\">\n<p>Els continguts d&#8217;aquesta p\u00e0gina han estat elaborats per diferents professionals de l&#8217;\u00e0mbit universitari especialitzats en alfabetitzaci\u00f3 medi\u00e0tica i informacional. En aquesta p\u00e0gina podreu trobar els materials originals.<\/p>\n\n\n\n<style>\n  .contenedor-materials {\n    display: flex;\n    flex-wrap: wrap;\n    gap: 20px;\n    justify-content: center;\n  }\n  .modul-card {\n    flex: 1 1 calc(50% - 20px); \/* Ocupa el 50% de l'amplada *\/\n    min-width: 300px;\n    border: 1px solid #ddd;\n    padding: 15px;\n    border-radius: 8px;\n    background: #f9f9f9;\n    text-align: center;\n  }\n  .modul-card iframe {\n    border: 1px solid #ccc;\n    margin-top: 10px;\n  }\n  .titol-materials {\n    font-size: 32px;\n    font-weight: bold;\n    text-align: center;\n    margin-bottom: 20px;\n    display: block;\n  }\n<\/style>\n<span class=\"titol-materials\">Materials<\/span>\n<div class=\"contenedor-materials\">\n  <div class=\"modul-card\">\n    <strong>M\u00f2dul 1<\/strong><br>Elaborat per Merc\u00e8 Guill\u00e9n i Ismael Pe\u00f1a\n    <iframe loading=\"lazy\" src=\"https:\/\/drive.google.com\/file\/d\/1aJ768ERkhNhWUkob9aj86OcZkcsEDgxF\/preview\" width=\"100%\" height=\"450\" allow=\"autoplay\"><\/iframe>\n  <\/div>\n  <div class=\"modul-card\">\n    <strong>M\u00f2dul 2<\/strong><br>Elaborat per Cristina Pulido\n    <iframe loading=\"lazy\" src=\"https:\/\/drive.google.com\/file\/d\/19vPAqh4XmGA_EKU8d3_hlHgaUSPyYir_\/preview\" width=\"100%\" height=\"450\" allow=\"autoplay\"><\/iframe>\n  <\/div>\n  <div class=\"modul-card\">\n    <strong>M\u00f2dul 3<\/strong><br>Elaborat per Cristina Pulido\n    <iframe loading=\"lazy\" src=\"https:\/\/drive.google.com\/file\/d\/102cpzE-P9sTP1plA2p4HUCIKFCRggP4E\/preview\" width=\"100%\" height=\"450\" allow=\"autoplay\"><\/iframe>\n  <\/div>\n  <div class=\"modul-card\">\n    <strong>M\u00f2dul 4<\/strong><br>Elaborat per Nereida Carrillo\n    <iframe loading=\"lazy\" src=\"https:\/\/drive.google.com\/file\/d\/1OotWgMMdKIoXcrTFnKriT6vG3ePiusMk\/preview\" width=\"100%\" height=\"450\" allow=\"autoplay\"><\/iframe>\n  <\/div>\n  <div class=\"modul-card\">\n    <strong>M\u00f2dul 5<\/strong><br>Elaborat per Elvira Vilardell\n    <iframe loading=\"lazy\" src=\"https:\/\/drive.google.com\/file\/d\/1DQnwseMEL4vk13GxEZi76ev6iAuqmvQr\/preview\" width=\"100%\" height=\"450\" allow=\"autoplay\"><\/iframe>\n  <\/div>\n  <div class=\"modul-card\">\n    <strong>M\u00f2dul 6<\/strong><br>Elaborat per Merc\u00e8 Guill\u00e9n\n    <iframe loading=\"lazy\" src=\"https:\/\/drive.google.com\/file\/d\/1my0Muh_hhzqf0V9gdLkC1A1-Oiko_4ZI\/preview\" width=\"100%\" height=\"450\" allow=\"autoplay\"><\/iframe>\n  <\/div>\n<\/div>\n\n\n\n<p><\/p>\n\n\n\n<p>Les guies t\u00e8cniques estan en proc\u00e9s d&#8217;elaboraci\u00f3, a mesura que estiguin disponibles les allotjarem en aquest espai.<\/p>\n<\/div>\n","protected":false},"excerpt":{"rendered":"","protected":false},"author":2,"featured_media":0,"parent":0,"menu_order":0,"comment_status":"closed","ping_status":"closed","template":"","meta":{"site-sidebar-layout":"default","site-content-layout":"","ast-site-content-layout":"","site-content-style":"default","site-sidebar-style":"default","ast-global-header-display":"","ast-banner-title-visibility":"","ast-main-header-display":"","ast-hfb-above-header-display":"","ast-hfb-below-header-display":"","ast-hfb-mobile-header-display":"","site-post-title":"","ast-breadcrumbs-content":"","ast-featured-img":"","footer-sml-layout":"","theme-transparent-header-meta":"","adv-header-id-meta":"","stick-header-meta":"","header-above-stick-meta":"","header-main-stick-meta":"","header-below-stick-meta":"","astra-migrate-meta-layouts":"default","ast-page-background-enabled":"default","ast-page-background-meta":{"desktop":{"background-color":"var(--ast-global-color-4)","background-image":"","background-repeat":"repeat","background-position":"center center","background-size":"auto","background-attachment":"scroll","background-type":"","background-media":"","overlay-type":"","overlay-color":"","overlay-opacity":"","overlay-gradient":""},"tablet":{"background-color":"","background-image":"","background-repeat":"repeat","background-position":"center center","background-size":"auto","background-attachment":"scroll","background-type":"","background-media":"","overlay-type":"","overlay-color":"","overlay-opacity":"","overlay-gradient":""},"mobile":{"background-color":"","background-image":"","background-repeat":"repeat","background-position":"center center","background-size":"auto","background-attachment":"scroll","background-type":"","background-media":"","overlay-type":"","overlay-color":"","overlay-opacity":"","overlay-gradient":""}},"ast-content-background-meta":{"desktop":{"background-color":"var(--ast-global-color-5)","background-image":"","background-repeat":"repeat","background-position":"center center","background-size":"auto","background-attachment":"scroll","background-type":"","background-media":"","overlay-type":"","overlay-color":"","overlay-opacity":"","overlay-gradient":""},"tablet":{"background-color":"var(--ast-global-color-5)","background-image":"","background-repeat":"repeat","background-position":"center center","background-size":"auto","background-attachment":"scroll","background-type":"","background-media":"","overlay-type":"","overlay-color":"","overlay-opacity":"","overlay-gradient":""},"mobile":{"background-color":"var(--ast-global-color-5)","background-image":"","background-repeat":"repeat","background-position":"center center","background-size":"auto","background-attachment":"scroll","background-type":"","background-media":"","overlay-type":"","overlay-color":"","overlay-opacity":"","overlay-gradient":""}},"footnotes":""},"class_list":["post-9253","page","type-page","status-publish","hentry"],"post_mailing_queue_ids":[],"_links":{"self":[{"href":"https:\/\/projectes.xtec.cat\/ami\/wp-json\/wp\/v2\/pages\/9253","targetHints":{"allow":["GET"]}}],"collection":[{"href":"https:\/\/projectes.xtec.cat\/ami\/wp-json\/wp\/v2\/pages"}],"about":[{"href":"https:\/\/projectes.xtec.cat\/ami\/wp-json\/wp\/v2\/types\/page"}],"author":[{"embeddable":true,"href":"https:\/\/projectes.xtec.cat\/ami\/wp-json\/wp\/v2\/users\/2"}],"replies":[{"embeddable":true,"href":"https:\/\/projectes.xtec.cat\/ami\/wp-json\/wp\/v2\/comments?post=9253"}],"version-history":[{"count":6,"href":"https:\/\/projectes.xtec.cat\/ami\/wp-json\/wp\/v2\/pages\/9253\/revisions"}],"predecessor-version":[{"id":9275,"href":"https:\/\/projectes.xtec.cat\/ami\/wp-json\/wp\/v2\/pages\/9253\/revisions\/9275"}],"wp:attachment":[{"href":"https:\/\/projectes.xtec.cat\/ami\/wp-json\/wp\/v2\/media?parent=9253"}],"curies":[{"name":"wp","href":"https:\/\/api.w.org\/{rel}","templated":true}]}}