{"id":9900,"date":"2025-10-23T14:09:16","date_gmt":"2025-10-23T12:09:16","guid":{"rendered":"https:\/\/projectes.xtec.cat\/aula-acollida\/?page_id=9900"},"modified":"2026-01-28T12:23:48","modified_gmt":"2026-01-28T11:23:48","slug":"situacions-daprenentatge","status":"publish","type":"page","link":"https:\/\/projectes.xtec.cat\/aula-acollida\/eixos-programacio\/situacions-daprenentatge\/","title":{"rendered":"Situacions d&#8217;aprenentatge"},"content":{"rendered":"\n<p class=\"has-black-color has-text-color has-link-color wp-elements-0522a4f8b85e3ef90284c14c7f801931\">En aquest apartat trobareu exemples de situacions d&#8217;aprenentatge dissenyades i\/o adaptades per l&#8217;alumnat d&#8217;origen estranger i l&#8217;alumnat nouvingut.  <\/p>\n\n\n\n<div class=\"wp-block-group is-layout-constrained wp-block-group-is-layout-constrained\">\n<div class=\"wp-block-getwid-advanced-heading\"><span class=\"wp-block-getwid-advanced-heading__content has-text-color has-white-color has-background has-ast-global-color-0-background-color\" style=\"text-align:left\"><strong>Situaci\u00f3 d&#8217;aprenentatge adaptada.  <\/strong>Fumes? <\/span><\/div>\n\n\n\n<p>La seg\u00fcent SDA \u00e9s una adaptaci\u00f3 de la<a href=\"https:\/\/projectes.xtec.cat\/nou-curriculum\/educacio-basica\/situacions-aprenentatge\/\"> SDA Fumes? que podeu trobar al web del nou curr\u00edculum<\/a>. L&#8217;adaptaci\u00f3 feta pel <em><strong>Grup de treball d\u2019assessores i assessors LIC referents de l\u2019atenci\u00f3 a l\u2019alumnat d\u2019origen estranger <\/strong><\/em>t\u00e9 la finalitat de donar als docents un exemple pr\u00e0ctic adequar les seves pr\u00f2pies SDA per <span style=\"text-decoration: underline;\">l&#8217;alumnat d&#8217;origen estranger dins de l&#8217;aula ordin\u00e0ria<\/span>. En aquest cas s&#8217;ha afegit una columna a la dreta anomenada <strong>Recursos \/ bastides  <\/strong>on s&#8217;han incl\u00f2s les adequacions i actuacions a fer en cada activitat.<\/p>\n\n\n\n<div data-wp-interactive=\"core\/file\" class=\"wp-block-file\"><object data-wp-bind--hidden=\"!state.hasPdfPreview\" hidden class=\"wp-block-file__embed\" data=\"https:\/\/projectes.xtec.cat\/aula-acollida\/wp-content\/uploads\/usu59\/2026\/01\/SDA_FUMES_adaptacio_AOE_.pdf\" type=\"application\/pdf\" style=\"width:100%;height:600px\" aria-label=\"Incrustaci\u00f3 del fitxer SDA_FUMES_adaptacio_AOE_.\"><\/object><a id=\"wp-block-file--media-25e37b19-5d1c-44cd-84bd-8c453263d631\" href=\"https:\/\/projectes.xtec.cat\/aula-acollida\/wp-content\/uploads\/usu59\/2026\/01\/SDA_FUMES_adaptacio_AOE_.pdf\">SDA_FUMES_adaptacio_AOE_<\/a><a href=\"https:\/\/projectes.xtec.cat\/aula-acollida\/wp-content\/uploads\/usu59\/2026\/01\/SDA_FUMES_adaptacio_AOE_.pdf\" class=\"wp-block-file__button wp-element-button\" download aria-describedby=\"wp-block-file--media-25e37b19-5d1c-44cd-84bd-8c453263d631\">Baixa<\/a><\/div>\n<\/div>\n\n\n\n<div class=\"wp-block-group is-layout-constrained wp-block-group-is-layout-constrained\">\n<div class=\"wp-block-getwid-advanced-heading\"><span class=\"wp-block-getwid-advanced-heading__content has-text-color has-white-color has-background has-ast-global-color-0-background-color\" style=\"text-align:left\"><strong><strong>Situaci\u00f3 d&#8217;aprenentatge adaptada<\/strong><\/strong><strong>.  <\/strong>Restriccions d&#8217;aigua?<\/span><\/div>\n\n\n\n<p>La seg\u00fcent SDA \u00e9s una adaptaci\u00f3 de la<a href=\"https:\/\/projectes.xtec.cat\/nou-curriculum\/educacio-basica\/situacions-aprenentatge\/\"> SDA Restriccions d&#8217;aigua? que podeu trobar al web del nou curr\u00edculum<\/a>. L&#8217;adaptaci\u00f3 feta pel <em><strong>Grup de treball d\u2019assessores i assessors LIC referents de l\u2019atenci\u00f3 a l\u2019alumnat d\u2019origen estranger <\/strong><\/em> t\u00e9 la finalitat de donar als docents un exemple pr\u00e0ctic per adequar les seves pr\u00f2pies SDA per <span style=\"text-decoration: underline;\">l&#8217;alumnat d&#8217;origen estranger dins de l&#8217;aula ordin\u00e0ria<\/span>. En aquest cas s&#8217;han afegit uns<strong> comentaris\/anotacions<\/strong> a cadascuna de les activitats indicant quines s\u00f3n les adequacions i actuacions docents. <\/p>\n\n\n\n<div data-wp-interactive=\"core\/file\" class=\"wp-block-file\"><object data-wp-bind--hidden=\"!state.hasPdfPreview\" hidden class=\"wp-block-file__embed\" data=\"https:\/\/projectes.xtec.cat\/aula-acollida\/wp-content\/uploads\/usu59\/2025\/10\/SDA_RESTRICCIONS_AIGUA_adaptacio_AOE.pdf\" type=\"application\/pdf\" style=\"width:100%;height:600px\" aria-label=\"Incrustaci\u00f3 del fitxer SDA_RESTRICCIONS_AIGUA_adaptaci\u00f3_AOE.\"><\/object><a id=\"wp-block-file--media-5c89c2e1-4fec-4f41-be77-172df6f1076f\" href=\"https:\/\/projectes.xtec.cat\/aula-acollida\/wp-content\/uploads\/usu59\/2025\/10\/SDA_RESTRICCIONS_AIGUA_adaptacio_AOE.pdf\">SDA_RESTRICCIONS_AIGUA_adaptaci\u00f3_AOE<\/a><a href=\"https:\/\/projectes.xtec.cat\/aula-acollida\/wp-content\/uploads\/usu59\/2025\/10\/SDA_RESTRICCIONS_AIGUA_adaptacio_AOE.pdf\" class=\"wp-block-file__button wp-element-button\" download aria-describedby=\"wp-block-file--media-5c89c2e1-4fec-4f41-be77-172df6f1076f\">Baixa<\/a><\/div>\n<\/div>\n\n\n\n<div class=\"wp-block-group is-layout-constrained wp-block-group-is-layout-constrained\">\n<div class=\"wp-block-getwid-advanced-heading\"><span class=\"wp-block-getwid-advanced-heading__content has-text-color has-white-color has-background has-ast-global-color-0-background-color\" style=\"text-align:left\"><strong>Situaci\u00f3 d&#8217;aprenentatge. Aula d&#8217;acollida &#8211; Prim\u00e0ria.<\/strong> El nostre esmorzar \u00e9s saludable?<\/span><\/div>\n\n\n\n<p>El seg\u00fcent exemple de SDA es titula <em>El nostre esmorzar \u00e9s saludable?<\/em>  i va dirigida a l&#8217;alumnat nouvingut de l&#8217;aula d&#8217;acollida de prim\u00e0ria.<\/p>\n\n\n\n<div data-wp-interactive=\"core\/file\" class=\"wp-block-file\"><object data-wp-bind--hidden=\"!state.hasPdfPreview\" hidden class=\"wp-block-file__embed\" data=\"https:\/\/projectes.xtec.cat\/aula-acollida\/wp-content\/uploads\/usu59\/2026\/01\/SDA_AA_esmorzar_saludable.pdf\" type=\"application\/pdf\" style=\"width:100%;height:600px\" aria-label=\"Incrustaci\u00f3 del fitxer SDA_AA_esmorzar_saludable.\"><\/object><a id=\"wp-block-file--media-eeba5b2f-8f58-4ca8-9e63-a98364a0e65f\" href=\"https:\/\/projectes.xtec.cat\/aula-acollida\/wp-content\/uploads\/usu59\/2026\/01\/SDA_AA_esmorzar_saludable.pdf\">SDA_AA_esmorzar_saludable<\/a><a href=\"https:\/\/projectes.xtec.cat\/aula-acollida\/wp-content\/uploads\/usu59\/2026\/01\/SDA_AA_esmorzar_saludable.pdf\" class=\"wp-block-file__button wp-element-button\" download aria-describedby=\"wp-block-file--media-eeba5b2f-8f58-4ca8-9e63-a98364a0e65f\">Baixa<\/a><\/div>\n<\/div>\n\n\n\n<div class=\"wp-block-group is-layout-constrained wp-block-group-is-layout-constrained\">\n<div class=\"wp-block-getwid-advanced-heading\"><span class=\"wp-block-getwid-advanced-heading__content has-text-color has-white-color has-background has-ast-global-color-0-background-color\" style=\"text-align:left\"><strong>Situaci\u00f3 d&#8217;aprenentatge. Aula d&#8217;acollida &#8211; Secund\u00e0ria.<\/strong>  Descobrim el nostre entorn<\/span><\/div>\n\n\n\n<p>El seg\u00fcent exemple de SDA es titula D<em>escobrim el nostre entorn: escola, barri i municipi per sentir-nos part de la comunitat<\/em> i va dirigida a l&#8217;alumnat nouvingut de l&#8217;aula d&#8217;acollida de secund\u00e0ria. <\/p>\n\n\n\n<div data-wp-interactive=\"core\/file\" class=\"wp-block-file\"><object data-wp-bind--hidden=\"!state.hasPdfPreview\" hidden class=\"wp-block-file__embed\" data=\"https:\/\/projectes.xtec.cat\/aula-acollida\/wp-content\/uploads\/usu59\/2025\/10\/SDA_DESCOBRIM_EL_NOSTRE_ENTORN_aula_dacollida_secundaria.pdf\" type=\"application\/pdf\" style=\"width:100%;height:600px\" aria-label=\"Incrustaci\u00f3 del fitxer SDA_DESCOBRIM_EL_NOSTRE_ENTORN_aula_dacollida_secund\u00e0ria.\"><\/object><a id=\"wp-block-file--media-3e6ac535-932e-4a76-ad42-61b2ed3c8d49\" href=\"https:\/\/projectes.xtec.cat\/aula-acollida\/wp-content\/uploads\/usu59\/2025\/10\/SDA_DESCOBRIM_EL_NOSTRE_ENTORN_aula_dacollida_secundaria.pdf\">SDA_DESCOBRIM_EL_NOSTRE_ENTORN_aula_dacollida_secund\u00e0ria<\/a><a href=\"https:\/\/projectes.xtec.cat\/aula-acollida\/wp-content\/uploads\/usu59\/2025\/10\/SDA_DESCOBRIM_EL_NOSTRE_ENTORN_aula_dacollida_secundaria.pdf\" class=\"wp-block-file__button wp-element-button\" download aria-describedby=\"wp-block-file--media-3e6ac535-932e-4a76-ad42-61b2ed3c8d49\">Baixa<\/a><\/div>\n<\/div>\n\n\n\n<p><\/p>\n","protected":false},"excerpt":{"rendered":"<p>En aquest apartat trobareu exemples de situacions d&#8217;aprenentatge dissenyades i\/o adaptades per l&#8217;alumnat d&#8217;origen estranger i l&#8217;alumnat nouvingut. La seg\u00fcent [&hellip;]<\/p>\n","protected":false},"author":1,"featured_media":0,"parent":8470,"menu_order":15,"comment_status":"closed","ping_status":"closed","template":"","meta":{"site-sidebar-layout":"default","site-content-layout":"","ast-site-content-layout":"default","site-content-style":"default","site-sidebar-style":"default","ast-global-header-display":"","ast-banner-title-visibility":"","ast-main-header-display":"","ast-hfb-above-header-display":"","ast-hfb-below-header-display":"","ast-hfb-mobile-header-display":"","site-post-title":"","ast-breadcrumbs-content":"","ast-featured-img":"","footer-sml-layout":"","theme-transparent-header-meta":"","adv-header-id-meta":"","stick-header-meta":"","header-above-stick-meta":"","header-main-stick-meta":"","header-below-stick-meta":"","astra-migrate-meta-layouts":"set","ast-page-background-enabled":"default","ast-page-background-meta":{"desktop":{"background-color":"var(--ast-global-color-4)","background-image":"","background-repeat":"repeat","background-position":"center center","background-size":"auto","background-attachment":"scroll","background-type":"","background-media":"","overlay-type":"","overlay-color":"","overlay-opacity":"","overlay-gradient":""},"tablet":{"background-color":"","background-image":"","background-repeat":"repeat","background-position":"center center","background-size":"auto","background-attachment":"scroll","background-type":"","background-media":"","overlay-type":"","overlay-color":"","overlay-opacity":"","overlay-gradient":""},"mobile":{"background-color":"","background-image":"","background-repeat":"repeat","background-position":"center center","background-size":"auto","background-attachment":"scroll","background-type":"","background-media":"","overlay-type":"","overlay-color":"","overlay-opacity":"","overlay-gradient":""}},"ast-content-background-meta":{"desktop":{"background-color":"var(--ast-global-color-5)","background-image":"","background-repeat":"repeat","background-position":"center center","background-size":"auto","background-attachment":"scroll","background-type":"","background-media":"","overlay-type":"","overlay-color":"","overlay-opacity":"","overlay-gradient":""},"tablet":{"background-color":"var(--ast-global-color-5)","background-image":"","background-repeat":"repeat","background-position":"center center","background-size":"auto","background-attachment":"scroll","background-type":"","background-media":"","overlay-type":"","overlay-color":"","overlay-opacity":"","overlay-gradient":""},"mobile":{"background-color":"var(--ast-global-color-5)","background-image":"","background-repeat":"repeat","background-position":"center center","background-size":"auto","background-attachment":"scroll","background-type":"","background-media":"","overlay-type":"","overlay-color":"","overlay-opacity":"","overlay-gradient":""}},"footnotes":""},"class_list":["post-9900","page","type-page","status-publish","hentry"],"post_mailing_queue_ids":[],"_links":{"self":[{"href":"https:\/\/projectes.xtec.cat\/aula-acollida\/wp-json\/wp\/v2\/pages\/9900","targetHints":{"allow":["GET"]}}],"collection":[{"href":"https:\/\/projectes.xtec.cat\/aula-acollida\/wp-json\/wp\/v2\/pages"}],"about":[{"href":"https:\/\/projectes.xtec.cat\/aula-acollida\/wp-json\/wp\/v2\/types\/page"}],"author":[{"embeddable":true,"href":"https:\/\/projectes.xtec.cat\/aula-acollida\/wp-json\/wp\/v2\/users\/1"}],"replies":[{"embeddable":true,"href":"https:\/\/projectes.xtec.cat\/aula-acollida\/wp-json\/wp\/v2\/comments?post=9900"}],"version-history":[{"count":6,"href":"https:\/\/projectes.xtec.cat\/aula-acollida\/wp-json\/wp\/v2\/pages\/9900\/revisions"}],"predecessor-version":[{"id":10461,"href":"https:\/\/projectes.xtec.cat\/aula-acollida\/wp-json\/wp\/v2\/pages\/9900\/revisions\/10461"}],"up":[{"embeddable":true,"href":"https:\/\/projectes.xtec.cat\/aula-acollida\/wp-json\/wp\/v2\/pages\/8470"}],"wp:attachment":[{"href":"https:\/\/projectes.xtec.cat\/aula-acollida\/wp-json\/wp\/v2\/media?parent=9900"}],"curies":[{"name":"wp","href":"https:\/\/api.w.org\/{rel}","templated":true}]}}