{"id":9165,"date":"2023-01-25T13:15:23","date_gmt":"2023-01-25T12:15:23","guid":{"rendered":"https:\/\/projectes.xtec.cat\/avancem\/?page_id=9165"},"modified":"2026-04-24T10:55:45","modified_gmt":"2026-04-24T08:55:45","slug":"avancem-3","status":"publish","type":"page","link":"https:\/\/projectes.xtec.cat\/avancem\/avancem-2\/avancem-3\/","title":{"rendered":"Avancem 3"},"content":{"rendered":"<p><span style=\"font-weight: 400;\">Durant el tercer any, els equips docents han de dissenyar i implementar de manera aut\u00f2noma nous projectes de comunicaci\u00f3 integrats (PCI), seguint l\u2019estructura i les caracter\u00edstiques dels PCI-II elaborats al llarg del segon any. A m\u00e9s, s\u2019ha de presentar la mem\u00f2ria corresponent a aquest curs de manera unificada, juntament amb les dels cursos anteriors, per tal de garantir una avaluaci\u00f3 coherent i homog\u00e8nia al llarg de tota la traject\u00f2ria del programa. Aquest document est\u00e0 disponible al <a href=\"https:\/\/espai.educacio.gencat.cat\/Centres\/Innovacio-pedagogica\/Programes\/Pagines\/Informacio-convocatoria-PIN.aspx#!#h24\" target=\"_blank\" rel=\"noopener\">Portal de centre<\/a>.<\/span><\/p>\n<p><b>I despr\u00e9s de l\u2019Avancem, qu\u00e8?<\/b><\/p>\n<p><span style=\"font-weight: 400;\">Un cop finalitzat el programa, els centres hauran redissenyat, o creat de nou, el seu projecte ling\u00fc\u00edstic i s\u2019hauran plantejat nous objectius. La internacionalitzaci\u00f3 \u00e9s una de les opcions per enriquir i vetllar per l\u2019assoliment d\u2019aquests objectius amb una mirada inclusiva per a tot l\u2019alumnat.<\/span><\/p>\n<p><span style=\"font-weight: 400;\">L\u2019objectiu principal de la UE \u00e9s crear un espai educatiu europeu, cada cop m\u00e9s real i proper a tot l\u2019alumnat. Aix\u00ed doncs, l\u2019acc\u00e9s a la internacionalitzaci\u00f3 comporta molts beneficis, com compartir bones pr\u00e0ctiques docents i fomentar xarxes entre centres i docents. Tot aix\u00f2 afegeix un car\u00e0cter internacional a les nostres iniciatives did\u00e0ctiques que comporta un valor afegit.<\/span><\/p>\n<p><span style=\"font-weight: 400;\">A l\u2019<\/span><a href=\"https:\/\/projectes.xtec.cat\/internacional\/\" target=\"_blank\" rel=\"noopener\"><span style=\"font-weight: 400;\">enlla\u00e7 del Nodes de Projectes internacionals<\/span><\/a><span style=\"font-weight: 400;\"> hi trobareu iniciatives i exemples per enriquir els projectes dels vostres centres.<\/span><\/p>\n<p><!--a=1--><\/p>\n<p><!--a=1--><\/p>\n<p><!--a=1--><\/p>\n","protected":false},"excerpt":{"rendered":"<p>Durant el tercer any, els equips docents han de dissenyar i implementar de manera aut\u00f2noma nous projectes de comunicaci\u00f3 integrats (PCI), seguint l\u2019estructura i les caracter\u00edstiques dels PCI-II elaborats al llarg del segon any. A m\u00e9s, s\u2019ha de presentar la mem\u00f2ria corresponent a aquest curs&hellip;  <a href=\"https:\/\/projectes.xtec.cat\/avancem\/avancem-2\/avancem-3\/\" title=\"Read Avancem 3\">Llegeix m\u00e9s\u00bb<\/a><\/p>\n","protected":false},"author":1,"featured_media":0,"parent":9157,"menu_order":3,"comment_status":"closed","ping_status":"closed","template":"","meta":{"footnotes":""},"class_list":["post-9165","page","type-page","status-publish","hentry"],"post_mailing_queue_ids":[],"_links":{"self":[{"href":"https:\/\/projectes.xtec.cat\/avancem\/wp-json\/wp\/v2\/pages\/9165","targetHints":{"allow":["GET"]}}],"collection":[{"href":"https:\/\/projectes.xtec.cat\/avancem\/wp-json\/wp\/v2\/pages"}],"about":[{"href":"https:\/\/projectes.xtec.cat\/avancem\/wp-json\/wp\/v2\/types\/page"}],"author":[{"embeddable":true,"href":"https:\/\/projectes.xtec.cat\/avancem\/wp-json\/wp\/v2\/users\/1"}],"replies":[{"embeddable":true,"href":"https:\/\/projectes.xtec.cat\/avancem\/wp-json\/wp\/v2\/comments?post=9165"}],"version-history":[{"count":6,"href":"https:\/\/projectes.xtec.cat\/avancem\/wp-json\/wp\/v2\/pages\/9165\/revisions"}],"predecessor-version":[{"id":9772,"href":"https:\/\/projectes.xtec.cat\/avancem\/wp-json\/wp\/v2\/pages\/9165\/revisions\/9772"}],"up":[{"embeddable":true,"href":"https:\/\/projectes.xtec.cat\/avancem\/wp-json\/wp\/v2\/pages\/9157"}],"wp:attachment":[{"href":"https:\/\/projectes.xtec.cat\/avancem\/wp-json\/wp\/v2\/media?parent=9165"}],"curies":[{"name":"wp","href":"https:\/\/api.w.org\/{rel}","templated":true}]}}