{"id":9175,"date":"2023-01-25T13:20:46","date_gmt":"2023-01-25T12:20:46","guid":{"rendered":"https:\/\/projectes.xtec.cat\/avancem\/?page_id=9175"},"modified":"2024-09-13T13:27:17","modified_gmt":"2024-09-13T11:27:17","slug":"materials-de-referencia","status":"publish","type":"page","link":"https:\/\/projectes.xtec.cat\/avancem\/avancem-2\/materials-de-referencia\/","title":{"rendered":"Materials de refer\u00e8ncia 2#"},"content":{"rendered":"<p>Aquest apartat \u00e9s un banc de materials de refer\u00e8ncia on hi podeu trobar exemples de\u00a0<strong>Projectes de comunicaci\u00f3 integrats (PCI) S i XL.<\/strong><\/p>\n<p><a href=\"https:\/\/projectes.xtec.cat\/avancem\/wp-content\/uploads\/usu2068\/2023\/12\/PCI-S-Educacio-basica-AV2-2023-24-Que-hi-fa-una-maleta-a-la-porta.pdf\">PCI-S- Educaci\u00f3 b\u00e0sica AV2 2023-24 &#8211; Qu\u00e8 hi fa una maleta a la porta? 4ESO<\/a><\/p>\n<p><a href=\"https:\/\/projectes.xtec.cat\/avancem\/wp-content\/uploads\/usu2068\/2020\/11\/PCI-S_Qu%C3%A8-hi-fa-una-maleta-a-la-porta.pdf\"><img loading=\"lazy\" decoding=\"async\" class=\"alignnone size-medium wp-image-8727\" src=\"https:\/\/projectes.xtec.cat\/avancem\/wp-content\/uploads\/usu2068\/2020\/11\/Qu\u00e8-hi-fa-una-maleta-a-la-porta-300x212.png\" alt=\"\" width=\"300\" height=\"212\" srcset=\"https:\/\/projectes.xtec.cat\/avancem\/wp-content\/uploads\/usu2068\/2020\/11\/Qu\u00e8-hi-fa-una-maleta-a-la-porta-300x212.png 300w, https:\/\/projectes.xtec.cat\/avancem\/wp-content\/uploads\/usu2068\/2020\/11\/Qu\u00e8-hi-fa-una-maleta-a-la-porta-768x543.png 768w, https:\/\/projectes.xtec.cat\/avancem\/wp-content\/uploads\/usu2068\/2020\/11\/Qu\u00e8-hi-fa-una-maleta-a-la-porta-1024x724.png 1024w, https:\/\/projectes.xtec.cat\/avancem\/wp-content\/uploads\/usu2068\/2020\/11\/Qu\u00e8-hi-fa-una-maleta-a-la-porta.png 1123w\" sizes=\"auto, (max-width: 300px) 100vw, 300px\" \/><\/a><\/p>\n<p><a href=\"https:\/\/projectes.xtec.cat\/avancem\/wp-content\/uploads\/usu2068\/2023\/12\/PCI-XL-Educacio-basica-AV2-2023-24-Un-mon-ple-de-dones.pdf\">PCI-XL- Educaci\u00f3 b\u00e0sica AV2 2023-24 &#8211; Un m\u00f3n ple de dones. 3ESO<\/a><\/p>\n<p><a href=\"https:\/\/projectes.xtec.cat\/avancem\/wp-content\/uploads\/usu2068\/2020\/11\/PCI-XL_Un-m\u00f3n-ple-de-dones-.pdf\"><img loading=\"lazy\" decoding=\"async\" class=\"alignnone size-medium wp-image-8725\" src=\"https:\/\/projectes.xtec.cat\/avancem\/wp-content\/uploads\/usu2068\/2020\/11\/un-m\u00f3n-ple-de-dones-300x212.png\" alt=\"\" width=\"300\" height=\"212\" srcset=\"https:\/\/projectes.xtec.cat\/avancem\/wp-content\/uploads\/usu2068\/2020\/11\/un-m\u00f3n-ple-de-dones-300x212.png 300w, https:\/\/projectes.xtec.cat\/avancem\/wp-content\/uploads\/usu2068\/2020\/11\/un-m\u00f3n-ple-de-dones-768x543.png 768w, https:\/\/projectes.xtec.cat\/avancem\/wp-content\/uploads\/usu2068\/2020\/11\/un-m\u00f3n-ple-de-dones-1024x724.png 1024w, https:\/\/projectes.xtec.cat\/avancem\/wp-content\/uploads\/usu2068\/2020\/11\/un-m\u00f3n-ple-de-dones.png 1123w\" sizes=\"auto, (max-width: 300px) 100vw, 300px\" \/><\/a><\/p>\n","protected":false},"excerpt":{"rendered":"<p>Aquest apartat \u00e9s un banc de materials de refer\u00e8ncia on hi podeu trobar exemples de\u00a0Projectes de comunicaci\u00f3 integrats (PCI) S i XL.<br \/>\n<a href=\"https:\/\/projectes.xtec.cat\/avancem\/wp-content\/uploads\/usu2068\/2023\/12\/PCI-S-Educacio-basica-AV2-2023-24-Que-hi-fa-una-maleta-a-la-porta.pdf\">PCI-S- Educaci\u00f3 b\u00e0sica AV2 2023-24 &#8211; Qu\u00e8 hi fa una maleta a la porta? 4ESO<\/a><br \/>\n<a href=\"https:\/\/projectes.xtec.cat\/avancem\/wp-content\/uploads\/usu2068\/2020\/11\/PCI-S_Qu%C3%A8-hi-fa-una-maleta-a-la-porta.pdf\"><\/a><br \/>\n<a href=\"https:\/\/projectes.xtec.cat\/avancem\/wp-content\/uploads\/usu2068\/2023\/12\/PCI-XL-Educacio-basica-AV2-2023-24-Un-mon-ple-de-dones.pdf\">PCI-XL- Educaci\u00f3 b\u00e0sica AV2 2023-24 &#8211; Un&hellip;  <a href=\"https:\/\/projectes.xtec.cat\/avancem\/avancem-2\/materials-de-referencia\/\" title=\"Read Materials de refer\u00e8ncia 2#\">Llegeix m\u00e9s\u00bb<\/a><\/p>\n","protected":false},"author":1,"featured_media":0,"parent":9157,"menu_order":1,"comment_status":"closed","ping_status":"closed","template":"page-templates\/side-menu.php","meta":{"_bbp_topic_count":0,"_bbp_reply_count":0,"_bbp_total_topic_count":0,"_bbp_total_reply_count":0,"_bbp_voice_count":0,"_bbp_anonymous_reply_count":0,"_bbp_topic_count_hidden":0,"_bbp_reply_count_hidden":0,"_bbp_forum_subforum_count":0,"footnotes":""},"class_list":["post-9175","page","type-page","status-publish","hentry"],"post_mailing_queue_ids":[],"_links":{"self":[{"href":"https:\/\/projectes.xtec.cat\/avancem\/wp-json\/wp\/v2\/pages\/9175","targetHints":{"allow":["GET"]}}],"collection":[{"href":"https:\/\/projectes.xtec.cat\/avancem\/wp-json\/wp\/v2\/pages"}],"about":[{"href":"https:\/\/projectes.xtec.cat\/avancem\/wp-json\/wp\/v2\/types\/page"}],"author":[{"embeddable":true,"href":"https:\/\/projectes.xtec.cat\/avancem\/wp-json\/wp\/v2\/users\/1"}],"replies":[{"embeddable":true,"href":"https:\/\/projectes.xtec.cat\/avancem\/wp-json\/wp\/v2\/comments?post=9175"}],"version-history":[{"count":6,"href":"https:\/\/projectes.xtec.cat\/avancem\/wp-json\/wp\/v2\/pages\/9175\/revisions"}],"predecessor-version":[{"id":9503,"href":"https:\/\/projectes.xtec.cat\/avancem\/wp-json\/wp\/v2\/pages\/9175\/revisions\/9503"}],"up":[{"embeddable":true,"href":"https:\/\/projectes.xtec.cat\/avancem\/wp-json\/wp\/v2\/pages\/9157"}],"wp:attachment":[{"href":"https:\/\/projectes.xtec.cat\/avancem\/wp-json\/wp\/v2\/media?parent=9175"}],"curies":[{"name":"wp","href":"https:\/\/api.w.org\/{rel}","templated":true}]}}