{"id":12014,"date":"2024-10-15T13:27:39","date_gmt":"2024-10-15T11:27:39","guid":{"rendered":"https:\/\/projectes.xtec.cat\/barcelona-apren-ciencia\/?page_id=12014"},"modified":"2024-11-25T15:53:54","modified_gmt":"2024-11-25T14:53:54","slug":"recull-de-recursos-de-la-formacio","status":"publish","type":"page","link":"https:\/\/projectes.xtec.cat\/barcelona-apren-ciencia\/recull-de-recursos-de-la-formacio\/","title":{"rendered":"Recull de Recursos de la Formaci\u00f3"},"content":{"rendered":"<p>Aquest document recull les propostes sorgides en les diverses sessions de formaci\u00f3 (articles, activitats, llibres, exposicions, etc.). Pot ser-vos \u00fatil per orientar la vostra recerca. Es revisar\u00e0 i s&#8217;actualitzar\u00e0 peri\u00f2dicament despr\u00e9s de cada sessi\u00f3 de formaci\u00f3.<\/p>\n<p><iframe style=\"position: relative; width: 100%; height: 600px; max-height: 80vh; border: none; border-radius: 8px; padding: 0; margin: 0; overflow: hidden;\" src=\"https:\/\/www.canva.com\/design\/DAGTE56PoKE\/aHWxftp8y1bpMcn0OFVF-g\/view?embed\" allowfullscreen=\"allowfullscreen\"><br \/>\n<\/iframe><\/p>\n<p>DESCARREGA EL DOCUMENT <a href=\"https:\/\/projectes.xtec.cat\/barcelona-apren-ciencia\/wp-content\/uploads\/usu2041\/2024\/11\/Recull-de-Recursos_v5.pdf\">Recull de Recursos_v5<\/a><\/p>\n<p>&nbsp;<\/p>\n","protected":false},"excerpt":{"rendered":"<p>Aquest document recull les propostes sorgides en les diverses sessions de formaci\u00f3 (articles, activitats, llibres, exposicions, etc.). Pot ser-vos \u00fatil per orientar la vostra recerca. Es revisar\u00e0 i s&#8217;actualitzar\u00e0 peri\u00f2dicament despr\u00e9s de cada sessi\u00f3 de formaci\u00f3.<\/p>\n<p>DESCARREGA EL DOCUMENT <a href=\"https:\/\/projectes.xtec.cat\/barcelona-apren-ciencia\/wp-content\/uploads\/usu2041\/2024\/11\/Recull-de-Recursos_v5.pdf\">Recull de Recursos_v5<\/a><br \/>\n&nbsp;<\/p>\n","protected":false},"author":179,"featured_media":0,"parent":0,"menu_order":0,"comment_status":"closed","ping_status":"closed","template":"","meta":{"_bbp_topic_count":0,"_bbp_reply_count":0,"_bbp_total_topic_count":0,"_bbp_total_reply_count":0,"_bbp_voice_count":0,"_bbp_anonymous_reply_count":0,"_bbp_topic_count_hidden":0,"_bbp_reply_count_hidden":0,"_bbp_forum_subforum_count":0,"footnotes":""},"class_list":["post-12014","page","type-page","status-publish","hentry"],"post_mailing_queue_ids":[],"_links":{"self":[{"href":"https:\/\/projectes.xtec.cat\/barcelona-apren-ciencia\/wp-json\/wp\/v2\/pages\/12014","targetHints":{"allow":["GET"]}}],"collection":[{"href":"https:\/\/projectes.xtec.cat\/barcelona-apren-ciencia\/wp-json\/wp\/v2\/pages"}],"about":[{"href":"https:\/\/projectes.xtec.cat\/barcelona-apren-ciencia\/wp-json\/wp\/v2\/types\/page"}],"author":[{"embeddable":true,"href":"https:\/\/projectes.xtec.cat\/barcelona-apren-ciencia\/wp-json\/wp\/v2\/users\/179"}],"replies":[{"embeddable":true,"href":"https:\/\/projectes.xtec.cat\/barcelona-apren-ciencia\/wp-json\/wp\/v2\/comments?post=12014"}],"version-history":[{"count":6,"href":"https:\/\/projectes.xtec.cat\/barcelona-apren-ciencia\/wp-json\/wp\/v2\/pages\/12014\/revisions"}],"predecessor-version":[{"id":12087,"href":"https:\/\/projectes.xtec.cat\/barcelona-apren-ciencia\/wp-json\/wp\/v2\/pages\/12014\/revisions\/12087"}],"wp:attachment":[{"href":"https:\/\/projectes.xtec.cat\/barcelona-apren-ciencia\/wp-json\/wp\/v2\/media?parent=12014"}],"curies":[{"name":"wp","href":"https:\/\/api.w.org\/{rel}","templated":true}]}}