{"id":8833,"date":"2021-06-08T19:52:05","date_gmt":"2021-06-08T17:52:05","guid":{"rendered":"https:\/\/projectes.xtec.cat\/camps\/?page_id=8833"},"modified":"2025-03-20T11:48:22","modified_gmt":"2025-03-20T10:48:22","slug":"presentacio","status":"publish","type":"page","link":"https:\/\/projectes.xtec.cat\/camps\/presentacio\/","title":{"rendered":"Presentaci\u00f3"},"content":{"rendered":"<p class=\"western\"><strong><span style=\"color: #48736a;\"><span style=\"font-size: medium;\">A qui s&#8217;adre\u00e7a aquest nodes?<\/span><\/span><\/strong><\/p>\n<p style=\"text-align: justify;\"><span style=\"color: #333333;\">Al professorat dels nivells de l\u2019educaci\u00f3 infantil, prim\u00e0ria, secund\u00e0ria, cicles formatius, batxillerat i cursos d&#8217;universitat dels centres educatius de Catalunya.<\/span><\/p>\n<p class=\"western\"><strong><span style=\"color: #48736a;\"><span style=\"font-size: medium;\">Qu\u00e8 pret\u00e9n aquest espai?<\/span><\/span><\/strong><\/p>\n<p style=\"text-align: justify;\"><span style=\"color: #333333;\">Donar a con\u00e8ixer als centres una visi\u00f3 integrada i coordinada d&#8217;aspectes relacionats amb l&#8217;oferta i acompanyament dels CdA i EdA en l&#8217;aprenentatge competencial de l&#8217;alumnat a partir d\u2019activitats did\u00e0ctiques en <em>entorns naturals, socials i culturals; <\/em>aix\u00ed com compartir experi\u00e8ncies reeixides del territori catal\u00e0, i excepcionalment d&#8217;altres indrets.<\/span><em><br \/>\n<\/em><\/p>\n<p class=\"western\"><strong><span style=\"color: #48736a;\"><span style=\"font-size: medium;\">Qui participa en la creaci\u00f3 de contingut?<\/span><\/span><\/strong><\/p>\n<p style=\"text-align: justify;\"><span style=\"color: #333333;\">Els i les professionals dels CdA i EdA de Catalunya que co-crea el contigut web per als centres educatius, conjuntament amb l&#8217;equip de del Servei de Xarxes i Serveis Educatius del Departament d&#8217;Educaci\u00f3 i Formaci\u00f3 Professional.<\/span><\/p>\n<p class=\"western\"><strong><span style=\"color: #48736a;\"><span style=\"font-size: medium;\">Qui promou i coordina aquest espai web?<\/span><\/span><\/strong><\/p>\n<p style=\"text-align: justify;\"><span style=\"color: #333333;\">L\u2019equip del Servei de Xarxes i Serveis Educatius de la Subdirecci\u00f3 General d\u2019Innovaci\u00f3 i Formaci\u00f3 del Departament d\u2019Educaci\u00f3 i Formaci\u00f3 Professional.<\/span><\/p>\n<p><strong><a href=\"https:\/\/projectes.xtec.cat\/camps\/coneix-nos\/\">Presentaci\u00f3 dels Camps i Entorns d&#8217;Aprenentatge (CdA i EdA) de Catalunya. Coneix-nos!<\/a><\/strong><\/p>\n","protected":false},"excerpt":{"rendered":"<p>A qui s&#8217;adre\u00e7a aquest nodes? Al professorat dels nivells de l\u2019educaci\u00f3 infantil, prim\u00e0ria, secund\u00e0ria, cicles formatius, batxillerat i cursos d&#8217;universitat [&hellip;]<\/p>\n","protected":false},"author":7,"featured_media":0,"parent":0,"menu_order":0,"comment_status":"closed","ping_status":"closed","template":"","meta":{"_bbp_topic_count":0,"_bbp_reply_count":0,"_bbp_total_topic_count":0,"_bbp_total_reply_count":0,"_bbp_voice_count":0,"_bbp_anonymous_reply_count":0,"_bbp_topic_count_hidden":0,"_bbp_reply_count_hidden":0,"_bbp_forum_subforum_count":0,"site-sidebar-layout":"no-sidebar","site-content-layout":"","ast-site-content-layout":"default","site-content-style":"default","site-sidebar-style":"default","ast-global-header-display":"","ast-banner-title-visibility":"","ast-main-header-display":"","ast-hfb-above-header-display":"","ast-hfb-below-header-display":"","ast-hfb-mobile-header-display":"","site-post-title":"","ast-breadcrumbs-content":"","ast-featured-img":"","footer-sml-layout":"","theme-transparent-header-meta":"","adv-header-id-meta":"","stick-header-meta":"","header-above-stick-meta":"","header-main-stick-meta":"","header-below-stick-meta":"","astra-migrate-meta-layouts":"set","ast-page-background-enabled":"default","ast-page-background-meta":{"desktop":{"background-color":"var(--ast-global-color-4)","background-image":"","background-repeat":"repeat","background-position":"center center","background-size":"auto","background-attachment":"scroll","background-type":"","background-media":"","overlay-type":"","overlay-color":"","overlay-opacity":"","overlay-gradient":""},"tablet":{"background-color":"","background-image":"","background-repeat":"repeat","background-position":"center center","background-size":"auto","background-attachment":"scroll","background-type":"","background-media":"","overlay-type":"","overlay-color":"","overlay-opacity":"","overlay-gradient":""},"mobile":{"background-color":"","background-image":"","background-repeat":"repeat","background-position":"center center","background-size":"auto","background-attachment":"scroll","background-type":"","background-media":"","overlay-type":"","overlay-color":"","overlay-opacity":"","overlay-gradient":""}},"ast-content-background-meta":{"desktop":{"background-color":"var(--ast-global-color-5)","background-image":"","background-repeat":"repeat","background-position":"center center","background-size":"auto","background-attachment":"scroll","background-type":"","background-media":"","overlay-type":"","overlay-color":"","overlay-opacity":"","overlay-gradient":""},"tablet":{"background-color":"var(--ast-global-color-5)","background-image":"","background-repeat":"repeat","background-position":"center center","background-size":"auto","background-attachment":"scroll","background-type":"","background-media":"","overlay-type":"","overlay-color":"","overlay-opacity":"","overlay-gradient":""},"mobile":{"background-color":"var(--ast-global-color-5)","background-image":"","background-repeat":"repeat","background-position":"center center","background-size":"auto","background-attachment":"scroll","background-type":"","background-media":"","overlay-type":"","overlay-color":"","overlay-opacity":"","overlay-gradient":""}},"footnotes":""},"class_list":["post-8833","page","type-page","status-publish","hentry"],"post_mailing_queue_ids":[],"_links":{"self":[{"href":"https:\/\/projectes.xtec.cat\/camps\/wp-json\/wp\/v2\/pages\/8833","targetHints":{"allow":["GET"]}}],"collection":[{"href":"https:\/\/projectes.xtec.cat\/camps\/wp-json\/wp\/v2\/pages"}],"about":[{"href":"https:\/\/projectes.xtec.cat\/camps\/wp-json\/wp\/v2\/types\/page"}],"author":[{"embeddable":true,"href":"https:\/\/projectes.xtec.cat\/camps\/wp-json\/wp\/v2\/users\/7"}],"replies":[{"embeddable":true,"href":"https:\/\/projectes.xtec.cat\/camps\/wp-json\/wp\/v2\/comments?post=8833"}],"version-history":[{"count":6,"href":"https:\/\/projectes.xtec.cat\/camps\/wp-json\/wp\/v2\/pages\/8833\/revisions"}],"predecessor-version":[{"id":10528,"href":"https:\/\/projectes.xtec.cat\/camps\/wp-json\/wp\/v2\/pages\/8833\/revisions\/10528"}],"wp:attachment":[{"href":"https:\/\/projectes.xtec.cat\/camps\/wp-json\/wp\/v2\/media?parent=8833"}],"curies":[{"name":"wp","href":"https:\/\/api.w.org\/{rel}","templated":true}]}}