{"id":10398,"date":"2023-01-12T10:52:58","date_gmt":"2023-01-12T09:52:58","guid":{"rendered":"https:\/\/projectes.xtec.cat\/canaldereporters\/?page_id=10398"},"modified":"2023-04-29T14:51:35","modified_gmt":"2023-04-29T12:51:35","slug":"seminari2_docents","status":"publish","type":"page","link":"https:\/\/projectes.xtec.cat\/canaldereporters\/seminaris-web\/seminari2_docents\/","title":{"rendered":"Seminari2_Docents"},"content":{"rendered":"\n<div style=\"height:30px\" aria-hidden=\"true\" class=\"wp-block-spacer\"><\/div>\n\n\n\n<div class=\"wp-block-group alignwide\"><div class=\"wp-block-group__inner-container is-layout-flow wp-block-group-is-layout-flow\">\n<div class=\"wp-block-columns is-layout-flex wp-container-core-columns-is-layout-1 wp-block-columns-is-layout-flex\">\n<div class=\"wp-block-column is-layout-flow wp-block-column-is-layout-flow\">\n<h2 class=\"wp-block-heading\"><span class=\"has-inline-color has-ast-global-color-1-color\">Data<\/span><\/h2>\n\n\n\n<p>12 de gener de 2023<\/p>\n\n\n\n<h2 class=\"wp-block-heading\"><span class=\"has-inline-color has-ast-global-color-1-color\">Ponents<\/span><\/h2>\n\n\n\n<ul class=\"wp-block-list\"><li>Llu\u00eds Tovar Castilla<\/li><\/ul>\n\n\n\n<p>Corresponsal de Mediaset i RAC 1 a Brussel\u00b7les.&nbsp;<\/p>\n\n\n\n<h2 class=\"wp-block-heading\"><span class=\"has-inline-color has-ast-global-color-1-color\">Descripci\u00f3<\/span><\/h2>\n\n\n\n<p>Seminari dedicat al <strong>periodisme escolar i la tasca del reporter, <\/strong>on s&#8217;ofereix al professorat de Prim\u00e0ria i Secund\u00e0ria consells sobre com dur a terme la tasca period\u00edstica. <\/p>\n\n\n\n<p>Trobareu un bon grapat de recomanacions per tenir en compte a l&#8217;hora de posar-nos davant la pantalla per generar un producte audiovisual. <\/p>\n\n\n\n<p>Podeu completar la visualitzaci\u00f3 d&#8217;aquest seminari amb la infografia seg\u00fcent:<\/p>\n\n\n\n<p><a href=\"https:\/\/drive.google.com\/file\/d\/1NTnwlFf8jGF0NDhaBAdbjf0BnpuwMqSb\/view?usp=sharing\" target=\"_blank\" rel=\"noreferrer noopener\"><span style=\"color:#007377\" class=\"has-inline-color\">Consells per a situar-se davant la c\u00e0mera.<\/span><\/a><\/p>\n<\/div>\n\n\n\n<div class=\"wp-block-column is-layout-flow wp-block-column-is-layout-flow\"><div class=\"h5p-iframe-wrapper\"><iframe id=\"h5p-iframe-8\" class=\"h5p-iframe\" data-content-id=\"8\" style=\"height:1px\" src=\"about:blank\" frameBorder=\"0\" scrolling=\"no\" title=\"Canal de Reporters - Seminari 2 - Docents\"><\/iframe><\/div>\n<\/div>\n<\/div>\n<\/div><\/div>\n\n\n\n<p><\/p>\n","protected":false},"excerpt":{"rendered":"<p>Data 12 de gener de 2023 Ponents Llu\u00eds Tovar Castilla Corresponsal de Mediaset i RAC 1 a Brussel\u00b7les.&nbsp; Descripci\u00f3 Seminari dedicat al periodisme escolar i la tasca del reporter, on s&#8217;ofereix al professorat de Prim\u00e0ria i Secund\u00e0ria consells sobre com dur a terme la tasca period\u00edstica. Trobareu un bon grapat de recomanacions per tenir en [&hellip;]<\/p>\n","protected":false},"author":17,"featured_media":0,"parent":9850,"menu_order":0,"comment_status":"closed","ping_status":"closed","template":"","meta":{"site-sidebar-layout":"no-sidebar","site-content-layout":"plain-container","ast-site-content-layout":"","site-content-style":"default","site-sidebar-style":"default","ast-global-header-display":"","ast-banner-title-visibility":"","ast-main-header-display":"","ast-hfb-above-header-display":"","ast-hfb-below-header-display":"","ast-hfb-mobile-header-display":"","site-post-title":"disabled","ast-breadcrumbs-content":"","ast-featured-img":"","footer-sml-layout":"","theme-transparent-header-meta":"","adv-header-id-meta":"","stick-header-meta":"","header-above-stick-meta":"","header-main-stick-meta":"","header-below-stick-meta":"","astra-migrate-meta-layouts":"default","ast-page-background-enabled":"default","ast-page-background-meta":{"desktop":{"background-color":"","background-image":"","background-repeat":"repeat","background-position":"center center","background-size":"auto","background-attachment":"scroll","background-type":"","background-media":"","overlay-type":"","overlay-color":"","overlay-opacity":"","overlay-gradient":""},"tablet":{"background-color":"","background-image":"","background-repeat":"repeat","background-position":"center center","background-size":"auto","background-attachment":"scroll","background-type":"","background-media":"","overlay-type":"","overlay-color":"","overlay-opacity":"","overlay-gradient":""},"mobile":{"background-color":"","background-image":"","background-repeat":"repeat","background-position":"center center","background-size":"auto","background-attachment":"scroll","background-type":"","background-media":"","overlay-type":"","overlay-color":"","overlay-opacity":"","overlay-gradient":""}},"ast-content-background-meta":{"desktop":{"background-color":"var(--ast-global-color-5)","background-image":"","background-repeat":"repeat","background-position":"center center","background-size":"auto","background-attachment":"scroll","background-type":"","background-media":"","overlay-type":"","overlay-color":"","overlay-opacity":"","overlay-gradient":""},"tablet":{"background-color":"var(--ast-global-color-5)","background-image":"","background-repeat":"repeat","background-position":"center center","background-size":"auto","background-attachment":"scroll","background-type":"","background-media":"","overlay-type":"","overlay-color":"","overlay-opacity":"","overlay-gradient":""},"mobile":{"background-color":"var(--ast-global-color-5)","background-image":"","background-repeat":"repeat","background-position":"center center","background-size":"auto","background-attachment":"scroll","background-type":"","background-media":"","overlay-type":"","overlay-color":"","overlay-opacity":"","overlay-gradient":""}},"footnotes":""},"class_list":["post-10398","page","type-page","status-publish","hentry"],"post_mailing_queue_ids":[],"_links":{"self":[{"href":"https:\/\/projectes.xtec.cat\/canaldereporters\/wp-json\/wp\/v2\/pages\/10398","targetHints":{"allow":["GET"]}}],"collection":[{"href":"https:\/\/projectes.xtec.cat\/canaldereporters\/wp-json\/wp\/v2\/pages"}],"about":[{"href":"https:\/\/projectes.xtec.cat\/canaldereporters\/wp-json\/wp\/v2\/types\/page"}],"author":[{"embeddable":true,"href":"https:\/\/projectes.xtec.cat\/canaldereporters\/wp-json\/wp\/v2\/users\/17"}],"replies":[{"embeddable":true,"href":"https:\/\/projectes.xtec.cat\/canaldereporters\/wp-json\/wp\/v2\/comments?post=10398"}],"version-history":[{"count":3,"href":"https:\/\/projectes.xtec.cat\/canaldereporters\/wp-json\/wp\/v2\/pages\/10398\/revisions"}],"predecessor-version":[{"id":12093,"href":"https:\/\/projectes.xtec.cat\/canaldereporters\/wp-json\/wp\/v2\/pages\/10398\/revisions\/12093"}],"up":[{"embeddable":true,"href":"https:\/\/projectes.xtec.cat\/canaldereporters\/wp-json\/wp\/v2\/pages\/9850"}],"wp:attachment":[{"href":"https:\/\/projectes.xtec.cat\/canaldereporters\/wp-json\/wp\/v2\/media?parent=10398"}],"curies":[{"name":"wp","href":"https:\/\/api.w.org\/{rel}","templated":true}]}}

<div style="height:30px" aria-hidden="true" class="wp-block-spacer"></div>



<div class="wp-block-group alignwide"><div class="wp-block-group__inner-container is-layout-flow wp-block-group-is-layout-flow">
<div class="wp-block-columns is-layout-flex wp-container-core-columns-is-layout-1 wp-block-columns-is-layout-flex">
<div class="wp-block-column is-layout-flow wp-block-column-is-layout-flow">
<h2 class="wp-block-heading"><span class="has-inline-color has-ast-global-color-1-color">Data</span></h2>



<p>12 de gener de 2023</p>



<h2 class="wp-block-heading"><span class="has-inline-color has-ast-global-color-1-color">Ponents</span></h2>



<ul class="wp-block-list"><li>Lluís Tovar Castilla</li></ul>



<p>Corresponsal de Mediaset i RAC 1 a Brussel·les.&nbsp;</p>



<h2 class="wp-block-heading"><span class="has-inline-color has-ast-global-color-1-color">Descripció</span></h2>



<p>Seminari dedicat al <strong>periodisme escolar i la tasca del reporter, </strong>on s&#8217;ofereix al professorat de Primària i Secundària consells sobre com dur a terme la tasca periodística. </p>



<p>Trobareu un bon grapat de recomanacions per tenir en compte a l&#8217;hora de posar-nos davant la pantalla per generar un producte audiovisual. </p>



<p>Podeu completar la visualització d&#8217;aquest seminari amb la infografia següent:</p>



<p><a href="https://drive.google.com/file/d/1NTnwlFf8jGF0NDhaBAdbjf0BnpuwMqSb/view?usp=sharing" target="_blank" rel="noreferrer noopener"><span style="color:#007377" class="has-inline-color">Consells per a situar-se davant la càmera.</span></a></p>
</div>



<div class="wp-block-column is-layout-flow wp-block-column-is-layout-flow"><div class="h5p-iframe-wrapper"><iframe id="h5p-iframe-8" class="h5p-iframe" data-content-id="8" style="height:1px" src="about:blank" frameBorder="0" scrolling="no" title="Canal de Reporters - Seminari 2 - Docents"></iframe></div>
</div>
</div>
</div></div>



<p></p>

<p>Data 12 de gener de 2023 Ponents Lluís Tovar Castilla Corresponsal de Mediaset i RAC 1 a Brussel·les.&nbsp; Descripció Seminari dedicat al periodisme escolar i la tasca del reporter, on s&#8217;ofereix al professorat de Primària i Secundària consells sobre com dur a terme la tasca periodística. Trobareu un bon grapat de recomanacions per tenir en [&hellip;]</p>
