{"id":11661,"date":"2023-04-04T16:21:22","date_gmt":"2023-04-04T14:21:22","guid":{"rendered":"https:\/\/projectes.xtec.cat\/canaldereporters\/?page_id=11661"},"modified":"2023-05-03T09:52:11","modified_gmt":"2023-05-03T07:52:11","slug":"enric-marin","status":"publish","type":"page","link":"https:\/\/projectes.xtec.cat\/canaldereporters\/jornadacr\/enric-marin\/","title":{"rendered":"Enric Mar\u00edn"},"content":{"rendered":"\n<div style=\"height:30px\" aria-hidden=\"true\" class=\"wp-block-spacer\"><\/div>\n\n\n\n<div class=\"wp-block-group alignwide\"><div class=\"wp-block-group__inner-container is-layout-flow wp-block-group-is-layout-flow\">\n<div class=\"wp-block-columns is-layout-flex wp-container-core-columns-is-layout-1 wp-block-columns-is-layout-flex\">\n<div class=\"wp-block-column is-layout-flow wp-block-column-is-layout-flow\">\n<p>L&#8217;Enric Marin i Otto&nbsp;\u00e9s periodista i deg\u00e0 de&nbsp;la&nbsp;Facultat de Ci\u00e8ncies de la Comunicaci\u00f3&nbsp;de la Universitat Aut\u00f2noma de Barcelona. Ha impartit doc\u00e8ncia a la&nbsp; Universitat Aut\u00f2noma de Barcelona, a la Universitat Ramon Llull i a la Universitat Oberta de Catalunya.&nbsp;Ha estat tamb\u00e9 secretari de Comunicaci\u00f3 de la Generalitat i president de la Corporaci\u00f3 Catalana de Mitjans Audiovisuals.<\/p>\n\n\n\n<p><strong>Formaci\u00f3:&nbsp;<\/strong><\/p>\n\n\n\n<ul class=\"wp-block-list\"><li>Doctor en ci\u00e8ncies de la informaci\u00f3 per la UAB.<\/li><\/ul>\n\n\n\n<p><strong><span style=\"color:#151819\" class=\"has-inline-color\">Graus que es poden estudiar a la Facultat de Ci\u00e8ncies de la Comunicaci\u00f3:<\/span><\/strong><\/p>\n\n\n\n<ul class=\"wp-block-list\"><li>Comunicaci\u00f3 Audiovisual<\/li><li>Comunicaci\u00f3 de les Organitzacions<\/li><li>Comunicaci\u00f3 Interactiva&nbsp;<\/li><li>Periodisme<\/li><li>Publicitat i Relacions P\u00fabliques<\/li><\/ul>\n\n\n\n<p><strong><span style=\"color:#030b0b\" class=\"has-inline-color\">Enlla\u00e7os:<\/span><\/strong><\/p>\n\n\n\n<p><a rel=\"noreferrer noopener\" href=\"https:\/\/www.uab.cat\/web\/facultat-de-ciencies-de-la-comunicacio-1345702085095.html\" target=\"_blank\"><strong>Web de la Facultat de Ci\u00e8ncies de la Comunicaci\u00f3<\/strong><\/a><\/p>\n\n\n\n<p><a rel=\"noreferrer noopener\" href=\"https:\/\/www.naciodigital.cat\/baixmontseny\/opinio\/autor\/2783\/pagina7\" target=\"_blank\"><strong>Recull articles d&#8217;opini\u00f3 de l&#8217;Enric Marin a Naci\u00f3 Digital<\/strong><\/a><\/p>\n<\/div>\n\n\n\n<div class=\"wp-block-column is-layout-flow wp-block-column-is-layout-flow\">\n<figure class=\"wp-block-image size-large\"><a href=\"https:\/\/projectes.xtec.cat\/canaldereporters\/wp-content\/uploads\/usu2921\/2023\/04\/FotoEnricMarin-1.jpg\"><img loading=\"lazy\" decoding=\"async\" width=\"900\" height=\"506\" src=\"https:\/\/projectes.xtec.cat\/canaldereporters\/wp-content\/uploads\/usu2921\/2023\/04\/FotoEnricMarin-1.jpg\" alt=\"\" class=\"wp-image-12065\" srcset=\"https:\/\/projectes.xtec.cat\/canaldereporters\/wp-content\/uploads\/usu2921\/2023\/04\/FotoEnricMarin-1.jpg 900w, https:\/\/projectes.xtec.cat\/canaldereporters\/wp-content\/uploads\/usu2921\/2023\/04\/FotoEnricMarin-1-300x169.jpg 300w, https:\/\/projectes.xtec.cat\/canaldereporters\/wp-content\/uploads\/usu2921\/2023\/04\/FotoEnricMarin-1-768x432.jpg 768w\" sizes=\"auto, (max-width: 900px) 100vw, 900px\" \/><\/a><\/figure>\n\n\n\n<figure class=\"wp-block-image size-large\"><a href=\"https:\/\/projectes.xtec.cat\/canaldereporters\/wp-content\/uploads\/usu2921\/2023\/04\/FacultatComunicacio01_a2016.jpg\"><img loading=\"lazy\" decoding=\"async\" width=\"1024\" height=\"575\" src=\"https:\/\/projectes.xtec.cat\/canaldereporters\/wp-content\/uploads\/usu2921\/2023\/04\/FacultatComunicacio01_a2016.jpg\" alt=\"\" class=\"wp-image-11662\" srcset=\"https:\/\/projectes.xtec.cat\/canaldereporters\/wp-content\/uploads\/usu2921\/2023\/04\/FacultatComunicacio01_a2016.jpg 1024w, https:\/\/projectes.xtec.cat\/canaldereporters\/wp-content\/uploads\/usu2921\/2023\/04\/FacultatComunicacio01_a2016-300x168.jpg 300w, https:\/\/projectes.xtec.cat\/canaldereporters\/wp-content\/uploads\/usu2921\/2023\/04\/FacultatComunicacio01_a2016-768x431.jpg 768w\" sizes=\"auto, (max-width: 1024px) 100vw, 1024px\" \/><\/a><\/figure>\n<\/div>\n<\/div>\n<\/div><\/div>\n","protected":false},"excerpt":{"rendered":"<p>L&#8217;Enric Marin i Otto&nbsp;\u00e9s periodista i deg\u00e0 de&nbsp;la&nbsp;Facultat de Ci\u00e8ncies de la Comunicaci\u00f3&nbsp;de la Universitat Aut\u00f2noma de Barcelona. Ha impartit doc\u00e8ncia a la&nbsp; Universitat Aut\u00f2noma de Barcelona, a la Universitat Ramon Llull i a la Universitat Oberta de Catalunya.&nbsp;Ha estat tamb\u00e9 secretari de Comunicaci\u00f3 de la Generalitat i president de la Corporaci\u00f3 Catalana de Mitjans [&hellip;]<\/p>\n","protected":false},"author":17,"featured_media":0,"parent":11793,"menu_order":0,"comment_status":"closed","ping_status":"closed","template":"","meta":{"site-sidebar-layout":"default","site-content-layout":"","ast-site-content-layout":"","site-content-style":"default","site-sidebar-style":"default","ast-global-header-display":"","ast-banner-title-visibility":"","ast-main-header-display":"","ast-hfb-above-header-display":"","ast-hfb-below-header-display":"","ast-hfb-mobile-header-display":"","site-post-title":"","ast-breadcrumbs-content":"","ast-featured-img":"","footer-sml-layout":"","theme-transparent-header-meta":"","adv-header-id-meta":"","stick-header-meta":"","header-above-stick-meta":"","header-main-stick-meta":"","header-below-stick-meta":"","astra-migrate-meta-layouts":"default","ast-page-background-enabled":"default","ast-page-background-meta":{"desktop":{"background-color":"","background-image":"","background-repeat":"repeat","background-position":"center center","background-size":"auto","background-attachment":"scroll","background-type":"","background-media":"","overlay-type":"","overlay-color":"","overlay-opacity":"","overlay-gradient":""},"tablet":{"background-color":"","background-image":"","background-repeat":"repeat","background-position":"center center","background-size":"auto","background-attachment":"scroll","background-type":"","background-media":"","overlay-type":"","overlay-color":"","overlay-opacity":"","overlay-gradient":""},"mobile":{"background-color":"","background-image":"","background-repeat":"repeat","background-position":"center center","background-size":"auto","background-attachment":"scroll","background-type":"","background-media":"","overlay-type":"","overlay-color":"","overlay-opacity":"","overlay-gradient":""}},"ast-content-background-meta":{"desktop":{"background-color":"var(--ast-global-color-5)","background-image":"","background-repeat":"repeat","background-position":"center center","background-size":"auto","background-attachment":"scroll","background-type":"","background-media":"","overlay-type":"","overlay-color":"","overlay-opacity":"","overlay-gradient":""},"tablet":{"background-color":"var(--ast-global-color-5)","background-image":"","background-repeat":"repeat","background-position":"center center","background-size":"auto","background-attachment":"scroll","background-type":"","background-media":"","overlay-type":"","overlay-color":"","overlay-opacity":"","overlay-gradient":""},"mobile":{"background-color":"var(--ast-global-color-5)","background-image":"","background-repeat":"repeat","background-position":"center center","background-size":"auto","background-attachment":"scroll","background-type":"","background-media":"","overlay-type":"","overlay-color":"","overlay-opacity":"","overlay-gradient":""}},"footnotes":""},"class_list":["post-11661","page","type-page","status-publish","hentry"],"post_mailing_queue_ids":[],"_links":{"self":[{"href":"https:\/\/projectes.xtec.cat\/canaldereporters\/wp-json\/wp\/v2\/pages\/11661","targetHints":{"allow":["GET"]}}],"collection":[{"href":"https:\/\/projectes.xtec.cat\/canaldereporters\/wp-json\/wp\/v2\/pages"}],"about":[{"href":"https:\/\/projectes.xtec.cat\/canaldereporters\/wp-json\/wp\/v2\/types\/page"}],"author":[{"embeddable":true,"href":"https:\/\/projectes.xtec.cat\/canaldereporters\/wp-json\/wp\/v2\/users\/17"}],"replies":[{"embeddable":true,"href":"https:\/\/projectes.xtec.cat\/canaldereporters\/wp-json\/wp\/v2\/comments?post=11661"}],"version-history":[{"count":3,"href":"https:\/\/projectes.xtec.cat\/canaldereporters\/wp-json\/wp\/v2\/pages\/11661\/revisions"}],"predecessor-version":[{"id":12099,"href":"https:\/\/projectes.xtec.cat\/canaldereporters\/wp-json\/wp\/v2\/pages\/11661\/revisions\/12099"}],"up":[{"embeddable":true,"href":"https:\/\/projectes.xtec.cat\/canaldereporters\/wp-json\/wp\/v2\/pages\/11793"}],"wp:attachment":[{"href":"https:\/\/projectes.xtec.cat\/canaldereporters\/wp-json\/wp\/v2\/media?parent=11661"}],"curies":[{"name":"wp","href":"https:\/\/api.w.org\/{rel}","templated":true}]}}

Enric Marín

<div style="height:30px" aria-hidden="true" class="wp-block-spacer"></div>



<div class="wp-block-group alignwide"><div class="wp-block-group__inner-container is-layout-flow wp-block-group-is-layout-flow">
<div class="wp-block-columns is-layout-flex wp-container-core-columns-is-layout-1 wp-block-columns-is-layout-flex">
<div class="wp-block-column is-layout-flow wp-block-column-is-layout-flow">
<p>L&#8217;Enric Marin i Otto&nbsp;és periodista i degà de&nbsp;la&nbsp;Facultat de Ciències de la Comunicació&nbsp;de la Universitat Autònoma de Barcelona. Ha impartit docència a la&nbsp; Universitat Autònoma de Barcelona, a la Universitat Ramon Llull i a la Universitat Oberta de Catalunya.&nbsp;Ha estat també secretari de Comunicació de la Generalitat i president de la Corporació Catalana de Mitjans Audiovisuals.</p>



<p><strong>Formació:&nbsp;</strong></p>



<ul class="wp-block-list"><li>Doctor en ciències de la informació per la UAB.</li></ul>



<p><strong><span style="color:#151819" class="has-inline-color">Graus que es poden estudiar a la Facultat de Ciències de la Comunicació:</span></strong></p>



<ul class="wp-block-list"><li>Comunicació Audiovisual</li><li>Comunicació de les Organitzacions</li><li>Comunicació Interactiva&nbsp;</li><li>Periodisme</li><li>Publicitat i Relacions Públiques</li></ul>



<p><strong><span style="color:#030b0b" class="has-inline-color">Enllaços:</span></strong></p>



<p><a rel="noreferrer noopener" href="https://www.uab.cat/web/facultat-de-ciencies-de-la-comunicacio-1345702085095.html" target="_blank"><strong>Web de la Facultat de Ciències de la Comunicació</strong></a></p>



<p><a rel="noreferrer noopener" href="https://www.naciodigital.cat/baixmontseny/opinio/autor/2783/pagina7" target="_blank"><strong>Recull articles d&#8217;opinió de l&#8217;Enric Marin a Nació Digital</strong></a></p>
</div>



<div class="wp-block-column is-layout-flow wp-block-column-is-layout-flow">
<figure class="wp-block-image size-large"><a href="https://projectes.xtec.cat/canaldereporters/wp-content/uploads/usu2921/2023/04/FotoEnricMarin-1.jpg"><img loading="lazy" decoding="async" width="900" height="506" src="https://projectes.xtec.cat/canaldereporters/wp-content/uploads/usu2921/2023/04/FotoEnricMarin-1.jpg" alt="" class="wp-image-12065" srcset="https://projectes.xtec.cat/canaldereporters/wp-content/uploads/usu2921/2023/04/FotoEnricMarin-1.jpg 900w, https://projectes.xtec.cat/canaldereporters/wp-content/uploads/usu2921/2023/04/FotoEnricMarin-1-300x169.jpg 300w, https://projectes.xtec.cat/canaldereporters/wp-content/uploads/usu2921/2023/04/FotoEnricMarin-1-768x432.jpg 768w" sizes="auto, (max-width: 900px) 100vw, 900px" /></a></figure>



<figure class="wp-block-image size-large"><a href="https://projectes.xtec.cat/canaldereporters/wp-content/uploads/usu2921/2023/04/FacultatComunicacio01_a2016.jpg"><img loading="lazy" decoding="async" width="1024" height="575" src="https://projectes.xtec.cat/canaldereporters/wp-content/uploads/usu2921/2023/04/FacultatComunicacio01_a2016.jpg" alt="" class="wp-image-11662" srcset="https://projectes.xtec.cat/canaldereporters/wp-content/uploads/usu2921/2023/04/FacultatComunicacio01_a2016.jpg 1024w, https://projectes.xtec.cat/canaldereporters/wp-content/uploads/usu2921/2023/04/FacultatComunicacio01_a2016-300x168.jpg 300w, https://projectes.xtec.cat/canaldereporters/wp-content/uploads/usu2921/2023/04/FacultatComunicacio01_a2016-768x431.jpg 768w" sizes="auto, (max-width: 1024px) 100vw, 1024px" /></a></figure>
</div>
</div>
</div></div>

<p>L&#8217;Enric Marin i Otto&nbsp;és periodista i degà de&nbsp;la&nbsp;Facultat de Ciències de la Comunicació&nbsp;de la Universitat Autònoma de Barcelona. Ha impartit docència a la&nbsp; Universitat Autònoma de Barcelona, a la Universitat Ramon Llull i a la Universitat Oberta de Catalunya.&nbsp;Ha estat també secretari de Comunicació de la Generalitat i president de la Corporació Catalana de Mitjans [&hellip;]</p>
