{"id":11709,"date":"2023-04-04T16:19:10","date_gmt":"2023-04-04T14:19:10","guid":{"rendered":"https:\/\/projectes.xtec.cat\/canaldereporters\/?page_id=11709"},"modified":"2023-04-26T10:13:26","modified_gmt":"2023-04-26T08:13:26","slug":"raquel-ballesteros","status":"publish","type":"page","link":"https:\/\/projectes.xtec.cat\/canaldereporters\/jornadacr\/raquel-ballesteros\/","title":{"rendered":"Raquel Ballesteros"},"content":{"rendered":"\n<div style=\"height:30px\" aria-hidden=\"true\" class=\"wp-block-spacer\"><\/div>\n\n\n\n<div class=\"wp-block-group alignwide\"><div class=\"wp-block-group__inner-container is-layout-flow wp-block-group-is-layout-flow\">\n<div class=\"wp-block-columns is-layout-flex wp-container-core-columns-is-layout-1 wp-block-columns-is-layout-flex\">\n<div class=\"wp-block-column is-layout-flow wp-block-column-is-layout-flow\">\n<p>La Raquel Ballesteros&nbsp;\u00e9s la responsable de seguiment de la implementaci\u00f3 de l&#8217;Agenda 2030 dins de l\u2019equip t\u00e8cnic del (CADS) Consell Assessor per al Desenvolupament Sostenible de Catalunya.&nbsp;<\/p>\n\n\n\n<p><strong>Formaci\u00f3:&nbsp;<\/strong><\/p>\n\n\n\n<ul class=\"wp-block-list\"><li>Llicenciada en Dret, m\u00e0ster avan\u00e7at en Ci\u00e8ncies Jur\u00eddiques, m\u00e0ster executiu en Diplom\u00e0cia i Acci\u00f3 Exterior&nbsp;per la UPF. Postgrau en Pol\u00edtiques d&#8217;Igualtat de G\u00e8nere a la Gesti\u00f3 P\u00fablica i Estudis d&#8217;afers europeus per la UB. <\/li><\/ul>\n\n\n\n<p><strong>Funcions del CADS:<\/strong><\/p>\n\n\n\n<p>El CADS t\u00e9 com a funci\u00f3 assessorar el Govern de Catalunya en la integraci\u00f3 de la sostenibilitat en les seves principals pol\u00edtiques i actuacions. Per aquest motiu, el consell formula recomanacions sobre realitats complexes, amb visi\u00f3 sist\u00e8mica i tenint present la diversitat d&#8217;actors que integren la societat catalana.<\/p>\n\n\n\n<p>A trav\u00e9s del seu treball, el CADS vol contribuir a que Catalunya afronti els reptes \u2013actuals i futurs- envers la seva sostenibilitat.<\/p>\n<\/div>\n\n\n\n<div class=\"wp-block-column is-layout-flow wp-block-column-is-layout-flow\">\n<figure class=\"wp-block-image size-large is-resized\"><a href=\"https:\/\/projectes.xtec.cat\/canaldereporters\/wp-content\/uploads\/usu2921\/2023\/04\/47630899S_Ballesteros_Arenas_Raquel.jpg\"><img loading=\"lazy\" decoding=\"async\" src=\"https:\/\/projectes.xtec.cat\/canaldereporters\/wp-content\/uploads\/usu2921\/2023\/04\/47630899S_Ballesteros_Arenas_Raquel.jpg\" alt=\"\" class=\"wp-image-12013\" width=\"493\" height=\"503\" srcset=\"https:\/\/projectes.xtec.cat\/canaldereporters\/wp-content\/uploads\/usu2921\/2023\/04\/47630899S_Ballesteros_Arenas_Raquel.jpg 985w, https:\/\/projectes.xtec.cat\/canaldereporters\/wp-content\/uploads\/usu2921\/2023\/04\/47630899S_Ballesteros_Arenas_Raquel-294x300.jpg 294w, https:\/\/projectes.xtec.cat\/canaldereporters\/wp-content\/uploads\/usu2921\/2023\/04\/47630899S_Ballesteros_Arenas_Raquel-768x784.jpg 768w\" sizes=\"auto, (max-width: 493px) 100vw, 493px\" \/><\/a><\/figure>\n<\/div>\n<\/div>\n<\/div><\/div>\n\n\n\n<div class=\"wp-block-group alignwide\"><div class=\"wp-block-group__inner-container is-layout-flow wp-block-group-is-layout-flow\">\n<div class=\"wp-block-columns is-layout-flex wp-container-core-columns-is-layout-2 wp-block-columns-is-layout-flex\">\n<div class=\"wp-block-column is-layout-flow wp-block-column-is-layout-flow\">\n<p><span style=\"color:#030b0b\" class=\"has-inline-color\"><strong>Enlla\u00e7os:<\/strong><\/span><\/p>\n\n\n\n<p><strong><a rel=\"noreferrer noopener\" href=\"https:\/\/cads.gencat.cat\/ca\/inici\" target=\"_blank\"><a rel=\"noreferrer noopener\" href=\"https:\/\/cads.gencat.cat\/ca\/inici\/index.html\" target=\"_blank\">Inici. Consell Assessor per al Desenvolupament Sostenible (gencat.cat)<\/a><\/a><\/strong><\/p>\n\n\n\n<p><strong><a rel=\"noreferrer noopener\" href=\"https:\/\/cads.gencat.cat\/ca\/qui-som\/equip-tecnic\/\" target=\"_blank\"><a rel=\"noreferrer noopener\" href=\"https:\/\/cads.gencat.cat\/ca\/qui-som\/equip-tecnic\/\" target=\"_blank\">Equip t\u00e8cnic. Consell Assessor per al Desenvolupament Sostenible (gencat.cat)<\/a><\/a><\/strong><\/p>\n\n\n\n<p><strong><a rel=\"noreferrer noopener\" href=\"https:\/\/cads.gencat.cat\/ca\/informes\/\" target=\"_blank\"><a rel=\"noreferrer noopener\" href=\"https:\/\/cads.gencat.cat\/ca\/Agenda_2030\/informe-cads-agenda-2030\/\" target=\"_blank\">Informe del CADS &#8216;L&#8217;Agenda 2030: transformar Catalunya, millorar el m\u00f3n&#8217;. Consell Assessor per al Desenvolupament Sostenible (gencat.cat)<\/a><\/a><\/strong><\/p>\n\n\n\n<p><a rel=\"noreferrer noopener\" href=\"https:\/\/cads.gencat.cat\/ca\/Agenda_2030\/\" target=\"_blank\"><strong>agenda2030.gencat.cat\u00a0<\/strong><\/a><\/p>\n<\/div>\n<\/div>\n<\/div><\/div>\n","protected":false},"excerpt":{"rendered":"<p>La Raquel Ballesteros&nbsp;\u00e9s la responsable de seguiment de la implementaci\u00f3 de l&#8217;Agenda 2030 dins de l\u2019equip t\u00e8cnic del (CADS) Consell Assessor per al Desenvolupament Sostenible de Catalunya.&nbsp; Formaci\u00f3:&nbsp; Llicenciada en Dret, m\u00e0ster avan\u00e7at en Ci\u00e8ncies Jur\u00eddiques, m\u00e0ster executiu en Diplom\u00e0cia i Acci\u00f3 Exterior&nbsp;per la UPF. Postgrau en Pol\u00edtiques d&#8217;Igualtat de G\u00e8nere a la Gesti\u00f3 P\u00fablica [&hellip;]<\/p>\n","protected":false},"author":17,"featured_media":0,"parent":11793,"menu_order":0,"comment_status":"closed","ping_status":"closed","template":"","meta":{"site-sidebar-layout":"default","site-content-layout":"","ast-site-content-layout":"","site-content-style":"default","site-sidebar-style":"default","ast-global-header-display":"","ast-banner-title-visibility":"","ast-main-header-display":"","ast-hfb-above-header-display":"","ast-hfb-below-header-display":"","ast-hfb-mobile-header-display":"","site-post-title":"","ast-breadcrumbs-content":"","ast-featured-img":"","footer-sml-layout":"","theme-transparent-header-meta":"","adv-header-id-meta":"","stick-header-meta":"","header-above-stick-meta":"","header-main-stick-meta":"","header-below-stick-meta":"","astra-migrate-meta-layouts":"default","ast-page-background-enabled":"default","ast-page-background-meta":{"desktop":{"background-color":"","background-image":"","background-repeat":"repeat","background-position":"center center","background-size":"auto","background-attachment":"scroll","background-type":"","background-media":"","overlay-type":"","overlay-color":"","overlay-opacity":"","overlay-gradient":""},"tablet":{"background-color":"","background-image":"","background-repeat":"repeat","background-position":"center center","background-size":"auto","background-attachment":"scroll","background-type":"","background-media":"","overlay-type":"","overlay-color":"","overlay-opacity":"","overlay-gradient":""},"mobile":{"background-color":"","background-image":"","background-repeat":"repeat","background-position":"center center","background-size":"auto","background-attachment":"scroll","background-type":"","background-media":"","overlay-type":"","overlay-color":"","overlay-opacity":"","overlay-gradient":""}},"ast-content-background-meta":{"desktop":{"background-color":"var(--ast-global-color-5)","background-image":"","background-repeat":"repeat","background-position":"center center","background-size":"auto","background-attachment":"scroll","background-type":"","background-media":"","overlay-type":"","overlay-color":"","overlay-opacity":"","overlay-gradient":""},"tablet":{"background-color":"var(--ast-global-color-5)","background-image":"","background-repeat":"repeat","background-position":"center center","background-size":"auto","background-attachment":"scroll","background-type":"","background-media":"","overlay-type":"","overlay-color":"","overlay-opacity":"","overlay-gradient":""},"mobile":{"background-color":"var(--ast-global-color-5)","background-image":"","background-repeat":"repeat","background-position":"center center","background-size":"auto","background-attachment":"scroll","background-type":"","background-media":"","overlay-type":"","overlay-color":"","overlay-opacity":"","overlay-gradient":""}},"footnotes":""},"class_list":["post-11709","page","type-page","status-publish","hentry"],"post_mailing_queue_ids":[],"_links":{"self":[{"href":"https:\/\/projectes.xtec.cat\/canaldereporters\/wp-json\/wp\/v2\/pages\/11709","targetHints":{"allow":["GET"]}}],"collection":[{"href":"https:\/\/projectes.xtec.cat\/canaldereporters\/wp-json\/wp\/v2\/pages"}],"about":[{"href":"https:\/\/projectes.xtec.cat\/canaldereporters\/wp-json\/wp\/v2\/types\/page"}],"author":[{"embeddable":true,"href":"https:\/\/projectes.xtec.cat\/canaldereporters\/wp-json\/wp\/v2\/users\/17"}],"replies":[{"embeddable":true,"href":"https:\/\/projectes.xtec.cat\/canaldereporters\/wp-json\/wp\/v2\/comments?post=11709"}],"version-history":[{"count":3,"href":"https:\/\/projectes.xtec.cat\/canaldereporters\/wp-json\/wp\/v2\/pages\/11709\/revisions"}],"predecessor-version":[{"id":12020,"href":"https:\/\/projectes.xtec.cat\/canaldereporters\/wp-json\/wp\/v2\/pages\/11709\/revisions\/12020"}],"up":[{"embeddable":true,"href":"https:\/\/projectes.xtec.cat\/canaldereporters\/wp-json\/wp\/v2\/pages\/11793"}],"wp:attachment":[{"href":"https:\/\/projectes.xtec.cat\/canaldereporters\/wp-json\/wp\/v2\/media?parent=11709"}],"curies":[{"name":"wp","href":"https:\/\/api.w.org\/{rel}","templated":true}]}}

<div style="height:30px" aria-hidden="true" class="wp-block-spacer"></div>



<div class="wp-block-group alignwide"><div class="wp-block-group__inner-container is-layout-flow wp-block-group-is-layout-flow">
<div class="wp-block-columns is-layout-flex wp-container-core-columns-is-layout-1 wp-block-columns-is-layout-flex">
<div class="wp-block-column is-layout-flow wp-block-column-is-layout-flow">
<p>La Raquel Ballesteros&nbsp;és la responsable de seguiment de la implementació de l&#8217;Agenda 2030 dins de l’equip tècnic del (CADS) Consell Assessor per al Desenvolupament Sostenible de Catalunya.&nbsp;</p>



<p><strong>Formació:&nbsp;</strong></p>



<ul class="wp-block-list"><li>Llicenciada en Dret, màster avançat en Ciències Jurídiques, màster executiu en Diplomàcia i Acció Exterior&nbsp;per la UPF. Postgrau en Polítiques d&#8217;Igualtat de Gènere a la Gestió Pública i Estudis d&#8217;afers europeus per la UB. </li></ul>



<p><strong>Funcions del CADS:</strong></p>



<p>El CADS té com a funció assessorar el Govern de Catalunya en la integració de la sostenibilitat en les seves principals polítiques i actuacions. Per aquest motiu, el consell formula recomanacions sobre realitats complexes, amb visió sistèmica i tenint present la diversitat d&#8217;actors que integren la societat catalana.</p>



<p>A través del seu treball, el CADS vol contribuir a que Catalunya afronti els reptes –actuals i futurs- envers la seva sostenibilitat.</p>
</div>



<div class="wp-block-column is-layout-flow wp-block-column-is-layout-flow">
<figure class="wp-block-image size-large is-resized"><a href="https://projectes.xtec.cat/canaldereporters/wp-content/uploads/usu2921/2023/04/47630899S_Ballesteros_Arenas_Raquel.jpg"><img loading="lazy" decoding="async" src="https://projectes.xtec.cat/canaldereporters/wp-content/uploads/usu2921/2023/04/47630899S_Ballesteros_Arenas_Raquel.jpg" alt="" class="wp-image-12013" width="493" height="503" srcset="https://projectes.xtec.cat/canaldereporters/wp-content/uploads/usu2921/2023/04/47630899S_Ballesteros_Arenas_Raquel.jpg 985w, https://projectes.xtec.cat/canaldereporters/wp-content/uploads/usu2921/2023/04/47630899S_Ballesteros_Arenas_Raquel-294x300.jpg 294w, https://projectes.xtec.cat/canaldereporters/wp-content/uploads/usu2921/2023/04/47630899S_Ballesteros_Arenas_Raquel-768x784.jpg 768w" sizes="auto, (max-width: 493px) 100vw, 493px" /></a></figure>
</div>
</div>
</div></div>



<div class="wp-block-group alignwide"><div class="wp-block-group__inner-container is-layout-flow wp-block-group-is-layout-flow">
<div class="wp-block-columns is-layout-flex wp-container-core-columns-is-layout-2 wp-block-columns-is-layout-flex">
<div class="wp-block-column is-layout-flow wp-block-column-is-layout-flow">
<p><span style="color:#030b0b" class="has-inline-color"><strong>Enllaços:</strong></span></p>



<p><strong><a rel="noreferrer noopener" href="https://cads.gencat.cat/ca/inici" target="_blank"><a rel="noreferrer noopener" href="https://cads.gencat.cat/ca/inici/index.html" target="_blank">Inici. Consell Assessor per al Desenvolupament Sostenible (gencat.cat)</a></a></strong></p>



<p><strong><a rel="noreferrer noopener" href="https://cads.gencat.cat/ca/qui-som/equip-tecnic/" target="_blank"><a rel="noreferrer noopener" href="https://cads.gencat.cat/ca/qui-som/equip-tecnic/" target="_blank">Equip tècnic. Consell Assessor per al Desenvolupament Sostenible (gencat.cat)</a></a></strong></p>



<p><strong><a rel="noreferrer noopener" href="https://cads.gencat.cat/ca/informes/" target="_blank"><a rel="noreferrer noopener" href="https://cads.gencat.cat/ca/Agenda_2030/informe-cads-agenda-2030/" target="_blank">Informe del CADS &#8216;L&#8217;Agenda 2030: transformar Catalunya, millorar el món&#8217;. Consell Assessor per al Desenvolupament Sostenible (gencat.cat)</a></a></strong></p>



<p><a rel="noreferrer noopener" href="https://cads.gencat.cat/ca/Agenda_2030/" target="_blank"><strong>agenda2030.gencat.cat </strong></a></p>
</div>
</div>
</div></div>

<p>La Raquel Ballesteros&nbsp;és la responsable de seguiment de la implementació de l&#8217;Agenda 2030 dins de l’equip tècnic del (CADS) Consell Assessor per al Desenvolupament Sostenible de Catalunya.&nbsp; Formació:&nbsp; Llicenciada en Dret, màster avançat en Ciències Jurídiques, màster executiu en Diplomàcia i Acció Exterior&nbsp;per la UPF. Postgrau en Polítiques d&#8217;Igualtat de Gènere a la Gestió Pública [&hellip;]</p>
