{"id":11919,"date":"2023-04-25T13:24:49","date_gmt":"2023-04-25T11:24:49","guid":{"rendered":"https:\/\/projectes.xtec.cat\/canaldereporters\/?page_id=11919"},"modified":"2023-04-26T12:58:42","modified_gmt":"2023-04-26T10:58:42","slug":"joan-cuevas","status":"publish","type":"page","link":"https:\/\/projectes.xtec.cat\/canaldereporters\/jornadacr\/joan-cuevas\/","title":{"rendered":"Joan Cuevas"},"content":{"rendered":"\n<div style=\"height:30px\" aria-hidden=\"true\" class=\"wp-block-spacer\"><\/div>\n\n\n\n<div class=\"wp-block-group alignwide\"><div class=\"wp-block-group__inner-container is-layout-flow wp-block-group-is-layout-flow\">\n<div class=\"wp-block-columns is-layout-flex wp-container-core-columns-is-layout-1 wp-block-columns-is-layout-flex\">\n<div class=\"wp-block-column is-layout-flow wp-block-column-is-layout-flow\">\n<p>En Joan Cuevas \u00e9s Director general d&#8217;Innovaci\u00f3, Digitalitzaci\u00f3, Curr\u00edculum i Lleng\u00fces al Departament d&#8217;Educaci\u00f3.<\/p>\n\n\n\n<p><strong>Formaci\u00f3:&nbsp;<\/strong><\/p>\n\n\n\n<ul class=\"wp-block-list\"><li>M\u00e0ster en Pol\u00edtiques P\u00fabliques i Socials The Johns Hopkins University &#8211; UPF (2011)<\/li><li>Llicenciatura en Ci\u00e8ncies Pol\u00edtiques i de l\u2019Administraci\u00f3 Universitat Aut\u00f2noma de Barcelona (2011)<\/li><li>Certificat d\u2019Aptitud Pedag\u00f2gica Universitat Aut\u00f2noma de Barcelona (2009)<\/li><li>Programa de Evaluaci\u00f3n de las Pol\u00edticas P\u00fablicas y los Programas Sociales (IESE, 2014)<\/li><\/ul>\n\n\n\n<p><span style=\"color:#030b0b\" class=\"has-inline-color\"><strong>Enlla\u00e7os:<\/strong><\/span><\/p>\n\n\n\n<p><strong><a href=\"http:\/\/sac.gencat.cat\/sacgencat\/AppJava\/organisme_fitxa.jsp?codi=20884\" target=\"_blank\" rel=\"noreferrer noopener\">Perfil i traject\u00f2ria professional<\/a><\/strong><\/p>\n\n\n\n<p><a rel=\"noreferrer noopener\" href=\"https:\/\/www.joancuevas.cat\/2019\/02\/transformar-des-de-la-politica.html\" target=\"_blank\"><strong>Autor del llibre &#8220;Transformar des de la pol\u00edtica<\/strong><\/a>&#8220;<\/p>\n\n\n\n<p><a rel=\"noreferrer noopener\" href=\"https:\/\/www.diaridesabadell.com\/sabadell\/opinio\/joan-cuevas\/\" target=\"_blank\"><strong>Col\u00b7laborador del Diari de Sabadell<\/strong> <\/a><\/p>\n<\/div>\n\n\n\n<div class=\"wp-block-column is-layout-flow wp-block-column-is-layout-flow\">\n<figure class=\"wp-block-image size-large is-resized\"><a href=\"https:\/\/projectes.xtec.cat\/canaldereporters\/wp-content\/uploads\/usu2921\/2023\/04\/Joan_Cuevas_01-2.jpg\"><img loading=\"lazy\" decoding=\"async\" src=\"https:\/\/projectes.xtec.cat\/canaldereporters\/wp-content\/uploads\/usu2921\/2023\/04\/Joan_Cuevas_01-2-884x1024.jpg\" alt=\"\" class=\"wp-image-12057\" width=\"442\" height=\"512\" srcset=\"https:\/\/projectes.xtec.cat\/canaldereporters\/wp-content\/uploads\/usu2921\/2023\/04\/Joan_Cuevas_01-2-884x1024.jpg 884w, https:\/\/projectes.xtec.cat\/canaldereporters\/wp-content\/uploads\/usu2921\/2023\/04\/Joan_Cuevas_01-2-259x300.jpg 259w, https:\/\/projectes.xtec.cat\/canaldereporters\/wp-content\/uploads\/usu2921\/2023\/04\/Joan_Cuevas_01-2-768x890.jpg 768w, https:\/\/projectes.xtec.cat\/canaldereporters\/wp-content\/uploads\/usu2921\/2023\/04\/Joan_Cuevas_01-2-1325x1536.jpg 1325w, https:\/\/projectes.xtec.cat\/canaldereporters\/wp-content\/uploads\/usu2921\/2023\/04\/Joan_Cuevas_01-2-1767x2048.jpg 1767w\" sizes=\"auto, (max-width: 442px) 100vw, 442px\" \/><\/a><\/figure>\n<\/div>\n<\/div>\n<\/div><\/div>\n","protected":false},"excerpt":{"rendered":"<p>En Joan Cuevas \u00e9s Director general d&#8217;Innovaci\u00f3, Digitalitzaci\u00f3, Curr\u00edculum i Lleng\u00fces al Departament d&#8217;Educaci\u00f3. Formaci\u00f3:&nbsp; M\u00e0ster en Pol\u00edtiques P\u00fabliques i Socials The Johns Hopkins University &#8211; UPF (2011) Llicenciatura en Ci\u00e8ncies Pol\u00edtiques i de l\u2019Administraci\u00f3 Universitat Aut\u00f2noma de Barcelona (2011) Certificat d\u2019Aptitud Pedag\u00f2gica Universitat Aut\u00f2noma de Barcelona (2009) Programa de Evaluaci\u00f3n de las Pol\u00edticas P\u00fablicas [&hellip;]<\/p>\n","protected":false},"author":17,"featured_media":0,"parent":11793,"menu_order":0,"comment_status":"closed","ping_status":"closed","template":"","meta":{"site-sidebar-layout":"default","site-content-layout":"","ast-site-content-layout":"","site-content-style":"default","site-sidebar-style":"default","ast-global-header-display":"","ast-banner-title-visibility":"","ast-main-header-display":"","ast-hfb-above-header-display":"","ast-hfb-below-header-display":"","ast-hfb-mobile-header-display":"","site-post-title":"","ast-breadcrumbs-content":"","ast-featured-img":"","footer-sml-layout":"","theme-transparent-header-meta":"","adv-header-id-meta":"","stick-header-meta":"","header-above-stick-meta":"","header-main-stick-meta":"","header-below-stick-meta":"","astra-migrate-meta-layouts":"default","ast-page-background-enabled":"default","ast-page-background-meta":{"desktop":{"background-color":"","background-image":"","background-repeat":"repeat","background-position":"center center","background-size":"auto","background-attachment":"scroll","background-type":"","background-media":"","overlay-type":"","overlay-color":"","overlay-opacity":"","overlay-gradient":""},"tablet":{"background-color":"","background-image":"","background-repeat":"repeat","background-position":"center center","background-size":"auto","background-attachment":"scroll","background-type":"","background-media":"","overlay-type":"","overlay-color":"","overlay-opacity":"","overlay-gradient":""},"mobile":{"background-color":"","background-image":"","background-repeat":"repeat","background-position":"center center","background-size":"auto","background-attachment":"scroll","background-type":"","background-media":"","overlay-type":"","overlay-color":"","overlay-opacity":"","overlay-gradient":""}},"ast-content-background-meta":{"desktop":{"background-color":"var(--ast-global-color-5)","background-image":"","background-repeat":"repeat","background-position":"center center","background-size":"auto","background-attachment":"scroll","background-type":"","background-media":"","overlay-type":"","overlay-color":"","overlay-opacity":"","overlay-gradient":""},"tablet":{"background-color":"var(--ast-global-color-5)","background-image":"","background-repeat":"repeat","background-position":"center center","background-size":"auto","background-attachment":"scroll","background-type":"","background-media":"","overlay-type":"","overlay-color":"","overlay-opacity":"","overlay-gradient":""},"mobile":{"background-color":"var(--ast-global-color-5)","background-image":"","background-repeat":"repeat","background-position":"center center","background-size":"auto","background-attachment":"scroll","background-type":"","background-media":"","overlay-type":"","overlay-color":"","overlay-opacity":"","overlay-gradient":""}},"footnotes":""},"class_list":["post-11919","page","type-page","status-publish","hentry"],"post_mailing_queue_ids":[],"_links":{"self":[{"href":"https:\/\/projectes.xtec.cat\/canaldereporters\/wp-json\/wp\/v2\/pages\/11919","targetHints":{"allow":["GET"]}}],"collection":[{"href":"https:\/\/projectes.xtec.cat\/canaldereporters\/wp-json\/wp\/v2\/pages"}],"about":[{"href":"https:\/\/projectes.xtec.cat\/canaldereporters\/wp-json\/wp\/v2\/types\/page"}],"author":[{"embeddable":true,"href":"https:\/\/projectes.xtec.cat\/canaldereporters\/wp-json\/wp\/v2\/users\/17"}],"replies":[{"embeddable":true,"href":"https:\/\/projectes.xtec.cat\/canaldereporters\/wp-json\/wp\/v2\/comments?post=11919"}],"version-history":[{"count":3,"href":"https:\/\/projectes.xtec.cat\/canaldereporters\/wp-json\/wp\/v2\/pages\/11919\/revisions"}],"predecessor-version":[{"id":13297,"href":"https:\/\/projectes.xtec.cat\/canaldereporters\/wp-json\/wp\/v2\/pages\/11919\/revisions\/13297"}],"up":[{"embeddable":true,"href":"https:\/\/projectes.xtec.cat\/canaldereporters\/wp-json\/wp\/v2\/pages\/11793"}],"wp:attachment":[{"href":"https:\/\/projectes.xtec.cat\/canaldereporters\/wp-json\/wp\/v2\/media?parent=11919"}],"curies":[{"name":"wp","href":"https:\/\/api.w.org\/{rel}","templated":true}]}}

<div style="height:30px" aria-hidden="true" class="wp-block-spacer"></div>



<div class="wp-block-group alignwide"><div class="wp-block-group__inner-container is-layout-flow wp-block-group-is-layout-flow">
<div class="wp-block-columns is-layout-flex wp-container-core-columns-is-layout-1 wp-block-columns-is-layout-flex">
<div class="wp-block-column is-layout-flow wp-block-column-is-layout-flow">
<p>En Joan Cuevas és Director general d&#8217;Innovació, Digitalització, Currículum i Llengües al Departament d&#8217;Educació.</p>



<p><strong>Formació:&nbsp;</strong></p>



<ul class="wp-block-list"><li>Màster en Polítiques Públiques i Socials The Johns Hopkins University &#8211; UPF (2011)</li><li>Llicenciatura en Ciències Polítiques i de l’Administració Universitat Autònoma de Barcelona (2011)</li><li>Certificat d’Aptitud Pedagògica Universitat Autònoma de Barcelona (2009)</li><li>Programa de Evaluación de las Políticas Públicas y los Programas Sociales (IESE, 2014)</li></ul>



<p><span style="color:#030b0b" class="has-inline-color"><strong>Enllaços:</strong></span></p>



<p><strong><a href="http://sac.gencat.cat/sacgencat/AppJava/organisme_fitxa.jsp?codi=20884" target="_blank" rel="noreferrer noopener">Perfil i trajectòria professional</a></strong></p>



<p><a rel="noreferrer noopener" href="https://www.joancuevas.cat/2019/02/transformar-des-de-la-politica.html" target="_blank"><strong>Autor del llibre &#8220;Transformar des de la política</strong></a>&#8220;</p>



<p><a rel="noreferrer noopener" href="https://www.diaridesabadell.com/sabadell/opinio/joan-cuevas/" target="_blank"><strong>Col·laborador del Diari de Sabadell</strong> </a></p>
</div>



<div class="wp-block-column is-layout-flow wp-block-column-is-layout-flow">
<figure class="wp-block-image size-large is-resized"><a href="https://projectes.xtec.cat/canaldereporters/wp-content/uploads/usu2921/2023/04/Joan_Cuevas_01-2.jpg"><img loading="lazy" decoding="async" src="https://projectes.xtec.cat/canaldereporters/wp-content/uploads/usu2921/2023/04/Joan_Cuevas_01-2-884x1024.jpg" alt="" class="wp-image-12057" width="442" height="512" srcset="https://projectes.xtec.cat/canaldereporters/wp-content/uploads/usu2921/2023/04/Joan_Cuevas_01-2-884x1024.jpg 884w, https://projectes.xtec.cat/canaldereporters/wp-content/uploads/usu2921/2023/04/Joan_Cuevas_01-2-259x300.jpg 259w, https://projectes.xtec.cat/canaldereporters/wp-content/uploads/usu2921/2023/04/Joan_Cuevas_01-2-768x890.jpg 768w, https://projectes.xtec.cat/canaldereporters/wp-content/uploads/usu2921/2023/04/Joan_Cuevas_01-2-1325x1536.jpg 1325w, https://projectes.xtec.cat/canaldereporters/wp-content/uploads/usu2921/2023/04/Joan_Cuevas_01-2-1767x2048.jpg 1767w" sizes="auto, (max-width: 442px) 100vw, 442px" /></a></figure>
</div>
</div>
</div></div>

<p>En Joan Cuevas és Director general d&#8217;Innovació, Digitalització, Currículum i Llengües al Departament d&#8217;Educació. Formació:&nbsp; Màster en Polítiques Públiques i Socials The Johns Hopkins University &#8211; UPF (2011) Llicenciatura en Ciències Polítiques i de l’Administració Universitat Autònoma de Barcelona (2011) Certificat d’Aptitud Pedagògica Universitat Autònoma de Barcelona (2009) Programa de Evaluación de las Políticas Públicas [&hellip;]</p>
