{"id":12872,"date":"2023-10-05T10:11:45","date_gmt":"2023-10-05T08:11:45","guid":{"rendered":"https:\/\/projectes.xtec.cat\/canaldereporters\/?page_id=12872"},"modified":"2023-12-05T12:38:27","modified_gmt":"2023-12-05T11:38:27","slug":"seminari5_experiencia","status":"publish","type":"page","link":"https:\/\/projectes.xtec.cat\/canaldereporters\/seminaris-web\/seminari5_experiencia\/","title":{"rendered":"Seminari5_Experi\u00e8nciaCRP"},"content":{"rendered":"\n<div style=\"height:30px\" aria-hidden=\"true\" class=\"wp-block-spacer\"><\/div>\n\n\n\n<div class=\"wp-block-group alignwide\"><div class=\"wp-block-group__inner-container is-layout-flow wp-block-group-is-layout-flow\">\n<div class=\"wp-block-columns is-layout-flex wp-container-core-columns-is-layout-1 wp-block-columns-is-layout-flex\">\n<div class=\"wp-block-column is-layout-flow wp-block-column-is-layout-flow\">\n<h2 class=\"wp-block-heading\"><span class=\"has-inline-color has-ast-global-color-1-color\">Data<\/span><\/h2>\n\n\n\n<p>24 d&#8217;octubre de 2023<\/p>\n\n\n\n<h2 class=\"wp-block-heading\"><span class=\"has-inline-color has-ast-global-color-1-color\">Ponents<\/span><\/h2>\n\n\n\n<ul class=\"wp-block-list\"><li>Marta Folguera i Josep Biayna<\/li><\/ul>\n\n\n\n<p><strong>CRP Badalona<\/strong><\/p>\n\n\n\n<p>Marta Folguera \u00e9s actualment referent digital del CRP de Badalona. Ha sigut mestra de prim\u00e0ria durant la major part de la seva carrera professional. Formadora i assessora de centres educatius, ha treballat 11 anys a l\u2019equip LIC de Badalona, 2 anys en els Serveis Territorials de Barcelona Comarques com a assessora digital.  <\/p>\n\n\n\n<p>Josep Biayna ha estat durant molts anys professional del CRP de Badalona i director dels Serveis Educatius com a Cap de servei d\u2019innovaci\u00f3, xarxes i serveis educatius.&nbsp;Actualment jubilat, col\u00b7labora en diversos projectes del Departament, forma part de l\u2019equip de<strong> <\/strong>guies del CESIRE de les experi\u00e8ncies d\u2019aprenentatge amb sentit.<\/p>\n\n\n\n<p><\/p>\n<\/div>\n\n\n\n<div class=\"wp-block-column is-layout-flow wp-block-column-is-layout-flow\">\n<figure class=\"wp-block-embed is-type-video is-provider-youtube wp-block-embed-youtube wp-embed-aspect-16-9 wp-has-aspect-ratio\"><div class=\"wp-block-embed__wrapper\">\n<div class=\"ast-oembed-container \" style=\"height: 100%;\"><iframe loading=\"lazy\" title=\"Canal de Reporters - Seminari 5 - Experi\u00e8ncia de CRP Badalona\" width=\"500\" height=\"281\" src=\"https:\/\/www.youtube.com\/embed\/SDCoBF9QaY0?list=PLojIWF2RflCq9MLIIfTEsRjNYnHq7JTNE\" frameborder=\"0\" allow=\"accelerometer; autoplay; clipboard-write; encrypted-media; gyroscope; picture-in-picture; web-share\" referrerpolicy=\"strict-origin-when-cross-origin\" allowfullscreen><\/iframe><\/div>\n<\/div><\/figure>\n<\/div>\n<\/div>\n<\/div><\/div>\n\n\n\n<div class=\"wp-block-group alignwide\"><div class=\"wp-block-group__inner-container is-layout-flow wp-block-group-is-layout-flow\">\n<div class=\"wp-block-columns is-layout-flex wp-container-core-columns-is-layout-2 wp-block-columns-is-layout-flex\">\n<div class=\"wp-block-column is-layout-flow wp-block-column-is-layout-flow\">\n<h2 class=\"wp-block-heading\">Descripci\u00f3<\/h2>\n\n\n\n<p>En aquest seminari la Marta i el Josep ens expliquen com fomentar l&#8217;\u00fas de la r\u00e0dio com a eina educativa. Ens parlen dels tipus d&#8217;activitats que fan, de quines dificultats es troben i quins requisits t\u00e8cnics s\u00f3n necessaris per fer r\u00e0dio en un centre educatiu.  <\/p>\n\n\n\n<h3 class=\"wp-block-heading\">Enlla\u00e7os<\/h3>\n\n\n\n<p><a rel=\"noreferrer noopener\" href=\"https:\/\/www.bdncom.cat\/notice\/la-13a-edicio-de-la-marato-de-radio-de-badalona-aplega-alumnes-de-16-centres-educatius-de-la-ciutat\" target=\"_blank\">Not\u00edcia de Badalona Comunicaci\u00f3<\/a><\/p>\n\n\n\n<p><a rel=\"noreferrer noopener\" href=\"https:\/\/sites.google.com\/xtec.cat\/maratoderadioabadalona\/inici?authuser=0\" target=\"_blank\">Marato de r\u00e0dio de Badalona<\/a><\/p>\n\n\n\n<p><a href=\"https:\/\/xtec.gencat.cat\/ca\/recursos\/media\/radio\/\" target=\"_blank\" rel=\"noreferrer noopener\">Recursos de l&#8217;Xtec r\u00e0dio<\/a><\/p>\n\n\n\n<h3 class=\"wp-block-heading\">Requisits t\u00e8cnics per emetre en r\u00e0dio (Ateneu XTEC)<\/h3>\n\n\n\n<p><a href=\"https:\/\/ateneu.xtec.cat\/wikiform\/wikiexport\/cmd\/tac\/linkat\/escriptoriradio\/index\" target=\"_blank\" rel=\"noreferrer noopener\"><strong>Linkat r\u00e0dio<\/strong> que permet comfigurar un servidor &#8211; Ateneu XTEC<\/a><\/p>\n\n\n\n<p><a href=\"https:\/\/ateneu.xtec.cat\/wikiform\/wikiexport\/cmd\/tac\/linkat\/escriptoriradio\/emissio\/audio\" target=\"_blank\" rel=\"noreferrer noopener\"><strong>Butt<\/strong> per poder emetre so cap al servidor<\/a><\/p>\n\n\n\n<p><a rel=\"noreferrer noopener\" href=\"https:\/\/ateneu.xtec.cat\/wikiform\/wikiexport\/cmd\/tac\/linkat\/escriptoriradio\/automatitzacio\/alternatives#zararadio\" target=\"_blank\"><strong>ZaraR\u00e0dio<\/strong> per poder programar les emissions i que ens permet emetre, mitjan\u00e7ant el Butt<\/a><\/p>\n\n\n\n<p><a href=\"https:\/\/ateneu.xtec.cat\/wikiform\/wikiexport\/cmd\/tac\/linkat\/escriptoriradio\/programari#obs_studio\" target=\"_blank\" rel=\"noreferrer noopener\"><strong>OBS Studio<\/strong> que permet emetre v\u00eddeo a les diferents plataformes d&#8217;emissi\u00f3 de v\u00eddeo m\u00e9s conegudes (YouTube, Twitch, Facebook, Mixer\u2026)<\/a><\/p>\n\n\n\n<p><a href=\"https:\/\/projectes.xtec.cat\/focus\/wp-content\/uploads\/usu2323\/2023\/10\/Plantilla_autorizacio_imatges_veu_Reporters_Focus_menors14anys.pdf\" target=\"_blank\" rel=\"noreferrer noopener\">Autoritzaci\u00f3 per a <strong>menors<\/strong> de 14 anys<\/a><\/p>\n\n\n\n<p><a href=\"https:\/\/projectes.xtec.cat\/focus\/wp-content\/uploads\/usu2323\/2023\/10\/Plantilla_autorizacio_imatges_veu_Reporters_Focus_MesGran14anys.pdf\" target=\"_blank\" rel=\"noreferrer noopener\">Autoritzaci\u00f3 per a <strong>majors<\/strong> de 14 anys<\/a><\/p>\n<\/div>\n<\/div>\n<\/div><\/div>\n","protected":false},"excerpt":{"rendered":"<p>Data 24 d&#8217;octubre de 2023 Ponents Marta Folguera i Josep Biayna CRP Badalona Marta Folguera \u00e9s actualment referent digital del CRP de Badalona. Ha sigut mestra de prim\u00e0ria durant la major part de la seva carrera professional. Formadora i assessora de centres educatius, ha treballat 11 anys a l\u2019equip LIC de Badalona, 2 anys en [&hellip;]<\/p>\n","protected":false},"author":17,"featured_media":0,"parent":9850,"menu_order":0,"comment_status":"closed","ping_status":"closed","template":"","meta":{"site-sidebar-layout":"default","site-content-layout":"plain-container","ast-site-content-layout":"","site-content-style":"default","site-sidebar-style":"default","ast-global-header-display":"","ast-banner-title-visibility":"","ast-main-header-display":"","ast-hfb-above-header-display":"","ast-hfb-below-header-display":"","ast-hfb-mobile-header-display":"","site-post-title":"disabled","ast-breadcrumbs-content":"","ast-featured-img":"","footer-sml-layout":"","theme-transparent-header-meta":"","adv-header-id-meta":"","stick-header-meta":"","header-above-stick-meta":"","header-main-stick-meta":"","header-below-stick-meta":"","astra-migrate-meta-layouts":"default","ast-page-background-enabled":"default","ast-page-background-meta":{"desktop":{"background-color":"","background-image":"","background-repeat":"repeat","background-position":"center center","background-size":"auto","background-attachment":"scroll","background-type":"","background-media":"","overlay-type":"","overlay-color":"","overlay-opacity":"","overlay-gradient":""},"tablet":{"background-color":"","background-image":"","background-repeat":"repeat","background-position":"center center","background-size":"auto","background-attachment":"scroll","background-type":"","background-media":"","overlay-type":"","overlay-color":"","overlay-opacity":"","overlay-gradient":""},"mobile":{"background-color":"","background-image":"","background-repeat":"repeat","background-position":"center center","background-size":"auto","background-attachment":"scroll","background-type":"","background-media":"","overlay-type":"","overlay-color":"","overlay-opacity":"","overlay-gradient":""}},"ast-content-background-meta":{"desktop":{"background-color":"var(--ast-global-color-5)","background-image":"","background-repeat":"repeat","background-position":"center center","background-size":"auto","background-attachment":"scroll","background-type":"","background-media":"","overlay-type":"","overlay-color":"","overlay-opacity":"","overlay-gradient":""},"tablet":{"background-color":"var(--ast-global-color-5)","background-image":"","background-repeat":"repeat","background-position":"center center","background-size":"auto","background-attachment":"scroll","background-type":"","background-media":"","overlay-type":"","overlay-color":"","overlay-opacity":"","overlay-gradient":""},"mobile":{"background-color":"var(--ast-global-color-5)","background-image":"","background-repeat":"repeat","background-position":"center center","background-size":"auto","background-attachment":"scroll","background-type":"","background-media":"","overlay-type":"","overlay-color":"","overlay-opacity":"","overlay-gradient":""}},"footnotes":""},"class_list":["post-12872","page","type-page","status-publish","hentry"],"post_mailing_queue_ids":[],"_links":{"self":[{"href":"https:\/\/projectes.xtec.cat\/canaldereporters\/wp-json\/wp\/v2\/pages\/12872","targetHints":{"allow":["GET"]}}],"collection":[{"href":"https:\/\/projectes.xtec.cat\/canaldereporters\/wp-json\/wp\/v2\/pages"}],"about":[{"href":"https:\/\/projectes.xtec.cat\/canaldereporters\/wp-json\/wp\/v2\/types\/page"}],"author":[{"embeddable":true,"href":"https:\/\/projectes.xtec.cat\/canaldereporters\/wp-json\/wp\/v2\/users\/17"}],"replies":[{"embeddable":true,"href":"https:\/\/projectes.xtec.cat\/canaldereporters\/wp-json\/wp\/v2\/comments?post=12872"}],"version-history":[{"count":6,"href":"https:\/\/projectes.xtec.cat\/canaldereporters\/wp-json\/wp\/v2\/pages\/12872\/revisions"}],"predecessor-version":[{"id":13332,"href":"https:\/\/projectes.xtec.cat\/canaldereporters\/wp-json\/wp\/v2\/pages\/12872\/revisions\/13332"}],"up":[{"embeddable":true,"href":"https:\/\/projectes.xtec.cat\/canaldereporters\/wp-json\/wp\/v2\/pages\/9850"}],"wp:attachment":[{"href":"https:\/\/projectes.xtec.cat\/canaldereporters\/wp-json\/wp\/v2\/media?parent=12872"}],"curies":[{"name":"wp","href":"https:\/\/api.w.org\/{rel}","templated":true}]}}

Seminari5_ExperiènciaCRP

<div style="height:30px" aria-hidden="true" class="wp-block-spacer"></div>



<div class="wp-block-group alignwide"><div class="wp-block-group__inner-container is-layout-flow wp-block-group-is-layout-flow">
<div class="wp-block-columns is-layout-flex wp-container-core-columns-is-layout-1 wp-block-columns-is-layout-flex">
<div class="wp-block-column is-layout-flow wp-block-column-is-layout-flow">
<h2 class="wp-block-heading"><span class="has-inline-color has-ast-global-color-1-color">Data</span></h2>



<p>24 d&#8217;octubre de 2023</p>



<h2 class="wp-block-heading"><span class="has-inline-color has-ast-global-color-1-color">Ponents</span></h2>



<ul class="wp-block-list"><li>Marta Folguera i Josep Biayna</li></ul>



<p><strong>CRP Badalona</strong></p>



<p>Marta Folguera és actualment referent digital del CRP de Badalona. Ha sigut mestra de primària durant la major part de la seva carrera professional. Formadora i assessora de centres educatius, ha treballat 11 anys a l’equip LIC de Badalona, 2 anys en els Serveis Territorials de Barcelona Comarques com a assessora digital.  </p>



<p>Josep Biayna ha estat durant molts anys professional del CRP de Badalona i director dels Serveis Educatius com a Cap de servei d’innovació, xarxes i serveis educatius.&nbsp;Actualment jubilat, col·labora en diversos projectes del Departament, forma part de l’equip de<strong> </strong>guies del CESIRE de les experiències d’aprenentatge amb sentit.</p>



<p></p>
</div>



<div class="wp-block-column is-layout-flow wp-block-column-is-layout-flow">
<figure class="wp-block-embed is-type-video is-provider-youtube wp-block-embed-youtube wp-embed-aspect-16-9 wp-has-aspect-ratio"><div class="wp-block-embed__wrapper">
<div class="ast-oembed-container " style="height: 100%;"><iframe loading="lazy" title="Canal de Reporters - Seminari 5 - Experiència de CRP Badalona" width="500" height="281" src="https://www.youtube.com/embed/SDCoBF9QaY0?list=PLojIWF2RflCq9MLIIfTEsRjNYnHq7JTNE" frameborder="0" allow="accelerometer; autoplay; clipboard-write; encrypted-media; gyroscope; picture-in-picture; web-share" referrerpolicy="strict-origin-when-cross-origin" allowfullscreen></iframe></div>
</div></figure>
</div>
</div>
</div></div>



<div class="wp-block-group alignwide"><div class="wp-block-group__inner-container is-layout-flow wp-block-group-is-layout-flow">
<div class="wp-block-columns is-layout-flex wp-container-core-columns-is-layout-2 wp-block-columns-is-layout-flex">
<div class="wp-block-column is-layout-flow wp-block-column-is-layout-flow">
<h2 class="wp-block-heading">Descripció</h2>



<p>En aquest seminari la Marta i el Josep ens expliquen com fomentar l&#8217;ús de la ràdio com a eina educativa. Ens parlen dels tipus d&#8217;activitats que fan, de quines dificultats es troben i quins requisits tècnics són necessaris per fer ràdio en un centre educatiu.  </p>



<h3 class="wp-block-heading">Enllaços</h3>



<p><a rel="noreferrer noopener" href="https://www.bdncom.cat/notice/la-13a-edicio-de-la-marato-de-radio-de-badalona-aplega-alumnes-de-16-centres-educatius-de-la-ciutat" target="_blank">Notícia de Badalona Comunicació</a></p>



<p><a rel="noreferrer noopener" href="https://sites.google.com/xtec.cat/maratoderadioabadalona/inici?authuser=0" target="_blank">Marato de ràdio de Badalona</a></p>



<p><a href="https://xtec.gencat.cat/ca/recursos/media/radio/" target="_blank" rel="noreferrer noopener">Recursos de l&#8217;Xtec ràdio</a></p>



<h3 class="wp-block-heading">Requisits tècnics per emetre en ràdio (Ateneu XTEC)</h3>



<p><a href="https://ateneu.xtec.cat/wikiform/wikiexport/cmd/tac/linkat/escriptoriradio/index" target="_blank" rel="noreferrer noopener"><strong>Linkat ràdio</strong> que permet comfigurar un servidor &#8211; Ateneu XTEC</a></p>



<p><a href="https://ateneu.xtec.cat/wikiform/wikiexport/cmd/tac/linkat/escriptoriradio/emissio/audio" target="_blank" rel="noreferrer noopener"><strong>Butt</strong> per poder emetre so cap al servidor</a></p>



<p><a rel="noreferrer noopener" href="https://ateneu.xtec.cat/wikiform/wikiexport/cmd/tac/linkat/escriptoriradio/automatitzacio/alternatives#zararadio" target="_blank"><strong>ZaraRàdio</strong> per poder programar les emissions i que ens permet emetre, mitjançant el Butt</a></p>



<p><a href="https://ateneu.xtec.cat/wikiform/wikiexport/cmd/tac/linkat/escriptoriradio/programari#obs_studio" target="_blank" rel="noreferrer noopener"><strong>OBS Studio</strong> que permet emetre vídeo a les diferents plataformes d&#8217;emissió de vídeo més conegudes (YouTube, Twitch, Facebook, Mixer…)</a></p>



<p><a href="https://projectes.xtec.cat/focus/wp-content/uploads/usu2323/2023/10/Plantilla_autorizacio_imatges_veu_Reporters_Focus_menors14anys.pdf" target="_blank" rel="noreferrer noopener">Autorització per a <strong>menors</strong> de 14 anys</a></p>



<p><a href="https://projectes.xtec.cat/focus/wp-content/uploads/usu2323/2023/10/Plantilla_autorizacio_imatges_veu_Reporters_Focus_MesGran14anys.pdf" target="_blank" rel="noreferrer noopener">Autorització per a <strong>majors</strong> de 14 anys</a></p>
</div>
</div>
</div></div>

<p>Data 24 d&#8217;octubre de 2023 Ponents Marta Folguera i Josep Biayna CRP Badalona Marta Folguera és actualment referent digital del CRP de Badalona. Ha sigut mestra de primària durant la major part de la seva carrera professional. Formadora i assessora de centres educatius, ha treballat 11 anys a l’equip LIC de Badalona, 2 anys en [&hellip;]</p>
