{"id":12994,"date":"2023-10-16T11:50:52","date_gmt":"2023-10-16T09:50:52","guid":{"rendered":"https:\/\/projectes.xtec.cat\/canaldereporters\/?page_id=12994"},"modified":"2023-12-05T12:38:09","modified_gmt":"2023-12-05T11:38:09","slug":"seminari5_alumnat","status":"publish","type":"page","link":"https:\/\/projectes.xtec.cat\/canaldereporters\/seminaris-web\/seminari5_alumnat\/","title":{"rendered":"Seminari5_Alumnat"},"content":{"rendered":"\n<div style=\"height:30px\" aria-hidden=\"true\" class=\"wp-block-spacer\"><\/div>\n\n\n\n<div class=\"wp-block-group alignwide\"><div class=\"wp-block-group__inner-container is-layout-flow wp-block-group-is-layout-flow\">\n<div class=\"wp-block-columns is-layout-flex wp-container-core-columns-is-layout-1 wp-block-columns-is-layout-flex\">\n<div class=\"wp-block-column is-layout-flow wp-block-column-is-layout-flow\">\n<h2 class=\"wp-block-heading\"><span class=\"has-inline-color has-ast-global-color-1-color\">Data<\/span><\/h2>\n\n\n\n<p>16 d&#8217;octubre de 2023<\/p>\n\n\n\n<h2 class=\"wp-block-heading\"><span class=\"has-inline-color has-ast-global-color-1-color\">Ponents<\/span><\/h2>\n\n\n\n<ul class=\"wp-block-list\"><li>Adri\u00e0 Santasusagna<\/li><\/ul>\n\n\n\n<p>L\u2019Adri\u00e0 Santasusagna actualment \u00e9s Cap de pol\u00edtica de RAC1. Segueix l\u2019actualitat pol\u00edtica catalana i totes les seves derivades (que en s\u00f3n moltes). Seguint el proc\u00e9s des de primera l\u00ednia, des del primer dia.<\/p>\n\n\n\n<p>Cobertures pol\u00edtiques a Espanya, Fran\u00e7a, Su\u00efssa, It\u00e0lia, Finl\u00e0ndia, B\u00e8lgica, Luxemburg.<\/p>\n\n\n\n<p>Anteriorment va treballar a <\/p>\n\n\n\n<ul class=\"wp-block-list\"><li>R\u00e0dio Estel<\/li><li>SER Catalunya<\/li><\/ul>\n\n\n\n<p><strong>Formaci\u00f3:&nbsp;<\/strong><\/p>\n\n\n\n<ul class=\"wp-block-list\"><li>Llicenciat en Periodisme per la&nbsp;Universitat Aut\u00f2noma de Barcelona&nbsp;<\/li><\/ul>\n<\/div>\n\n\n\n<div class=\"wp-block-column is-layout-flow wp-block-column-is-layout-flow\">\n<figure class=\"wp-block-embed is-type-video is-provider-youtube wp-block-embed-youtube wp-embed-aspect-16-9 wp-has-aspect-ratio\"><div class=\"wp-block-embed__wrapper\">\n<div class=\"ast-oembed-container \" style=\"height: 100%;\"><iframe loading=\"lazy\" title=\"Canal de Reporters - Seminari 5 - Alumnat\" width=\"500\" height=\"281\" src=\"https:\/\/www.youtube.com\/embed\/TkwFKXhhtdA?feature=oembed\" frameborder=\"0\" allow=\"accelerometer; autoplay; clipboard-write; encrypted-media; gyroscope; picture-in-picture; web-share\" referrerpolicy=\"strict-origin-when-cross-origin\" allowfullscreen><\/iframe><\/div>\n<\/div><\/figure>\n<\/div>\n<\/div>\n<\/div><\/div>\n\n\n\n<div class=\"wp-block-group alignwide\"><div class=\"wp-block-group__inner-container is-layout-flow wp-block-group-is-layout-flow\">\n<div class=\"wp-block-columns is-layout-flex wp-container-core-columns-is-layout-2 wp-block-columns-is-layout-flex\">\n<div class=\"wp-block-column is-layout-flow wp-block-column-is-layout-flow\">\n<h2 class=\"wp-block-heading\">Descripci\u00f3<\/h2>\n\n\n\n<p>En aquest seminari l&#8217;Adri\u00e0 Santasusagna respon a un q\u00fcestionari breu sobre el seu ofici, el llenguatge radiof\u00f2nic i el seu dia en una emissora de r\u00e0dio. Tamb\u00e9 ens explica de forma breu i clara les difer\u00e8ncies entre una not\u00edcia, una cr\u00f2nica i un reportatge. Fins i tot ens ofereix consell sobre qu\u00e8 cal fer si ens quedem en blanc davant el micr\u00f2fon. A trav\u00e9s de les seves respostes podreu comprovar com \u00e9s de m\u00e0gic aquest mitj\u00e0 del qual ben aviat celebrarem el centenari de les primeres emissions a Catalunya.<\/p>\n\n\n\n<div style=\"height:100px\" aria-hidden=\"true\" class=\"wp-block-spacer\"><\/div>\n<\/div>\n<\/div>\n<\/div><\/div>\n\n\n\n<p><\/p>\n","protected":false},"excerpt":{"rendered":"<p>Data 16 d&#8217;octubre de 2023 Ponents Adri\u00e0 Santasusagna L\u2019Adri\u00e0 Santasusagna actualment \u00e9s Cap de pol\u00edtica de RAC1. Segueix l\u2019actualitat pol\u00edtica catalana i totes les seves derivades (que en s\u00f3n moltes). Seguint el proc\u00e9s des de primera l\u00ednia, des del primer dia. Cobertures pol\u00edtiques a Espanya, Fran\u00e7a, Su\u00efssa, It\u00e0lia, Finl\u00e0ndia, B\u00e8lgica, Luxemburg. Anteriorment va treballar a [&hellip;]<\/p>\n","protected":false},"author":1,"featured_media":0,"parent":9850,"menu_order":0,"comment_status":"closed","ping_status":"closed","template":"","meta":{"site-sidebar-layout":"default","site-content-layout":"","ast-site-content-layout":"","site-content-style":"default","site-sidebar-style":"default","ast-global-header-display":"","ast-banner-title-visibility":"","ast-main-header-display":"","ast-hfb-above-header-display":"","ast-hfb-below-header-display":"","ast-hfb-mobile-header-display":"","site-post-title":"disabled","ast-breadcrumbs-content":"","ast-featured-img":"","footer-sml-layout":"","theme-transparent-header-meta":"","adv-header-id-meta":"","stick-header-meta":"","header-above-stick-meta":"","header-main-stick-meta":"","header-below-stick-meta":"","astra-migrate-meta-layouts":"default","ast-page-background-enabled":"default","ast-page-background-meta":{"desktop":{"background-color":"","background-image":"","background-repeat":"repeat","background-position":"center center","background-size":"auto","background-attachment":"scroll","background-type":"","background-media":"","overlay-type":"","overlay-color":"","overlay-opacity":"","overlay-gradient":""},"tablet":{"background-color":"","background-image":"","background-repeat":"repeat","background-position":"center center","background-size":"auto","background-attachment":"scroll","background-type":"","background-media":"","overlay-type":"","overlay-color":"","overlay-opacity":"","overlay-gradient":""},"mobile":{"background-color":"","background-image":"","background-repeat":"repeat","background-position":"center center","background-size":"auto","background-attachment":"scroll","background-type":"","background-media":"","overlay-type":"","overlay-color":"","overlay-opacity":"","overlay-gradient":""}},"ast-content-background-meta":{"desktop":{"background-color":"var(--ast-global-color-5)","background-image":"","background-repeat":"repeat","background-position":"center center","background-size":"auto","background-attachment":"scroll","background-type":"","background-media":"","overlay-type":"","overlay-color":"","overlay-opacity":"","overlay-gradient":""},"tablet":{"background-color":"var(--ast-global-color-5)","background-image":"","background-repeat":"repeat","background-position":"center center","background-size":"auto","background-attachment":"scroll","background-type":"","background-media":"","overlay-type":"","overlay-color":"","overlay-opacity":"","overlay-gradient":""},"mobile":{"background-color":"var(--ast-global-color-5)","background-image":"","background-repeat":"repeat","background-position":"center center","background-size":"auto","background-attachment":"scroll","background-type":"","background-media":"","overlay-type":"","overlay-color":"","overlay-opacity":"","overlay-gradient":""}},"footnotes":""},"class_list":["post-12994","page","type-page","status-publish","hentry"],"post_mailing_queue_ids":[],"_links":{"self":[{"href":"https:\/\/projectes.xtec.cat\/canaldereporters\/wp-json\/wp\/v2\/pages\/12994","targetHints":{"allow":["GET"]}}],"collection":[{"href":"https:\/\/projectes.xtec.cat\/canaldereporters\/wp-json\/wp\/v2\/pages"}],"about":[{"href":"https:\/\/projectes.xtec.cat\/canaldereporters\/wp-json\/wp\/v2\/types\/page"}],"author":[{"embeddable":true,"href":"https:\/\/projectes.xtec.cat\/canaldereporters\/wp-json\/wp\/v2\/users\/1"}],"replies":[{"embeddable":true,"href":"https:\/\/projectes.xtec.cat\/canaldereporters\/wp-json\/wp\/v2\/comments?post=12994"}],"version-history":[{"count":5,"href":"https:\/\/projectes.xtec.cat\/canaldereporters\/wp-json\/wp\/v2\/pages\/12994\/revisions"}],"predecessor-version":[{"id":13066,"href":"https:\/\/projectes.xtec.cat\/canaldereporters\/wp-json\/wp\/v2\/pages\/12994\/revisions\/13066"}],"up":[{"embeddable":true,"href":"https:\/\/projectes.xtec.cat\/canaldereporters\/wp-json\/wp\/v2\/pages\/9850"}],"wp:attachment":[{"href":"https:\/\/projectes.xtec.cat\/canaldereporters\/wp-json\/wp\/v2\/media?parent=12994"}],"curies":[{"name":"wp","href":"https:\/\/api.w.org\/{rel}","templated":true}]}}

<div style="height:30px" aria-hidden="true" class="wp-block-spacer"></div>



<div class="wp-block-group alignwide"><div class="wp-block-group__inner-container is-layout-flow wp-block-group-is-layout-flow">
<div class="wp-block-columns is-layout-flex wp-container-core-columns-is-layout-1 wp-block-columns-is-layout-flex">
<div class="wp-block-column is-layout-flow wp-block-column-is-layout-flow">
<h2 class="wp-block-heading"><span class="has-inline-color has-ast-global-color-1-color">Data</span></h2>



<p>16 d&#8217;octubre de 2023</p>



<h2 class="wp-block-heading"><span class="has-inline-color has-ast-global-color-1-color">Ponents</span></h2>



<ul class="wp-block-list"><li>Adrià Santasusagna</li></ul>



<p>L’Adrià Santasusagna actualment és Cap de política de RAC1. Segueix l’actualitat política catalana i totes les seves derivades (que en són moltes). Seguint el procés des de primera línia, des del primer dia.</p>



<p>Cobertures polítiques a Espanya, França, Suïssa, Itàlia, Finlàndia, Bèlgica, Luxemburg.</p>



<p>Anteriorment va treballar a </p>



<ul class="wp-block-list"><li>Ràdio Estel</li><li>SER Catalunya</li></ul>



<p><strong>Formació:&nbsp;</strong></p>



<ul class="wp-block-list"><li>Llicenciat en Periodisme per la&nbsp;Universitat Autònoma de Barcelona&nbsp;</li></ul>
</div>



<div class="wp-block-column is-layout-flow wp-block-column-is-layout-flow">
<figure class="wp-block-embed is-type-video is-provider-youtube wp-block-embed-youtube wp-embed-aspect-16-9 wp-has-aspect-ratio"><div class="wp-block-embed__wrapper">
<div class="ast-oembed-container " style="height: 100%;"><iframe loading="lazy" title="Canal de Reporters - Seminari 5 - Alumnat" width="500" height="281" src="https://www.youtube.com/embed/TkwFKXhhtdA?feature=oembed" frameborder="0" allow="accelerometer; autoplay; clipboard-write; encrypted-media; gyroscope; picture-in-picture; web-share" referrerpolicy="strict-origin-when-cross-origin" allowfullscreen></iframe></div>
</div></figure>
</div>
</div>
</div></div>



<div class="wp-block-group alignwide"><div class="wp-block-group__inner-container is-layout-flow wp-block-group-is-layout-flow">
<div class="wp-block-columns is-layout-flex wp-container-core-columns-is-layout-2 wp-block-columns-is-layout-flex">
<div class="wp-block-column is-layout-flow wp-block-column-is-layout-flow">
<h2 class="wp-block-heading">Descripció</h2>



<p>En aquest seminari l&#8217;Adrià Santasusagna respon a un qüestionari breu sobre el seu ofici, el llenguatge radiofònic i el seu dia en una emissora de ràdio. També ens explica de forma breu i clara les diferències entre una notícia, una crònica i un reportatge. Fins i tot ens ofereix consell sobre què cal fer si ens quedem en blanc davant el micròfon. A través de les seves respostes podreu comprovar com és de màgic aquest mitjà del qual ben aviat celebrarem el centenari de les primeres emissions a Catalunya.</p>



<div style="height:100px" aria-hidden="true" class="wp-block-spacer"></div>
</div>
</div>
</div></div>



<p></p>

<p>Data 16 d&#8217;octubre de 2023 Ponents Adrià Santasusagna L’Adrià Santasusagna actualment és Cap de política de RAC1. Segueix l’actualitat política catalana i totes les seves derivades (que en són moltes). Seguint el procés des de primera línia, des del primer dia. Cobertures polítiques a Espanya, França, Suïssa, Itàlia, Finlàndia, Bèlgica, Luxemburg. Anteriorment va treballar a [&hellip;]</p>
