{"id":13211,"date":"2023-11-30T20:52:58","date_gmt":"2023-11-30T19:52:58","guid":{"rendered":"https:\/\/projectes.xtec.cat\/canaldereporters\/?page_id=13211"},"modified":"2024-12-17T16:40:29","modified_gmt":"2024-12-17T15:40:29","slug":"seminari6_docents","status":"publish","type":"page","link":"https:\/\/projectes.xtec.cat\/canaldereporters\/seminaris-web\/seminari6_docents\/","title":{"rendered":"Seminari6_Docents"},"content":{"rendered":"\n<div style=\"height:30px\" aria-hidden=\"true\" class=\"wp-block-spacer\"><\/div>\n\n\n\n<div class=\"wp-block-group alignwide is-layout-flow wp-block-group-is-layout-flow\">\n<div class=\"wp-block-columns is-layout-flex wp-container-core-columns-is-layout-1 wp-block-columns-is-layout-flex\">\n<div class=\"wp-block-column is-layout-flow wp-block-column-is-layout-flow\">\n<h2 class=\"wp-block-heading\"><span class=\"has-inline-color has-ast-global-color-1-color\">Data<\/span><\/h2>\n\n\n\n<p>11 de desembre de 2023<\/p>\n\n\n\n<h2 class=\"wp-block-heading\"><span class=\"has-inline-color has-ast-global-color-1-color\">Ponent<\/span><\/h2>\n\n\n\n<ul class=\"wp-block-list\">\n<li>Elisabet Molina<\/li>\n<\/ul>\n\n\n\n<p>La Bet Molina \u00e9s periodista i creadora de contingut a les xarxes socials, principalment, de tem\u00e0tica cultural. \u00c9s presentadora del p\u00f2dcast d\u2019entrevistes <em>LaGira<\/em>, de Viasona, mitj\u00e0 de comunicaci\u00f3 de m\u00fasica en catal\u00e0 pel qual ha treballat.<\/p>\n\n\n\n<p>Actualment, col\u00b7labora com a creadora de contingut digital pel canal de la CCMA <em><a href=\"https:\/\/www.youtube.com\/watch?v=pFR1vjv2BsM&amp;t=62s\" target=\"_blank\" rel=\"noreferrer noopener\">Someva<\/a><\/em>, escriu a la revista de reportatges socials La Mira i est\u00e0 cursant un m\u00e0ster en cultura i identitats a la UB.<\/p>\n<\/div>\n\n\n\n<div class=\"wp-block-column is-layout-flow wp-block-column-is-layout-flow\"><div class=\"h5p-iframe-wrapper\"><iframe id=\"h5p-iframe-14\" class=\"h5p-iframe\" data-content-id=\"14\" style=\"height:1px\" src=\"about:blank\" frameBorder=\"0\" scrolling=\"no\" title=\"Canal de Reporters - Seminari 6 - Docents\"><\/iframe><\/div>\n<\/div>\n<\/div>\n<\/div>\n\n\n\n<div class=\"wp-block-group alignwide is-layout-flow wp-block-group-is-layout-flow\">\n<div class=\"wp-block-columns is-layout-flex wp-container-core-columns-is-layout-2 wp-block-columns-is-layout-flex\">\n<div class=\"wp-block-column is-layout-flow wp-block-column-is-layout-flow\">\n<h2 class=\"wp-block-heading\">Descripci\u00f3<\/h2>\n\n\n\n<p>En aquest seminari ens mostra les claus per elaborar p\u00edndoles audiovisuals de forma efectiva i original, oferint consells per a totes les fases de la producci\u00f3 audiovisual i compartint trucs i recursos per a dur a terme els nostres projectes.<\/p>\n\n\n\n<p>La seva exposici\u00f3 tamb\u00e9 dedica una darrera part al proc\u00e9s d\u2019elaboraci\u00f3 de p\u00f2dcasts i les seves possibilitats, centrant-se especialment en el g\u00e8nere de l\u2019entrevista i fent refer\u00e8ncia a les claus que cal tenir en compte per elaborar productes senzills i de qualitat.<\/p>\n\n\n\n<p><strong>Enlla\u00e7os:<\/strong><\/p>\n\n\n\n<p><strong><a rel=\"noreferrer noopener\" href=\"https:\/\/open.spotify.com\/show\/5u8kiAJ3xvsc54cX2rPSKa\" target=\"_blank\">La Gira<\/a><\/strong> &#8211; Un p\u00f2dcast de Viasona.cat que descobreix les entranyes dels artistes del pa\u00eds.<\/p>\n\n\n\n<div style=\"height:75px\" aria-hidden=\"true\" class=\"wp-block-spacer\"><\/div>\n<\/div>\n<\/div>\n<\/div>\n","protected":false},"excerpt":{"rendered":"<p>Data 11 de desembre de 2023 Ponent La Bet Molina \u00e9s periodista i creadora de contingut a les xarxes socials, principalment, de tem\u00e0tica cultural. \u00c9s presentadora del p\u00f2dcast d\u2019entrevistes LaGira, de Viasona, mitj\u00e0 de comunicaci\u00f3 de m\u00fasica en catal\u00e0 pel qual ha treballat. Actualment, col\u00b7labora com a creadora de contingut digital pel canal de la [&hellip;]<\/p>\n","protected":false},"author":17,"featured_media":0,"parent":9850,"menu_order":0,"comment_status":"closed","ping_status":"closed","template":"","meta":{"site-sidebar-layout":"default","site-content-layout":"","ast-site-content-layout":"default","site-content-style":"default","site-sidebar-style":"default","ast-global-header-display":"","ast-banner-title-visibility":"","ast-main-header-display":"","ast-hfb-above-header-display":"","ast-hfb-below-header-display":"","ast-hfb-mobile-header-display":"","site-post-title":"disabled","ast-breadcrumbs-content":"","ast-featured-img":"","footer-sml-layout":"","theme-transparent-header-meta":"","adv-header-id-meta":"","stick-header-meta":"","header-above-stick-meta":"","header-main-stick-meta":"","header-below-stick-meta":"","astra-migrate-meta-layouts":"set","ast-page-background-enabled":"default","ast-page-background-meta":{"desktop":{"background-color":"","background-image":"","background-repeat":"repeat","background-position":"center center","background-size":"auto","background-attachment":"scroll","background-type":"","background-media":"","overlay-type":"","overlay-color":"","overlay-opacity":"","overlay-gradient":""},"tablet":{"background-color":"","background-image":"","background-repeat":"repeat","background-position":"center center","background-size":"auto","background-attachment":"scroll","background-type":"","background-media":"","overlay-type":"","overlay-color":"","overlay-opacity":"","overlay-gradient":""},"mobile":{"background-color":"","background-image":"","background-repeat":"repeat","background-position":"center center","background-size":"auto","background-attachment":"scroll","background-type":"","background-media":"","overlay-type":"","overlay-color":"","overlay-opacity":"","overlay-gradient":""}},"ast-content-background-meta":{"desktop":{"background-color":"var(--ast-global-color-5)","background-image":"","background-repeat":"repeat","background-position":"center center","background-size":"auto","background-attachment":"scroll","background-type":"","background-media":"","overlay-type":"","overlay-color":"","overlay-opacity":"","overlay-gradient":""},"tablet":{"background-color":"var(--ast-global-color-5)","background-image":"","background-repeat":"repeat","background-position":"center center","background-size":"auto","background-attachment":"scroll","background-type":"","background-media":"","overlay-type":"","overlay-color":"","overlay-opacity":"","overlay-gradient":""},"mobile":{"background-color":"var(--ast-global-color-5)","background-image":"","background-repeat":"repeat","background-position":"center center","background-size":"auto","background-attachment":"scroll","background-type":"","background-media":"","overlay-type":"","overlay-color":"","overlay-opacity":"","overlay-gradient":""}},"footnotes":""},"class_list":["post-13211","page","type-page","status-publish","hentry"],"post_mailing_queue_ids":[],"_links":{"self":[{"href":"https:\/\/projectes.xtec.cat\/canaldereporters\/wp-json\/wp\/v2\/pages\/13211","targetHints":{"allow":["GET"]}}],"collection":[{"href":"https:\/\/projectes.xtec.cat\/canaldereporters\/wp-json\/wp\/v2\/pages"}],"about":[{"href":"https:\/\/projectes.xtec.cat\/canaldereporters\/wp-json\/wp\/v2\/types\/page"}],"author":[{"embeddable":true,"href":"https:\/\/projectes.xtec.cat\/canaldereporters\/wp-json\/wp\/v2\/users\/17"}],"replies":[{"embeddable":true,"href":"https:\/\/projectes.xtec.cat\/canaldereporters\/wp-json\/wp\/v2\/comments?post=13211"}],"version-history":[{"count":6,"href":"https:\/\/projectes.xtec.cat\/canaldereporters\/wp-json\/wp\/v2\/pages\/13211\/revisions"}],"predecessor-version":[{"id":15019,"href":"https:\/\/projectes.xtec.cat\/canaldereporters\/wp-json\/wp\/v2\/pages\/13211\/revisions\/15019"}],"up":[{"embeddable":true,"href":"https:\/\/projectes.xtec.cat\/canaldereporters\/wp-json\/wp\/v2\/pages\/9850"}],"wp:attachment":[{"href":"https:\/\/projectes.xtec.cat\/canaldereporters\/wp-json\/wp\/v2\/media?parent=13211"}],"curies":[{"name":"wp","href":"https:\/\/api.w.org\/{rel}","templated":true}]}}