{"id":10776,"date":"2023-01-20T13:48:51","date_gmt":"2023-01-20T12:48:51","guid":{"rendered":"https:\/\/projectes.xtec.cat\/centresformadors\/?page_id=10776"},"modified":"2023-07-06T15:03:55","modified_gmt":"2023-07-06T13:03:55","slug":"treballs-de-fi-de-master-tfm","status":"publish","type":"page","link":"https:\/\/projectes.xtec.cat\/centresformadors\/treballs-de-fi-de-master-tfm\/","title":{"rendered":"Treballs de Fi de M\u00e0ster (TFM)"},"content":{"rendered":"<p><a href=\"https:\/\/projectes.xtec.cat\/centresformadors\/wp-content\/uploads\/usu1341\/2023\/01\/T.png\"><img loading=\"lazy\" decoding=\"async\" class=\"alignnone wp-image-10781\" src=\"https:\/\/projectes.xtec.cat\/centresformadors\/wp-content\/uploads\/usu1341\/2023\/01\/T-691x1024.png\" alt=\"\" width=\"217\" height=\"321\" srcset=\"https:\/\/projectes.xtec.cat\/centresformadors\/wp-content\/uploads\/usu1341\/2023\/01\/T-691x1024.png 691w, https:\/\/projectes.xtec.cat\/centresformadors\/wp-content\/uploads\/usu1341\/2023\/01\/T-202x300.png 202w, https:\/\/projectes.xtec.cat\/centresformadors\/wp-content\/uploads\/usu1341\/2023\/01\/T-768x1139.png 768w, https:\/\/projectes.xtec.cat\/centresformadors\/wp-content\/uploads\/usu1341\/2023\/01\/T.png 775w\" sizes=\"auto, (max-width: 217px) 100vw, 217px\" \/><\/a><\/p>\n<p>En el marc de la col\u00b7laboraci\u00f3 amb les universitats, compartim aquests treballs de fi de m\u00e0ster realitzats per el estudiants del diferents m\u00e0sters de secund\u00e0ria de formaci\u00f3 del professorat:<\/p>\n<p><strong>UNIVERSITAT POLIT\u00c8CNICA DE CATALUNYA (UPC)<\/strong><\/p>\n<table dir=\"ltr\" style=\"width: 93.1527%;\" border=\"1\" cellspacing=\"0\" cellpadding=\"0\">\n<colgroup>\n<col width=\"87\" \/>\n<col width=\"374\" \/>\n<col width=\"142\" \/><\/colgroup>\n<tbody>\n<tr>\n<td style=\"width: 14.9918%;\" data-sheets-value=\"{&quot;1&quot;:2,&quot;2&quot;:&quot;Etapa \/ Especialitat&quot;}\">Etapa \/ Especialitat<\/td>\n<td style=\"width: 60.7972%;\" data-sheets-value=\"{&quot;1&quot;:2,&quot;2&quot;:&quot;T\u00edtol TFM&quot;}\">T\u00edtol TFM<\/td>\n<td style=\"width: 70.9277%;\" data-sheets-value=\"{&quot;1&quot;:2,&quot;2&quot;:&quot;Autor\/a&quot;}\">Autor\/a<\/td>\n<\/tr>\n<tr>\n<td style=\"width: 14.9918%;\" data-sheets-value=\"{&quot;1&quot;:2,&quot;2&quot;:&quot;FP&quot;}\">FP<\/td>\n<td style=\"width: 60.7972%;\" data-sheets-value=\"{&quot;1&quot;:2,&quot;2&quot;:&quot;Disseny, aplicaci\u00f3 i revisi\u00f3 de la metodologia ABP al m\u00f2dul de Producci\u00f3 i impressi\u00f3 del CFGM Assist\u00e8ncia al producte gr\u00e0fic impr\u00e8s&quot;}\" data-sheets-hyperlink=\"https:\/\/upcommons.upc.edu\/handle\/2117\/369455\"><a class=\"in-cell-link\" href=\"https:\/\/upcommons.upc.edu\/handle\/2117\/369455\" target=\"_blank\" rel=\"noopener\">Disseny, aplicaci\u00f3 i revisi\u00f3 de la metodologia ABP al m\u00f2dul de Producci\u00f3 i impressi\u00f3 del CFGM Assist\u00e8ncia al producte gr\u00e0fic impr\u00e8s<\/a><\/td>\n<td style=\"width: 70.9277%;\" data-sheets-value=\"{&quot;1&quot;:2,&quot;2&quot;:&quot;Elias Torras, Carla&quot;}\">Elias Torras, Carla<\/td>\n<\/tr>\n<tr>\n<td style=\"width: 14.9918%;\" data-sheets-value=\"{&quot;1&quot;:2,&quot;2&quot;:&quot;Tecnologia&quot;}\">Tecnologia<\/td>\n<td style=\"width: 60.7972%;\" data-sheets-value=\"{&quot;1&quot;:2,&quot;2&quot;:&quot;Disseny d'un projecte interdisciplinari (STEAM) per a la millora de l'aprenentatge a primer d'ESO basat en la construcci\u00f3 d'una estaci\u00f3 meteorol\u00f2gica amb recull i an\u00e0lisi de dades&quot;}\" data-sheets-hyperlink=\"https:\/\/upcommons.upc.edu\/handle\/2117\/370557\"><a class=\"in-cell-link\" href=\"https:\/\/upcommons.upc.edu\/handle\/2117\/370557\" target=\"_blank\" rel=\"noopener\">Disseny d&#8217;un projecte interdisciplinari (STEAM) per a la millora de l&#8217;aprenentatge a primer d&#8217;ESO basat en la construcci\u00f3 d&#8217;una estaci\u00f3 meteorol\u00f2gica amb recull i an\u00e0lisi de dades<\/a><\/td>\n<td style=\"width: 70.9277%;\" data-sheets-value=\"{&quot;1&quot;:2,&quot;2&quot;:&quot;Benaiges Martinez, Consuelo&quot;}\">Benaiges Martinez, Consuelo<\/td>\n<\/tr>\n<tr>\n<td style=\"width: 14.9918%;\" data-sheets-value=\"{&quot;1&quot;:2,&quot;2&quot;:&quot;FP&quot;}\">FP<\/td>\n<td style=\"width: 60.7972%;\" data-sheets-value=\"{&quot;1&quot;:2,&quot;2&quot;:&quot;Projecte multidisciplinari d'auditoria inform\u00e0tica per facilitar l'aprenentatge dels alumnes d'un CFGS de Desenvolupament d'aplicacions web i d'un curs d'especialitzaci\u00f3 de Ciberseguretat&quot;}\" data-sheets-hyperlink=\"https:\/\/upcommons.upc.edu\/handle\/2117\/369707\"><a class=\"in-cell-link\" href=\"https:\/\/upcommons.upc.edu\/handle\/2117\/369707\" target=\"_blank\" rel=\"noopener\">Projecte multidisciplinari d&#8217;auditoria inform\u00e0tica per facilitar l&#8217;aprenentatge dels alumnes d&#8217;un CFGS de Desenvolupament d&#8217;aplicacions web i d&#8217;un curs d&#8217;especialitzaci\u00f3 de Ciberseguretat<\/a><\/td>\n<td style=\"width: 70.9277%;\" data-sheets-value=\"{&quot;1&quot;:2,&quot;2&quot;:&quot;Segura Benalaque, Dolors&quot;}\">Segura Benalaque, Dolors<\/td>\n<\/tr>\n<tr>\n<td style=\"width: 14.9918%;\" data-sheets-value=\"{&quot;1&quot;:2,&quot;2&quot;:&quot;Tecnologia&quot;}\">Tecnologia<\/td>\n<td style=\"width: 60.7972%;\" data-sheets-value=\"{&quot;1&quot;:2,&quot;2&quot;:&quot;Estudi de la relaci\u00f3 entre l'aprenentatge de l'alumnat i l'estructura i distribuci\u00f3 del marc horari a educaci\u00f3 secund\u00e0ria&quot;}\" data-sheets-hyperlink=\"https:\/\/upcommons.upc.edu\/handle\/2117\/370224\"><a class=\"in-cell-link\" href=\"https:\/\/upcommons.upc.edu\/handle\/2117\/370224\" target=\"_blank\" rel=\"noopener\">Estudi de la relaci\u00f3 entre l&#8217;aprenentatge de l&#8217;alumnat i l&#8217;estructura i distribuci\u00f3 del marc horari a educaci\u00f3 secund\u00e0ria<\/a><\/td>\n<td style=\"width: 70.9277%;\" data-sheets-value=\"{&quot;1&quot;:2,&quot;2&quot;:&quot;Holgueras Rebollo, Aina &quot;}\">Holgueras Rebollo, Aina<\/td>\n<\/tr>\n<tr>\n<td style=\"width: 14.9918%;\" data-sheets-value=\"{&quot;1&quot;:2,&quot;2&quot;:&quot;Tecnologia&quot;}\">Tecnologia<\/td>\n<td style=\"width: 60.7972%;\" data-sheets-value=\"{&quot;1&quot;:2,&quot;2&quot;:&quot;El FabLab MakerSpace a l'institut i una proposta docent basada en el component social&quot;}\" data-sheets-hyperlink=\"https:\/\/upcommons.upc.edu\/handle\/2117\/370516\"><a class=\"in-cell-link\" href=\"https:\/\/upcommons.upc.edu\/handle\/2117\/370516\" target=\"_blank\" rel=\"noopener\">El FabLab MakerSpace a l&#8217;institut i una proposta docent basada en el component social<\/a><\/td>\n<td style=\"width: 70.9277%;\" data-sheets-value=\"{&quot;1&quot;:2,&quot;2&quot;:&quot;Trallero Leiva, F\u00e9lix&quot;}\">Trallero Leiva, F\u00e9lix<\/td>\n<\/tr>\n<tr>\n<td style=\"width: 14.9918%;\" data-sheets-value=\"{&quot;1&quot;:2,&quot;2&quot;:&quot;Tecnologia&quot;}\">Tecnologia<\/td>\n<td style=\"width: 60.7972%;\" data-sheets-value=\"{&quot;1&quot;:2,&quot;2&quot;:&quot;La vocaci\u00f3 tecnol\u00f2gica de les dones: mites i realitat. Estrat\u00e8gies per millorar-la des de l\u2019assignatura de tecnologia a l\u2019ESO&quot;}\" data-sheets-hyperlink=\"https:\/\/upcommons.upc.edu\/handle\/2117\/369739\"><a class=\"in-cell-link\" href=\"https:\/\/upcommons.upc.edu\/handle\/2117\/369739\" target=\"_blank\" rel=\"noopener\">La vocaci\u00f3 tecnol\u00f2gica de les dones: mites i realitat. Estrat\u00e8gies per millorar-la des de l\u2019assignatura de tecnologia a l\u2019ESO<\/a><\/td>\n<td style=\"width: 70.9277%;\" data-sheets-value=\"{&quot;1&quot;:2,&quot;2&quot;:&quot;Carrera Garcia De Cortazar, N\u00faria&quot;}\">Carrera Garcia De Cortazar, N\u00faria<\/td>\n<\/tr>\n<tr>\n<td style=\"width: 14.9918%;\" data-sheets-value=\"{&quot;1&quot;:2,&quot;2&quot;:&quot;FP&quot;}\">FP<\/td>\n<td style=\"width: 60.7972%;\" data-sheets-value=\"{&quot;1&quot;:2,&quot;2&quot;:&quot;Introducci\u00f3 de l'enfocament AICLE per a l'adaptaci\u00f3 de l'ensenyament en angl\u00e8s dels continguts als cicles formatius de grau superior de la fam\u00edlia d'inform\u00e0tica&quot;}\" data-sheets-hyperlink=\"https:\/\/upcommons.upc.edu\/handle\/2117\/369262\"><a class=\"in-cell-link\" href=\"https:\/\/upcommons.upc.edu\/handle\/2117\/369262\" target=\"_blank\" rel=\"noopener\">Introducci\u00f3 de l&#8217;enfocament AICLE per a l&#8217;adaptaci\u00f3 de l&#8217;ensenyament en angl\u00e8s dels continguts als cicles formatius de grau superior de la fam\u00edlia d&#8217;inform\u00e0tica<\/a><\/td>\n<td style=\"width: 70.9277%;\" data-sheets-value=\"{&quot;1&quot;:2,&quot;2&quot;:&quot;Cuello Collado, Fernando&quot;}\">Cuello Collado, Fernando<\/td>\n<\/tr>\n<tr>\n<td style=\"width: 14.9918%;\" data-sheets-value=\"{&quot;1&quot;:2,&quot;2&quot;:&quot;FP&quot;}\">FP<\/td>\n<td style=\"width: 60.7972%;\" data-sheets-value=\"{&quot;1&quot;:2,&quot;2&quot;:&quot;Disseny i programaci\u00f3 del nou M\u00f2dul Professional \\&quot;Projectes Audiovisuals\\&quot; al CFGM V\u00eddeo, discj\u00f2quei i so&quot;}\" data-sheets-hyperlink=\"https:\/\/upcommons.upc.edu\/handle\/2117\/370738\"><a class=\"in-cell-link\" href=\"https:\/\/upcommons.upc.edu\/handle\/2117\/370738\" target=\"_blank\" rel=\"noopener\">Disseny i programaci\u00f3 del nou M\u00f2dul Professional &#8220;Projectes Audiovisuals&#8221; al CFGM V\u00eddeo, discj\u00f2quei i so<\/a><\/td>\n<td style=\"width: 70.9277%;\" data-sheets-value=\"{&quot;1&quot;:2,&quot;2&quot;:&quot;Monjo Pastor, S\u00f2nia&quot;}\">Monjo Pastor, S\u00f2nia<\/td>\n<\/tr>\n<tr>\n<td style=\"width: 14.9918%;\" data-sheets-value=\"{&quot;1&quot;:2,&quot;2&quot;:&quot;FP&quot;}\">FP<\/td>\n<td style=\"width: 60.7972%;\" data-sheets-value=\"{&quot;1&quot;:2,&quot;2&quot;:&quot;Metodologia d\u2019ensenyament basada en projectes del cicle formatiu d'instal\u00b7lacions el\u00e8ctriques i autom\u00e0tiques e intercicle&quot;}\" data-sheets-hyperlink=\"https:\/\/upcommons.upc.edu\/handle\/2117\/369457\"><a class=\"in-cell-link\" href=\"https:\/\/upcommons.upc.edu\/handle\/2117\/369457\" target=\"_blank\" rel=\"noopener\">Metodologia d\u2019ensenyament basada en projectes del cicle formatiu d&#8217;instal\u00b7lacions el\u00e8ctriques i autom\u00e0tiques e intercicle<\/a><\/td>\n<td style=\"width: 70.9277%;\" data-sheets-value=\"{&quot;1&quot;:2,&quot;2&quot;:&quot;Farr\u00e9 Cald\u00e9s, Josep Maria&quot;}\">Farr\u00e9 Cald\u00e9s, Josep Maria<\/td>\n<\/tr>\n<tr>\n<td style=\"width: 14.9918%;\" data-sheets-value=\"{&quot;1&quot;:2,&quot;2&quot;:&quot;Tecnologia&quot;}\">Tecnologia<\/td>\n<td style=\"width: 60.7972%;\" data-sheets-value=\"{&quot;1&quot;:2,&quot;2&quot;:&quot;C\u00e0psules formatives per aconseguir paritat a les assignatures optatives de tecnologia&quot;}\" data-sheets-hyperlink=\"https:\/\/upcommons.upc.edu\/handle\/2117\/370059\"><a class=\"in-cell-link\" href=\"https:\/\/upcommons.upc.edu\/handle\/2117\/370059\" target=\"_blank\" rel=\"noopener\">C\u00e0psules formatives per aconseguir paritat a les assignatures optatives de tecnologia<\/a><\/td>\n<td style=\"width: 70.9277%;\" data-sheets-value=\"{&quot;1&quot;:2,&quot;2&quot;:&quot;Pal\u00e0 Giralt, M\u00f2nica&quot;}\">Pal\u00e0 Giralt, M\u00f2nica<\/td>\n<\/tr>\n<tr>\n<td style=\"width: 14.9918%;\" data-sheets-value=\"{&quot;1&quot;:2,&quot;2&quot;:&quot;FP&quot;}\">FP<\/td>\n<td style=\"width: 60.7972%;\" data-sheets-value=\"{&quot;1&quot;:2,&quot;2&quot;:&quot;\u00das de la m\u00e0gia com a recurs educatiu en estudis de FP (\u00e0mbit tecnol\u00f2gic)&quot;}\" data-sheets-hyperlink=\"https:\/\/upcommons.upc.edu\/handle\/2117\/370520\"><a class=\"in-cell-link\" href=\"https:\/\/upcommons.upc.edu\/handle\/2117\/370520\" target=\"_blank\" rel=\"noopener\">\u00das de la m\u00e0gia com a recurs educatiu en estudis de FP (\u00e0mbit tecnol\u00f2gic)<\/a><\/td>\n<td style=\"width: 70.9277%;\" data-sheets-value=\"{&quot;1&quot;:2,&quot;2&quot;:&quot;Montero L\u00f3pez , Jorge&quot;}\">Montero L\u00f3pez , Jorge<\/td>\n<\/tr>\n<tr>\n<td style=\"width: 14.9918%;\" data-sheets-value=\"{&quot;1&quot;:2,&quot;2&quot;:&quot;Tecnologia&quot;}\">Tecnologia<\/td>\n<td style=\"width: 60.7972%;\" data-sheets-value=\"{&quot;1&quot;:2,&quot;2&quot;:&quot;Disseny, aplicaci\u00f3 i avaluaci\u00f3 d\u2019un breakout educatiu digital per donar un punt de vista sostenible i social dels pl\u00e0stics als alumnes de 1r d\u2019ESO&quot;}\" data-sheets-hyperlink=\"https:\/\/upcommons.upc.edu\/handle\/2117\/369442\"><a class=\"in-cell-link\" href=\"https:\/\/upcommons.upc.edu\/handle\/2117\/369442\" target=\"_blank\" rel=\"noopener\">Disseny, aplicaci\u00f3 i avaluaci\u00f3 d\u2019un breakout educatiu digital per donar un punt de vista sostenible i social dels pl\u00e0stics als alumnes de 1r d\u2019ESO<\/a><\/td>\n<td style=\"width: 70.9277%;\" data-sheets-value=\"{&quot;1&quot;:2,&quot;2&quot;:&quot;Arasanz Pujol, Ariadna&quot;}\">Arasanz Pujol, Ariadna<\/td>\n<\/tr>\n<tr>\n<td style=\"width: 14.9918%;\" data-sheets-value=\"{&quot;1&quot;:2,&quot;2&quot;:&quot;Tecnologia&quot;}\">Tecnologia<\/td>\n<td style=\"width: 60.7972%;\" data-sheets-value=\"{&quot;1&quot;:2,&quot;2&quot;:&quot;Utilitzaci\u00f3 del banc de recursos de les proves Castor en la incorporaci\u00f3 de material i canvi metodol\u00f2gic per potenciar el Pensament Computacional a l'ESO&quot;}\" data-sheets-hyperlink=\"https:\/\/upcommons.upc.edu\/handle\/2117\/351574\"><a class=\"in-cell-link\" href=\"https:\/\/upcommons.upc.edu\/handle\/2117\/351574\" target=\"_blank\" rel=\"noopener\">Utilitzaci\u00f3 del banc de recursos de les proves Castor en la incorporaci\u00f3 de material i canvi metodol\u00f2gic per potenciar el Pensament Computacional a l&#8217;ESO<\/a><\/td>\n<td style=\"width: 70.9277%;\" data-sheets-value=\"{&quot;1&quot;:2,&quot;2&quot;:&quot;Pacho Ruiz, Paula&quot;}\">Pacho Ruiz, Paula<\/td>\n<\/tr>\n<tr>\n<td style=\"width: 14.9918%;\" data-sheets-value=\"{&quot;1&quot;:2,&quot;2&quot;:&quot;FP&quot;}\">FP<\/td>\n<td style=\"width: 60.7972%;\" data-sheets-value=\"{&quot;1&quot;:2,&quot;2&quot;:&quot;La meditaci\u00f3 com a eina per ajudar a millorar la gesti\u00f3 emocional i el rendiment acad\u00e8mic d'estudiants de secund\u00e0ria i FP&quot;}\" data-sheets-hyperlink=\"https:\/\/upcommons.upc.edu\/handle\/2117\/352756\"><a class=\"in-cell-link\" href=\"https:\/\/upcommons.upc.edu\/handle\/2117\/352756\" target=\"_blank\" rel=\"noopener\">La meditaci\u00f3 com a eina per ajudar a millorar la gesti\u00f3 emocional i el rendiment acad\u00e8mic d&#8217;estudiants de secund\u00e0ria i FP<\/a><\/td>\n<td style=\"width: 70.9277%;\" data-sheets-value=\"{&quot;1&quot;:2,&quot;2&quot;:&quot;Rodr\u00edguez Bay\u00e9s, Clara&quot;}\">Rodr\u00edguez Bay\u00e9s, Clara<\/td>\n<\/tr>\n<tr>\n<td style=\"width: 14.9918%;\" data-sheets-value=\"{&quot;1&quot;:2,&quot;2&quot;:&quot;FP&quot;}\">FP<\/td>\n<td style=\"width: 60.7972%;\" data-sheets-value=\"{&quot;1&quot;:2,&quot;2&quot;:&quot;Disseny d\u2019una activitat d\u2019ensenyament basada en projectes, que faciliti l\u2019\u00e8xit del cicle formatiu de construcci\u00f3 i muntatge d\u2019autocars, en un institut de la comarca de La Selva&quot;}\" data-sheets-hyperlink=\"https:\/\/upcommons.upc.edu\/handle\/2117\/355649\"><a class=\"in-cell-link\" href=\"https:\/\/upcommons.upc.edu\/handle\/2117\/355649\" target=\"_blank\" rel=\"noopener\">Disseny d\u2019una activitat d\u2019ensenyament basada en projectes, que faciliti l\u2019\u00e8xit del cicle formatiu de construcci\u00f3 i muntatge d\u2019autocars, en un institut de la comarca de La Selva<\/a><\/td>\n<td style=\"width: 70.9277%;\" data-sheets-value=\"{&quot;1&quot;:2,&quot;2&quot;:&quot;Brau Morales, Guillem&quot;}\">Brau Morales, Guillem<\/td>\n<\/tr>\n<tr>\n<td style=\"width: 14.9918%;\" data-sheets-value=\"{&quot;1&quot;:2,&quot;2&quot;:&quot;FP&quot;}\">FP<\/td>\n<td style=\"width: 60.7972%;\" data-sheets-value=\"{&quot;1&quot;:2,&quot;2&quot;:&quot;Quines implicacions t\u00e9 l'adolesc\u00e8ncia en els nois i les noies amb TEA i com \u00e9s l'acompanyament del professorat a l'FP&quot;}\" data-sheets-hyperlink=\"https:\/\/upcommons.upc.edu\/handle\/2117\/351237\"><a class=\"in-cell-link\" href=\"https:\/\/upcommons.upc.edu\/handle\/2117\/351237\" target=\"_blank\" rel=\"noopener\">Quines implicacions t\u00e9 l&#8217;adolesc\u00e8ncia en els nois i les noies amb TEA i com \u00e9s l&#8217;acompanyament del professorat a l&#8217;FP<\/a><\/td>\n<td style=\"width: 70.9277%;\" data-sheets-value=\"{&quot;1&quot;:2,&quot;2&quot;:&quot;Molins Caban\u00ed , Eva&quot;}\">Molins Caban\u00ed , Eva<\/td>\n<\/tr>\n<tr>\n<td style=\"width: 14.9918%;\" data-sheets-value=\"{&quot;1&quot;:2,&quot;2&quot;:&quot;FP&quot;}\">FP<\/td>\n<td style=\"width: 60.7972%;\" data-sheets-value=\"{&quot;1&quot;:2,&quot;2&quot;:&quot;Integraci\u00f3 de les tend\u00e8ncies futures del sector d'automoci\u00f3 en el CFGS Mecatr\u00f2nica Industrial&quot;}\" data-sheets-hyperlink=\"https:\/\/upcommons.upc.edu\/handle\/2117\/351140\"><a class=\"in-cell-link\" href=\"https:\/\/upcommons.upc.edu\/handle\/2117\/351140\" target=\"_blank\" rel=\"noopener\">Integraci\u00f3 de les tend\u00e8ncies futures del sector d&#8217;automoci\u00f3 en el CFGS Mecatr\u00f2nica Industrial<\/a><\/td>\n<td style=\"width: 70.9277%;\" data-sheets-value=\"{&quot;1&quot;:2,&quot;2&quot;:&quot;Kerschbaumer, Walburga Ursula&quot;}\">Kerschbaumer, Walburga Ursula<\/td>\n<\/tr>\n<tr>\n<td style=\"width: 14.9918%;\" data-sheets-value=\"{&quot;1&quot;:2,&quot;2&quot;:&quot;Tecnologia&quot;}\">Tecnologia<\/td>\n<td style=\"width: 60.7972%;\" data-sheets-value=\"{&quot;1&quot;:2,&quot;2&quot;:&quot;Gu\u00eda de pautas y metodolog\u00edas para la educaci\u00f3n inclusiva de alumnos con discapacidad intelectual en el aula de tecnolog\u00eda&quot;}\" data-sheets-hyperlink=\"https:\/\/upcommons.upc.edu\/handle\/2117\/351564\"><a class=\"in-cell-link\" href=\"https:\/\/upcommons.upc.edu\/handle\/2117\/351564\" target=\"_blank\" rel=\"noopener\">Gu\u00eda de pautas y metodolog\u00edas para la educaci\u00f3n inclusiva de alumnos con discapacidad intelectual en el aula de tecnolog\u00eda<\/a><\/td>\n<td style=\"width: 70.9277%;\" data-sheets-value=\"{&quot;1&quot;:2,&quot;2&quot;:&quot;Freile Berrospe, Eider&quot;}\">Freile Berrospe, Eider<\/td>\n<\/tr>\n<tr>\n<td style=\"width: 14.9918%;\" data-sheets-value=\"{&quot;1&quot;:2,&quot;2&quot;:&quot;FP&quot;}\">FP<\/td>\n<td style=\"width: 60.7972%;\" data-sheets-value=\"{&quot;1&quot;:2,&quot;2&quot;:&quot;Actualitzaci\u00f3 de la mirada entorn la segregaci\u00f3 de la FP a Catalunya. Revisi\u00f3 i an\u00e0lisi de pol\u00edtiques, aproximaci\u00f3 quantitativa i qualitativa i recull d\u2019estrat\u00e8gies i accions per millorar el biaix de g\u00e8nere&quot;}\" data-sheets-hyperlink=\"https:\/\/upcommons.upc.edu\/handle\/2117\/355741\"><a class=\"in-cell-link\" href=\"https:\/\/upcommons.upc.edu\/handle\/2117\/355741\" target=\"_blank\" rel=\"noopener\">Actualitzaci\u00f3 de la mirada entorn la segregaci\u00f3 de la FP a Catalunya. Revisi\u00f3 i an\u00e0lisi de pol\u00edtiques, aproximaci\u00f3 quantitativa i qualitativa i recull d\u2019estrat\u00e8gies i accions per millorar el biaix de g\u00e8nere<\/a><\/td>\n<td style=\"width: 70.9277%;\" data-sheets-value=\"{&quot;1&quot;:2,&quot;2&quot;:&quot;Curto Teixid\u00f3, David&quot;}\">Curto Teixid\u00f3, David<\/td>\n<\/tr>\n<\/tbody>\n<\/table>\n<p>Compartim <a href=\"https:\/\/upcommons.upc.edu\/handle\/2099.1\/10837\">enlla\u00e7<\/a> a la p\u00e0gina web.<\/p>\n<p><span data-sheets-value=\"{&quot;1&quot;:2,&quot;2&quot;:&quot;Tots els drets reservats. Aquesta obra est\u00e0 protegida pels drets de propietat intel\u00b7lectual i industrial corresponents. Sense perjudici de les exempcions legals existents, queda prohibida la seva reproducci\u00f3, distribuci\u00f3, comunicaci\u00f3 p\u00fablica o transformaci\u00f3 sense l'autoritzaci\u00f3 del titular dels drets&quot;}\" data-sheets-userformat=\"{&quot;2&quot;:7039,&quot;3&quot;:{&quot;1&quot;:0},&quot;4&quot;:{&quot;1&quot;:2,&quot;2&quot;:16185078},&quot;5&quot;:{&quot;1&quot;:[{&quot;1&quot;:2,&quot;2&quot;:0,&quot;5&quot;:{&quot;1&quot;:2,&quot;2&quot;:0}},{&quot;1&quot;:0,&quot;2&quot;:0,&quot;3&quot;:3},{&quot;1&quot;:1,&quot;2&quot;:0,&quot;4&quot;:1}]},&quot;6&quot;:{&quot;1&quot;:[{&quot;1&quot;:2,&quot;2&quot;:0,&quot;5&quot;:{&quot;1&quot;:2,&quot;2&quot;:0}},{&quot;1&quot;:0,&quot;2&quot;:0,&quot;3&quot;:3},{&quot;1&quot;:1,&quot;2&quot;:0,&quot;4&quot;:1}]},&quot;7&quot;:{&quot;1&quot;:[{&quot;1&quot;:2,&quot;2&quot;:0,&quot;5&quot;:{&quot;1&quot;:2,&quot;2&quot;:0}},{&quot;1&quot;:0,&quot;2&quot;:0,&quot;3&quot;:3},{&quot;1&quot;:1,&quot;2&quot;:0,&quot;4&quot;:1}]},&quot;8&quot;:{&quot;1&quot;:[{&quot;1&quot;:2,&quot;2&quot;:0,&quot;5&quot;:{&quot;1&quot;:2,&quot;2&quot;:0}},{&quot;1&quot;:0,&quot;2&quot;:0,&quot;3&quot;:3},{&quot;1&quot;:1,&quot;2&quot;:0,&quot;4&quot;:1}]},&quot;9&quot;:0,&quot;11&quot;:4,&quot;12&quot;:0,&quot;14&quot;:{&quot;1&quot;:2,&quot;2&quot;:0},&quot;15&quot;:&quot;\\&quot;Helvetica Neue\\&quot;, Helvetica, Arial, sans-serif&quot;}\">Drets autors: tots els drets reservats. Aquesta obra est\u00e0 protegida pels drets de propietat intel\u00b7lectual i industrial corresponents. Sense perjudici de les exempcions legals existents, queda prohibida la seva reproducci\u00f3, distribuci\u00f3, comunicaci\u00f3 p\u00fablica o transformaci\u00f3 sense l&#8217;autoritzaci\u00f3 del titular dels drets.<\/span><\/p>\n<p><strong>UNIVERSITAT DE LLEIDA (UdL)<\/strong><\/p>\n<p><a href=\"https:\/\/repositori.udl.cat\/handle\/10459.1\/69277\" target=\"_blank\" rel=\"noopener\">\u00a0https:\/\/repositori.udl.cat\/handle\/10459.1\/69277<\/a><\/p>\n","protected":false},"excerpt":{"rendered":"<p><a href=\"https:\/\/projectes.xtec.cat\/centresformadors\/wp-content\/uploads\/usu1341\/2023\/01\/T.png\"><\/a><br \/>\nEn el marc de la col\u00b7laboraci\u00f3 amb les universitats, compartim aquests treballs de fi de m\u00e0ster realitzats per el estudiants del diferents m\u00e0sters de secund\u00e0ria de formaci\u00f3 del professorat:<br \/>\nUNIVERSITAT POLIT\u00c8CNICA DE CATALUNYA (UPC)<\/p>\n<p>Etapa \/ Especialitat<br \/>\nT\u00edtol TFM<br \/>\nAutor\/a<\/p>\n<p>FP<br \/>\n<a class=\"in-cell-link\" href=\"https:\/\/upcommons.upc.edu\/handle\/2117\/369455\" target=\"_blank\" rel=\"noopener\">Disseny, aplicaci\u00f3 i revisi\u00f3 de&hellip;  <a href=\"https:\/\/projectes.xtec.cat\/centresformadors\/treballs-de-fi-de-master-tfm\/\" title=\"Read Treballs de Fi de M\u00e0ster (TFM)\">Llegeix m\u00e9s\u00bb<\/a><\/p>\n","protected":false},"author":12,"featured_media":0,"parent":0,"menu_order":0,"comment_status":"closed","ping_status":"closed","template":"","meta":{"_bbp_topic_count":0,"_bbp_reply_count":0,"_bbp_total_topic_count":0,"_bbp_total_reply_count":0,"_bbp_voice_count":0,"_bbp_anonymous_reply_count":0,"_bbp_topic_count_hidden":0,"_bbp_reply_count_hidden":0,"_bbp_forum_subforum_count":0,"footnotes":""},"class_list":["post-10776","page","type-page","status-publish","hentry"],"post_mailing_queue_ids":[],"_links":{"self":[{"href":"https:\/\/projectes.xtec.cat\/centresformadors\/wp-json\/wp\/v2\/pages\/10776","targetHints":{"allow":["GET"]}}],"collection":[{"href":"https:\/\/projectes.xtec.cat\/centresformadors\/wp-json\/wp\/v2\/pages"}],"about":[{"href":"https:\/\/projectes.xtec.cat\/centresformadors\/wp-json\/wp\/v2\/types\/page"}],"author":[{"embeddable":true,"href":"https:\/\/projectes.xtec.cat\/centresformadors\/wp-json\/wp\/v2\/users\/12"}],"replies":[{"embeddable":true,"href":"https:\/\/projectes.xtec.cat\/centresformadors\/wp-json\/wp\/v2\/comments?post=10776"}],"version-history":[{"count":3,"href":"https:\/\/projectes.xtec.cat\/centresformadors\/wp-json\/wp\/v2\/pages\/10776\/revisions"}],"predecessor-version":[{"id":10912,"href":"https:\/\/projectes.xtec.cat\/centresformadors\/wp-json\/wp\/v2\/pages\/10776\/revisions\/10912"}],"wp:attachment":[{"href":"https:\/\/projectes.xtec.cat\/centresformadors\/wp-json\/wp\/v2\/media?parent=10776"}],"curies":[{"name":"wp","href":"https:\/\/api.w.org\/{rel}","templated":true}]}}