{"id":10936,"date":"2023-07-06T16:58:54","date_gmt":"2023-07-06T14:58:54","guid":{"rendered":"https:\/\/projectes.xtec.cat\/centresformadors\/?page_id=10936"},"modified":"2023-07-06T17:08:10","modified_gmt":"2023-07-06T15:08:10","slug":"premi-pinn-mufps-categoria-workforce-support-2022-european-social-service-awards","status":"publish","type":"page","link":"https:\/\/projectes.xtec.cat\/centresformadors\/premi-pinn-mufps-categoria-workforce-support-2022-european-social-service-awards\/","title":{"rendered":"Premi European Social Service Awards 2022"},"content":{"rendered":"<p>Els Premis, com l&#8217;<em>European Social Services Awards 2022. Innovation for Social Change\u00a0<\/em>que convoca anualment l\u2019<em>European Social Network.<\/em>s\u00f3n una oportunitat de mostrar i compartir amb la resta de pa\u00efsos europeus les propostes que s\u2019estan duent a terme dins de l\u2019\u00e0mbit dels Serveis Socials per a la millora de la nostra societat. Des de diferents pa\u00efsos i diferents perspectives culturals, podem compartir de manera col\u00b7laborativa propostes innovadores que ens ajudin a resoldre els reptes amb els quals ens enfrontem di\u00e0riament en el m\u00f3n educatiu.<\/p>\n<p>Dels 84 projectes presentats, es van seleccionar 35, repartits en 6 categories.<\/p>\n<ul>\n<li>Service Delivery<\/li>\n<li>Worforce Support<\/li>\n<li>Collaborative Practise<\/li>\n<li>Tecnology Tool<\/li>\n<li>Research Project<\/li>\n<li>Excellence Awards for social innovation in cities<\/li>\n<\/ul>\n<p>Posteriorment, el vot p\u00fablic independent, 45000 persones, va decidir els projectes premiats a cada categoria.<\/p>\n<p><a href=\"https:\/\/projectes.xtec.cat\/centresformadors\/wp-content\/uploads\/usu1341\/2022\/11\/Premis-europeus-2.png\"><img loading=\"lazy\" decoding=\"async\" class=\" wp-image-10734 aligncenter\" src=\"https:\/\/projectes.xtec.cat\/centresformadors\/wp-content\/uploads\/usu1341\/2022\/11\/Premis-europeus-2.png\" alt=\"\" width=\"365\" height=\"199\" \/><\/a><\/p>\n<p>El\u00a0<strong>Programa d\u2019Innovaci\u00f3 pedag\u00f2gica pr\u00e0ctiques del m\u00e0ster de secund\u00e0ria<\/strong>\u00a0(MUFPS) ha estat premiat en la categoria\u00a0<em><strong>Worforce Support<\/strong>,\u00a0<\/em>un reconeixement al treball i la professionalitat docent, la innovaci\u00f3 i l\u2019educaci\u00f3 del nostre pa\u00eds.<\/p>\n<p><a href=\"https:\/\/projectes.xtec.cat\/centresformadors\/wp-content\/uploads\/usu1341\/2022\/11\/Premis-Europeus-1.jpeg\"><img loading=\"lazy\" decoding=\"async\" class=\"wp-image-10731 alignleft\" src=\"https:\/\/projectes.xtec.cat\/centresformadors\/wp-content\/uploads\/usu1341\/2022\/11\/Premis-Europeus-1-1024x1024.jpeg\" sizes=\"auto, (max-width: 228px) 100vw, 228px\" srcset=\"https:\/\/projectes.xtec.cat\/centresformadors\/wp-content\/uploads\/usu1341\/2022\/11\/Premis-Europeus-1-1024x1024.jpeg 1024w, https:\/\/projectes.xtec.cat\/centresformadors\/wp-content\/uploads\/usu1341\/2022\/11\/Premis-Europeus-1-300x300.jpeg 300w, https:\/\/projectes.xtec.cat\/centresformadors\/wp-content\/uploads\/usu1341\/2022\/11\/Premis-Europeus-1-150x150.jpeg 150w, https:\/\/projectes.xtec.cat\/centresformadors\/wp-content\/uploads\/usu1341\/2022\/11\/Premis-Europeus-1-768x768.jpeg 768w, https:\/\/projectes.xtec.cat\/centresformadors\/wp-content\/uploads\/usu1341\/2022\/11\/Premis-Europeus-1-1536x1536.jpeg 1536w, https:\/\/projectes.xtec.cat\/centresformadors\/wp-content\/uploads\/usu1341\/2022\/11\/Premis-Europeus-1.jpeg 1957w\" alt=\"\" width=\"228\" height=\"228\" \/><\/a>Aquest premi representa tamb\u00e9 dotar de ress\u00f2 internacional la nostra tasca per a la millora de la qualitat de l\u2019educaci\u00f3. \u00c9s important que les institucions europees posin en valor l\u2019educaci\u00f3 i la tasca docent.<\/p>\n<p>El Programa d\u2019innovaci\u00f3 pedag\u00f2gica incorpora millores en els processos de selecci\u00f3, acompanyament i reconeixement als centres formadors i canvis metodol\u00f2gics orientats a l\u2019aprenentatge transversal de la professi\u00f3 docent en contextos de treball col\u00b7laboratiu i amb interacci\u00f3 amb l\u2019entorn.<\/p>\n<p>Atorga rellev\u00e0ncia al centre formador, que l\u2019identifica com a mirall per als futurs docents. Aconseguir aquest valor afegit en el centre educatiu implica un acord de claustre que permeti identificar els centres formadors amb car\u00e0cter propi i establir un protocol d\u2019acollida i acompanyament al llarg de l\u2019estada formativa de l\u2019estudiant. Aquest acompanyament va m\u00e9s enll\u00e0 de la voluntat individual de cada professor i \u00e9s des dels equips del centre que es configura la planificaci\u00f3 de l\u2019acompanyament formatiu als estudiants universitaris en pr\u00e0ctiques.<\/p>\n<p>Tamb\u00e9 aposta per la professionalitzaci\u00f3 de la tasca docent i mentora en estreta col\u00b7laboraci\u00f3 amb les universitats, posa \u00e8mfasi en el rol formador de tot l\u2019equip docent amb el guiatge del mentor\/a, i la formaci\u00f3 i la implicaci\u00f3 de l\u2019estudiant en pr\u00e0ctiques en el context de treball col\u00b7laboratiu del centre i amb l\u2019entorn. Situa l\u2019estudiant com a agent actiu que col\u00b7labora en el desenvolupament del projecte educatiu del centre, fet que contribueix a la construcci\u00f3 d\u2019una identitat docent s\u00f2lida i promou oportunitats d\u2019aprenentatge professional personalitzades i rellevants.<\/p>\n<p>Aquest programa transforma el per\u00edode de pr\u00e0ctiques dels futurs docents, convertint-lo en un proc\u00e9s en el qual est\u00e0 implicat tot el centre educatiu. Els equips de professors que esdevenen mentors es formen en la pr\u00e0ctica reflexiva i les habilitats d\u2019acompanyament constructiu que es desenvolupen primer en les pr\u00e0ctiques i despr\u00e9s es comparteixen amb altres professors per construir la seva pr\u00f2pia metodologia pedag\u00f2gica. Per aconseguir el desenvolupament d\u2019aquesta pr\u00e0ctica professionalitzadora, els centres formadors del Programa han de ser bon models de pr\u00e0ctiques pedag\u00f2giques.<\/p>\n<p>Aquest model de formaci\u00f3 promou la investigaci\u00f3 i la transformaci\u00f3 educativa, generant espais de reflexi\u00f3 i debat pedag\u00f2gic al centre i fomentant el treball en xarxa amb altres centres per crear coneixement col\u00b7lectiu a trav\u00e9s de l\u2019intercanvi de bones pr\u00e0ctiques, millorant la qualitat del futur docent i del sistema educatiu en el seu conjunt.<\/p>\n<p>Enhorabona als centres formadors que participen en el Programa i a totes les persones implicades en el seu desenvolupament!<\/p>\n<p><a href=\"https:\/\/projectes.xtec.cat\/centresformadors\/wp-content\/uploads\/usu1341\/2023\/07\/Premi-Europeu.png\"><img loading=\"lazy\" decoding=\"async\" class=\"wp-image-10941 aligncenter\" src=\"https:\/\/projectes.xtec.cat\/centresformadors\/wp-content\/uploads\/usu1341\/2023\/07\/Premi-Europeu-1024x727.png\" alt=\"\" width=\"749\" height=\"532\" srcset=\"https:\/\/projectes.xtec.cat\/centresformadors\/wp-content\/uploads\/usu1341\/2023\/07\/Premi-Europeu-1024x727.png 1024w, https:\/\/projectes.xtec.cat\/centresformadors\/wp-content\/uploads\/usu1341\/2023\/07\/Premi-Europeu-300x213.png 300w, https:\/\/projectes.xtec.cat\/centresformadors\/wp-content\/uploads\/usu1341\/2023\/07\/Premi-Europeu-768x545.png 768w, https:\/\/projectes.xtec.cat\/centresformadors\/wp-content\/uploads\/usu1341\/2023\/07\/Premi-Europeu-1536x1091.png 1536w, https:\/\/projectes.xtec.cat\/centresformadors\/wp-content\/uploads\/usu1341\/2023\/07\/Premi-Europeu.png 1922w\" sizes=\"auto, (max-width: 749px) 100vw, 749px\" \/><\/a><\/p>\n","protected":false},"excerpt":{"rendered":"<p>Els Premis, com l&#8217;European Social Services Awards 2022. Innovation for Social Change\u00a0que convoca anualment l\u2019European Social Network.s\u00f3n una oportunitat de mostrar i compartir amb la resta de pa\u00efsos europeus les propostes que s\u2019estan duent a terme dins de l\u2019\u00e0mbit dels Serveis Socials per a la&hellip;  <a href=\"https:\/\/projectes.xtec.cat\/centresformadors\/premi-pinn-mufps-categoria-workforce-support-2022-european-social-service-awards\/\" title=\"Read Premi European Social Service Awards 2022\">Llegeix m\u00e9s\u00bb<\/a><\/p>\n","protected":false},"author":12,"featured_media":0,"parent":0,"menu_order":0,"comment_status":"closed","ping_status":"closed","template":"","meta":{"_bbp_topic_count":0,"_bbp_reply_count":0,"_bbp_total_topic_count":0,"_bbp_total_reply_count":0,"_bbp_voice_count":0,"_bbp_anonymous_reply_count":0,"_bbp_topic_count_hidden":0,"_bbp_reply_count_hidden":0,"_bbp_forum_subforum_count":0,"footnotes":""},"class_list":["post-10936","page","type-page","status-publish","hentry"],"post_mailing_queue_ids":[],"_links":{"self":[{"href":"https:\/\/projectes.xtec.cat\/centresformadors\/wp-json\/wp\/v2\/pages\/10936","targetHints":{"allow":["GET"]}}],"collection":[{"href":"https:\/\/projectes.xtec.cat\/centresformadors\/wp-json\/wp\/v2\/pages"}],"about":[{"href":"https:\/\/projectes.xtec.cat\/centresformadors\/wp-json\/wp\/v2\/types\/page"}],"author":[{"embeddable":true,"href":"https:\/\/projectes.xtec.cat\/centresformadors\/wp-json\/wp\/v2\/users\/12"}],"replies":[{"embeddable":true,"href":"https:\/\/projectes.xtec.cat\/centresformadors\/wp-json\/wp\/v2\/comments?post=10936"}],"version-history":[{"count":3,"href":"https:\/\/projectes.xtec.cat\/centresformadors\/wp-json\/wp\/v2\/pages\/10936\/revisions"}],"predecessor-version":[{"id":10943,"href":"https:\/\/projectes.xtec.cat\/centresformadors\/wp-json\/wp\/v2\/pages\/10936\/revisions\/10943"}],"wp:attachment":[{"href":"https:\/\/projectes.xtec.cat\/centresformadors\/wp-json\/wp\/v2\/media?parent=10936"}],"curies":[{"name":"wp","href":"https:\/\/api.w.org\/{rel}","templated":true}]}}