{"id":11152,"date":"2023-08-31T13:37:14","date_gmt":"2023-08-31T11:37:14","guid":{"rendered":"https:\/\/projectes.xtec.cat\/centresformadors\/?page_id=11152"},"modified":"2026-02-25T12:59:45","modified_gmt":"2026-02-25T11:59:45","slug":"conveni-de-collaboracio-per-a-la-realitzacio-de-practiques-professionalitzadores","status":"publish","type":"page","link":"https:\/\/projectes.xtec.cat\/centresformadors\/conveni-de-collaboracio-per-a-la-realitzacio-de-practiques-professionalitzadores\/","title":{"rendered":"Conveni de col\u00b7laboraci\u00f3 entre el Departament d&#8217;Educaci\u00f3 i Formaci\u00f3 Professional i les Universitats per a la realitzaci\u00f3 de pr\u00e0ctiques professionalitzadores d&#8217;estudiants en centres formadors"},"content":{"rendered":"<p><a href=\"https:\/\/projectes.xtec.cat\/centresformadors\/wp-content\/uploads\/usu1341\/2023\/08\/Imatge-C.png\"><img loading=\"lazy\" decoding=\"async\" class=\" wp-image-11164 alignleft\" src=\"https:\/\/projectes.xtec.cat\/centresformadors\/wp-content\/uploads\/usu1341\/2023\/08\/Imatge-C-933x1024.png\" alt=\"\" width=\"145\" height=\"159\" srcset=\"https:\/\/projectes.xtec.cat\/centresformadors\/wp-content\/uploads\/usu1341\/2023\/08\/Imatge-C-933x1024.png 933w, https:\/\/projectes.xtec.cat\/centresformadors\/wp-content\/uploads\/usu1341\/2023\/08\/Imatge-C-273x300.png 273w, https:\/\/projectes.xtec.cat\/centresformadors\/wp-content\/uploads\/usu1341\/2023\/08\/Imatge-C-768x843.png 768w, https:\/\/projectes.xtec.cat\/centresformadors\/wp-content\/uploads\/usu1341\/2023\/08\/Imatge-C.png 1134w\" sizes=\"auto, (max-width: 145px) 100vw, 145px\" \/><\/a><\/p>\n<p>El Departament d\u2019Educaci\u00f3 i Formaci\u00f3 Professional i les Universitats comparteixen el repte de la formaci\u00f3 dels futurs\u00a0 i les futures docents com professionals competents i compromesos i compromeses amb l\u2019educaci\u00f3 i valoren positivament que l\u2019estudiantat universitari pugui realitzar pr\u00e0ctiques professionalitzadores en els centres educatius, serveis educatius i unitats que depenen del Departament d\u2019Educaci\u00f3 i Formaci\u00f3 Professional per tal d\u2019afavorir el seu apropament a la realitat educativa i que d\u2019aquesta manera puguin veure, practicar i viure totes les dimensions de l&#8217;acci\u00f3 educativa des de l&#8217;acci\u00f3 i la reflexi\u00f3 de la pr\u00f2pia pr\u00e0ctica i adquirir la major compet\u00e8ncia possible per a la seva professi\u00f3.<\/p>\n<p>El desenvolupament de les pr\u00e0ctiques professionalitzadores de l\u2019estudiantat ha de contribuir als objectius seg\u00fcents:<\/p>\n<ol>\n<li>Assignar valor als centres formadors com a institucions clau en la formaci\u00f3 inicial de la funci\u00f3 docent.<\/li>\n<li>Professionalitzar i recon\u00e8ixer la tasca docent i mentora en l\u2019acompanyament dels i les estudiants de pr\u00e0ctiques<\/li>\n<li>Incorporar l\u2019estudiant en pr\u00e0ctiques al centre formador com a agent actiu que col\u00b7labora en el desenvolupament del projecte educatiu de centre.<\/li>\n<li>Promoure la col\u00b7laboraci\u00f3 en projectes de recerca i de transformaci\u00f3 educativa entre les universitats i els centres formadors.<\/li>\n<\/ol>\n<p>Aquesta perspectiva fa necess\u00e0ria una veritable col\u00b7laboraci\u00f3 entre el Departament d\u2019Educaci\u00f3 i les universitats i en aquest sentit les pr\u00e0ctiques en centres formadors, han d&#8217;esdevenir espais de col\u00b7laboraci\u00f3, construcci\u00f3 i transfer\u00e8ncia de coneixement.<\/p>\n<p>Les actuacions conjuntes entre el Departament d\u2019Educaci\u00f3 i Formaci\u00f3 Professional i les universitats es planificaran respectant les din\u00e0miques i les singularitats de cada una de les institucions participants. Tot i aix\u00f2, per aconseguir una bona planificaci\u00f3, desenvolupament i coordinaci\u00f3 de les pr\u00e0ctiques \u00e9s necessari mantenir un principis comuns i compartits<\/p>\n<p>Podeu consultar el conveni signat amb les universitats en aquest <a href=\"https:\/\/projectes.xtec.cat\/centresformadors\/wp-content\/uploads\/usu1341\/2026\/01\/20260122_Conveni-Model-CAT_2025_29_def.docx-1.pdf\" target=\"_blank\" rel=\"noopener\">enlla\u00e7<\/a>.<\/p>\n","protected":false},"excerpt":{"rendered":"<p><a href=\"https:\/\/projectes.xtec.cat\/centresformadors\/wp-content\/uploads\/usu1341\/2023\/08\/Imatge-C.png\"><\/a><br \/>\nEl Departament d\u2019Educaci\u00f3 i Formaci\u00f3 Professional i les Universitats comparteixen el repte de la formaci\u00f3 dels futurs\u00a0 i les futures docents com professionals competents i compromesos i compromeses amb l\u2019educaci\u00f3 i valoren positivament que l\u2019estudiantat universitari pugui realitzar pr\u00e0ctiques professionalitzadores en els centres educatius,&hellip;  <a href=\"https:\/\/projectes.xtec.cat\/centresformadors\/conveni-de-collaboracio-per-a-la-realitzacio-de-practiques-professionalitzadores\/\" title=\"Read Conveni de col\u00b7laboraci\u00f3 entre el Departament d&#8217;Educaci\u00f3 i Formaci\u00f3 Professional i les Universitats per a la realitzaci\u00f3 de pr\u00e0ctiques professionalitzadores d&#8217;estudiants en centres formadors\">Llegeix m\u00e9s\u00bb<\/a><\/p>\n","protected":false},"author":12,"featured_media":0,"parent":0,"menu_order":0,"comment_status":"closed","ping_status":"closed","template":"","meta":{"_bbp_topic_count":0,"_bbp_reply_count":0,"_bbp_total_topic_count":0,"_bbp_total_reply_count":0,"_bbp_voice_count":0,"_bbp_anonymous_reply_count":0,"_bbp_topic_count_hidden":0,"_bbp_reply_count_hidden":0,"_bbp_forum_subforum_count":0,"footnotes":""},"class_list":["post-11152","page","type-page","status-publish","hentry"],"post_mailing_queue_ids":[],"_links":{"self":[{"href":"https:\/\/projectes.xtec.cat\/centresformadors\/wp-json\/wp\/v2\/pages\/11152","targetHints":{"allow":["GET"]}}],"collection":[{"href":"https:\/\/projectes.xtec.cat\/centresformadors\/wp-json\/wp\/v2\/pages"}],"about":[{"href":"https:\/\/projectes.xtec.cat\/centresformadors\/wp-json\/wp\/v2\/types\/page"}],"author":[{"embeddable":true,"href":"https:\/\/projectes.xtec.cat\/centresformadors\/wp-json\/wp\/v2\/users\/12"}],"replies":[{"embeddable":true,"href":"https:\/\/projectes.xtec.cat\/centresformadors\/wp-json\/wp\/v2\/comments?post=11152"}],"version-history":[{"count":5,"href":"https:\/\/projectes.xtec.cat\/centresformadors\/wp-json\/wp\/v2\/pages\/11152\/revisions"}],"predecessor-version":[{"id":11707,"href":"https:\/\/projectes.xtec.cat\/centresformadors\/wp-json\/wp\/v2\/pages\/11152\/revisions\/11707"}],"wp:attachment":[{"href":"https:\/\/projectes.xtec.cat\/centresformadors\/wp-json\/wp\/v2\/media?parent=11152"}],"curies":[{"name":"wp","href":"https:\/\/api.w.org\/{rel}","templated":true}]}}

Conveni de col·laboració entre el Departament d&#8217;Educació i Formació Professional i les Universitats per a la realització de pràctiques professionalitzadores d&#8217;estudiants en centres formadors

<p><a href="https://projectes.xtec.cat/centresformadors/wp-content/uploads/usu1341/2023/08/Imatge-C.png"><img loading="lazy" decoding="async" class=" wp-image-11164 alignleft" src="https://projectes.xtec.cat/centresformadors/wp-content/uploads/usu1341/2023/08/Imatge-C-933x1024.png" alt="" width="145" height="159" srcset="https://projectes.xtec.cat/centresformadors/wp-content/uploads/usu1341/2023/08/Imatge-C-933x1024.png 933w, https://projectes.xtec.cat/centresformadors/wp-content/uploads/usu1341/2023/08/Imatge-C-273x300.png 273w, https://projectes.xtec.cat/centresformadors/wp-content/uploads/usu1341/2023/08/Imatge-C-768x843.png 768w, https://projectes.xtec.cat/centresformadors/wp-content/uploads/usu1341/2023/08/Imatge-C.png 1134w" sizes="auto, (max-width: 145px) 100vw, 145px" /></a></p>
<p>El Departament d’Educació i Formació Professional i les Universitats comparteixen el repte de la formació dels futurs  i les futures docents com professionals competents i compromesos i compromeses amb l’educació i valoren positivament que l’estudiantat universitari pugui realitzar pràctiques professionalitzadores en els centres educatius, serveis educatius i unitats que depenen del Departament d’Educació i Formació Professional per tal d’afavorir el seu apropament a la realitat educativa i que d’aquesta manera puguin veure, practicar i viure totes les dimensions de l&#8217;acció educativa des de l&#8217;acció i la reflexió de la pròpia pràctica i adquirir la major competència possible per a la seva professió.</p>
<p>El desenvolupament de les pràctiques professionalitzadores de l’estudiantat ha de contribuir als objectius següents:</p>
<ol>
<li>Assignar valor als centres formadors com a institucions clau en la formació inicial de la funció docent.</li>
<li>Professionalitzar i reconèixer la tasca docent i mentora en l’acompanyament dels i les estudiants de pràctiques</li>
<li>Incorporar l’estudiant en pràctiques al centre formador com a agent actiu que col·labora en el desenvolupament del projecte educatiu de centre.</li>
<li>Promoure la col·laboració en projectes de recerca i de transformació educativa entre les universitats i els centres formadors.</li>
</ol>
<p>Aquesta perspectiva fa necessària una veritable col·laboració entre el Departament d’Educació i les universitats i en aquest sentit les pràctiques en centres formadors, han d&#8217;esdevenir espais de col·laboració, construcció i transferència de coneixement.</p>
<p>Les actuacions conjuntes entre el Departament d’Educació i Formació Professional i les universitats es planificaran respectant les dinàmiques i les singularitats de cada una de les institucions participants. Tot i això, per aconseguir una bona planificació, desenvolupament i coordinació de les pràctiques és necessari mantenir un principis comuns i compartits</p>
<p>Podeu consultar el conveni signat amb les universitats en aquest <a href="https://projectes.xtec.cat/centresformadors/wp-content/uploads/usu1341/2026/01/20260122_Conveni-Model-CAT_2025_29_def.docx-1.pdf" target="_blank" rel="noopener">enllaç</a>.</p>

<p><a href="https://projectes.xtec.cat/centresformadors/wp-content/uploads/usu1341/2023/08/Imatge-C.png"></a><br />
El Departament d’Educació i Formació Professional i les Universitats comparteixen el repte de la formació dels futurs  i les futures docents com professionals competents i compromesos i compromeses amb l’educació i valoren positivament que l’estudiantat universitari pugui realitzar pràctiques professionalitzadores en els centres educatius,&hellip;  <a href="https://projectes.xtec.cat/centresformadors/conveni-de-collaboracio-per-a-la-realitzacio-de-practiques-professionalitzadores/" title="Read Conveni de col·laboració entre el Departament d&#8217;Educació i Formació Professional i les Universitats per a la realització de pràctiques professionalitzadores d&#8217;estudiants en centres formadors">Llegeix més»</a></p>
