{"id":8812,"date":"2020-03-18T10:05:11","date_gmt":"2020-03-18T09:05:11","guid":{"rendered":"https:\/\/projectes.xtec.cat\/centresformadors\/?page_id=8812"},"modified":"2021-04-25T20:45:42","modified_gmt":"2021-04-25T18:45:42","slug":"formacio-del-mentoratge-del-centre-i-la-tutoria-universitaria","status":"publish","type":"page","link":"https:\/\/projectes.xtec.cat\/centresformadors\/formacio-del-mentoratge-del-centre-i-la-tutoria-universitaria\/","title":{"rendered":"Mentories i tutories com a acompanyants"},"content":{"rendered":"<p><a href=\"https:\/\/projectes.xtec.cat\/centresformadors\/wp-content\/uploads\/usu1341\/2021\/04\/Itinerari-Formatiu-copia-7.png\"><img loading=\"lazy\" decoding=\"async\" class=\" wp-image-9782 alignleft\" src=\"https:\/\/projectes.xtec.cat\/centresformadors\/wp-content\/uploads\/usu1341\/2021\/04\/Itinerari-Formatiu-copia-7.png\" alt=\"\" width=\"154\" height=\"480\" srcset=\"https:\/\/projectes.xtec.cat\/centresformadors\/wp-content\/uploads\/usu1341\/2021\/04\/Itinerari-Formatiu-copia-7.png 140w, https:\/\/projectes.xtec.cat\/centresformadors\/wp-content\/uploads\/usu1341\/2021\/04\/Itinerari-Formatiu-copia-7-96x300.png 96w\" sizes=\"auto, (max-width: 154px) 100vw, 154px\" \/><\/a><\/p>\n<p>&nbsp;<\/p>\n<p>Aquesta formaci\u00f3 en format de seminari de coordinaci\u00f3 va adre\u00e7ada a persones coordinadores i mentores de centres educatius formadors d&#8217;educaci\u00f3 secund\u00e0ria i tutores d&#8217;universitat que acompanyen estudiant universitari en pr\u00e0ctiques amb l&#8217;objectiu de construir i utilitzar estrat\u00e8gies pedag\u00f2giques, metodol\u00f2giques i organitzatives que afavoreixin l&#8217;acompanyament d&#8217;aquests estudiants, potenciant maneres de treballar que afavoreixin la retroalimentaci\u00f3 i el benefici mutu de tenir estudiants en pr\u00e0ctiques al centre, compartint l&#8217;experi\u00e8ncia pr\u00e0ctica docent i la teoria entre centres educatius i universitats. La metodologia es basa en la pr\u00e0ctica reflexiva.<\/p>\n<p><strong>Objectiu<\/strong><\/p>\n<p>Capacitar les persones mentores i tutores d&#8217;universitat per acompanyar significativament el proc\u00e9s de construcci\u00f3 de coneixement pr\u00e0ctic de l\u2019estudiant en el per\u00edode de pr\u00e0ctiques. Aquest objectiu global implica:<\/p>\n<p>&#8211; Definir conjuntament l\u2019especificitat de la funci\u00f3 de la persona mentora de centre i tutora d&#8217;universitat respecte dels altres agents que intervenen en la formaci\u00f3\u00a0 dels i les estudiants en pr\u00e0ctiques.<\/p>\n<p>&#8211; Identificar les capacitats dels estudiants que millor es poden desenvolupar des del mentoratge i la tutoritzaci\u00f3.<\/p>\n<p>&#8211; Identificar i saber aplicar estrat\u00e8gies d\u2019acompanyament per afavorir la construcci\u00f3 de coneixement pr\u00e0ctic per part dels estudiants, des d\u2019un plantejament reflexiu i cr\u00edtic<\/p>\n<p>&#8211; Identificar i saber aplicar estrat\u00e8gies per ajudar els estudiants, des del mentoratge i el tutoratge a resseguir i avaluar el propi proc\u00e9s.<\/p>\n<p>&nbsp;<\/p>\n<p><strong>Continguts<\/strong><\/p>\n<ul>\n<li>Eines per a l&#8217;acompanyament de processos de construcci\u00f3 de coneixement pr\u00e0ctic per part dels estudiants.<\/li>\n<li>Eines per afavorir el desenvolupament del pensament cr\u00edtic i reflexiu per part dels estudiants.<\/li>\n<li>Eines per afavorir l&#8217;avaluaci\u00f3 continua del proc\u00e9s de desenvolupament professional per part dels estudiants.<\/li>\n<\/ul>\n","protected":false},"excerpt":{"rendered":"<p><a href=\"https:\/\/projectes.xtec.cat\/centresformadors\/wp-content\/uploads\/usu1341\/2021\/04\/Itinerari-Formatiu-copia-7.png\"><\/a><br \/>\n&nbsp;<br \/>\nAquesta formaci\u00f3 en format de seminari de coordinaci\u00f3 va adre\u00e7ada a persones coordinadores i mentores de centres educatius formadors d&#8217;educaci\u00f3 secund\u00e0ria i tutores d&#8217;universitat que acompanyen estudiant universitari en pr\u00e0ctiques amb l&#8217;objectiu de construir i utilitzar estrat\u00e8gies pedag\u00f2giques, metodol\u00f2giques i organitzatives que afavoreixin l&#8217;acompanyament&hellip;  <a href=\"https:\/\/projectes.xtec.cat\/centresformadors\/formacio-del-mentoratge-del-centre-i-la-tutoria-universitaria\/\" title=\"Read Mentories i tutories com a acompanyants\">Llegeix m\u00e9s\u00bb<\/a><\/p>\n","protected":false},"author":6,"featured_media":0,"parent":0,"menu_order":0,"comment_status":"closed","ping_status":"closed","template":"","meta":{"_bbp_topic_count":0,"_bbp_reply_count":0,"_bbp_total_topic_count":0,"_bbp_total_reply_count":0,"_bbp_voice_count":0,"_bbp_anonymous_reply_count":0,"_bbp_topic_count_hidden":0,"_bbp_reply_count_hidden":0,"_bbp_forum_subforum_count":0,"footnotes":""},"class_list":["post-8812","page","type-page","status-publish","hentry"],"post_mailing_queue_ids":[],"_links":{"self":[{"href":"https:\/\/projectes.xtec.cat\/centresformadors\/wp-json\/wp\/v2\/pages\/8812","targetHints":{"allow":["GET"]}}],"collection":[{"href":"https:\/\/projectes.xtec.cat\/centresformadors\/wp-json\/wp\/v2\/pages"}],"about":[{"href":"https:\/\/projectes.xtec.cat\/centresformadors\/wp-json\/wp\/v2\/types\/page"}],"author":[{"embeddable":true,"href":"https:\/\/projectes.xtec.cat\/centresformadors\/wp-json\/wp\/v2\/users\/6"}],"replies":[{"embeddable":true,"href":"https:\/\/projectes.xtec.cat\/centresformadors\/wp-json\/wp\/v2\/comments?post=8812"}],"version-history":[{"count":4,"href":"https:\/\/projectes.xtec.cat\/centresformadors\/wp-json\/wp\/v2\/pages\/8812\/revisions"}],"predecessor-version":[{"id":9787,"href":"https:\/\/projectes.xtec.cat\/centresformadors\/wp-json\/wp\/v2\/pages\/8812\/revisions\/9787"}],"wp:attachment":[{"href":"https:\/\/projectes.xtec.cat\/centresformadors\/wp-json\/wp\/v2\/media?parent=8812"}],"curies":[{"name":"wp","href":"https:\/\/api.w.org\/{rel}","templated":true}]}}

<p><a href="https://projectes.xtec.cat/centresformadors/wp-content/uploads/usu1341/2021/04/Itinerari-Formatiu-copia-7.png"><img loading="lazy" decoding="async" class=" wp-image-9782 alignleft" src="https://projectes.xtec.cat/centresformadors/wp-content/uploads/usu1341/2021/04/Itinerari-Formatiu-copia-7.png" alt="" width="154" height="480" srcset="https://projectes.xtec.cat/centresformadors/wp-content/uploads/usu1341/2021/04/Itinerari-Formatiu-copia-7.png 140w, https://projectes.xtec.cat/centresformadors/wp-content/uploads/usu1341/2021/04/Itinerari-Formatiu-copia-7-96x300.png 96w" sizes="auto, (max-width: 154px) 100vw, 154px" /></a></p>
<p>&nbsp;</p>
<p>Aquesta formació en format de seminari de coordinació va adreçada a persones coordinadores i mentores de centres educatius formadors d&#8217;educació secundària i tutores d&#8217;universitat que acompanyen estudiant universitari en pràctiques amb l&#8217;objectiu de construir i utilitzar estratègies pedagògiques, metodològiques i organitzatives que afavoreixin l&#8217;acompanyament d&#8217;aquests estudiants, potenciant maneres de treballar que afavoreixin la retroalimentació i el benefici mutu de tenir estudiants en pràctiques al centre, compartint l&#8217;experiència pràctica docent i la teoria entre centres educatius i universitats. La metodologia es basa en la pràctica reflexiva.</p>
<p><strong>Objectiu</strong></p>
<p>Capacitar les persones mentores i tutores d&#8217;universitat per acompanyar significativament el procés de construcció de coneixement pràctic de l’estudiant en el període de pràctiques. Aquest objectiu global implica:</p>
<p>&#8211; Definir conjuntament l’especificitat de la funció de la persona mentora de centre i tutora d&#8217;universitat respecte dels altres agents que intervenen en la formació  dels i les estudiants en pràctiques.</p>
<p>&#8211; Identificar les capacitats dels estudiants que millor es poden desenvolupar des del mentoratge i la tutorització.</p>
<p>&#8211; Identificar i saber aplicar estratègies d’acompanyament per afavorir la construcció de coneixement pràctic per part dels estudiants, des d’un plantejament reflexiu i crític</p>
<p>&#8211; Identificar i saber aplicar estratègies per ajudar els estudiants, des del mentoratge i el tutoratge a resseguir i avaluar el propi procés.</p>
<p>&nbsp;</p>
<p><strong>Continguts</strong></p>
<ul>
<li>Eines per a l&#8217;acompanyament de processos de construcció de coneixement pràctic per part dels estudiants.</li>
<li>Eines per afavorir el desenvolupament del pensament crític i reflexiu per part dels estudiants.</li>
<li>Eines per afavorir l&#8217;avaluació continua del procés de desenvolupament professional per part dels estudiants.</li>
</ul>

<p><a href="https://projectes.xtec.cat/centresformadors/wp-content/uploads/usu1341/2021/04/Itinerari-Formatiu-copia-7.png"></a><br />
&nbsp;<br />
Aquesta formació en format de seminari de coordinació va adreçada a persones coordinadores i mentores de centres educatius formadors d&#8217;educació secundària i tutores d&#8217;universitat que acompanyen estudiant universitari en pràctiques amb l&#8217;objectiu de construir i utilitzar estratègies pedagògiques, metodològiques i organitzatives que afavoreixin l&#8217;acompanyament&hellip;  <a href="https://projectes.xtec.cat/centresformadors/formacio-del-mentoratge-del-centre-i-la-tutoria-universitaria/" title="Read Mentories i tutories com a acompanyants">Llegeix més»</a></p>
