{"id":9343,"date":"2020-12-22T11:55:26","date_gmt":"2020-12-22T10:55:26","guid":{"rendered":"https:\/\/projectes.xtec.cat\/centresformadors\/?page_id=9343"},"modified":"2021-03-08T11:49:23","modified_gmt":"2021-03-08T10:49:23","slug":"desenvolupament-del-practicum-de-graus-deducacio-i-master-deducacio-secundaria-del-sistema-universitari-catala","status":"publish","type":"page","link":"https:\/\/projectes.xtec.cat\/centresformadors\/desenvolupament-del-practicum-de-graus-deducacio-i-master-deducacio-secundaria-del-sistema-universitari-catala\/","title":{"rendered":"Compromisos amb la comunitat educativa"},"content":{"rendered":"<p>El document\u00a0<a href=\"https:\/\/projectes.xtec.cat\/centresformadors\/wp-content\/uploads\/usu1341\/2021\/02\/Compromisos.pdf\" target=\"_blank\" rel=\"noopener noreferrer\">Compromisos amb la Comunitat Educativa<\/a>\u00a0impulsat en el marc de les accions desenvolupades per la coordinaci\u00f3 dels Pr\u00e0cticums dels Graus d\u2019Educaci\u00f3 Infantil i Prim\u00e0ria i per la coordinaci\u00f3 del Programa de Millora del M\u00e0ster de Secund\u00e0ria del sistema universitari catal\u00e0, recull les propostes i comentaris de les diverses persones implicades de totes les universitats catalanes i de la Direcci\u00f3 General d\u2019Universitats.<\/p>\n<p>Davant de la situaci\u00f3 derivada per la pand\u00e8mia del COVID19 que va afectar als Pr\u00e0cticums dels Graus d\u2019Educaci\u00f3 i del M\u00e0ster d\u2019Educaci\u00f3 Secund\u00e0ria al final del curs 2019\/20, les universitats catalanes, atenent els possibles escenaris pel curs 2020-2021,han elaborat aquest document d\u2019orientacions que complementen els documents normatius del Departament de Salut i del Departament d\u2019Educaci\u00f3, com a ens responsables en els seus \u00e0mbits de govern i de gesti\u00f3.<\/p>\n<p>Aquest conjunt d\u2019orientacions s\u2019estructuren en:<br \/>\n1. Comprom\u00eds amb la pr\u00f2pia salut i amb la de la comunitat educativa.<br \/>\n2. La participaci\u00f3 activa de l\u2019estudiantat en el centre formador<br \/>\n3. Comunicaci\u00f3 per la tutoria i mentoratge<br \/>\n4. Participaci\u00f3 de l\u2019estudiantat en el disseny d\u2019activitats digitals i gesti\u00f3 d\u2019espais virtuals<\/p>\n<p>&nbsp;<\/p>\n","protected":false},"excerpt":{"rendered":"<p>El document\u00a0<a href=\"https:\/\/projectes.xtec.cat\/centresformadors\/wp-content\/uploads\/usu1341\/2021\/02\/Compromisos.pdf\" target=\"_blank\" rel=\"noopener noreferrer\">Compromisos amb la Comunitat Educativa<\/a>\u00a0impulsat en el marc de les accions desenvolupades per la coordinaci\u00f3 dels Pr\u00e0cticums dels Graus d\u2019Educaci\u00f3 Infantil i Prim\u00e0ria i per la coordinaci\u00f3 del Programa de Millora del M\u00e0ster de Secund\u00e0ria del sistema universitari catal\u00e0, recull&hellip;  <a href=\"https:\/\/projectes.xtec.cat\/centresformadors\/desenvolupament-del-practicum-de-graus-deducacio-i-master-deducacio-secundaria-del-sistema-universitari-catala\/\" title=\"Read Compromisos amb la comunitat educativa\">Llegeix m\u00e9s\u00bb<\/a><\/p>\n","protected":false},"author":13,"featured_media":0,"parent":0,"menu_order":0,"comment_status":"closed","ping_status":"closed","template":"","meta":{"_bbp_topic_count":0,"_bbp_reply_count":0,"_bbp_total_topic_count":0,"_bbp_total_reply_count":0,"_bbp_voice_count":0,"_bbp_anonymous_reply_count":0,"_bbp_topic_count_hidden":0,"_bbp_reply_count_hidden":0,"_bbp_forum_subforum_count":0,"footnotes":""},"class_list":["post-9343","page","type-page","status-publish","hentry"],"post_mailing_queue_ids":[],"_links":{"self":[{"href":"https:\/\/projectes.xtec.cat\/centresformadors\/wp-json\/wp\/v2\/pages\/9343","targetHints":{"allow":["GET"]}}],"collection":[{"href":"https:\/\/projectes.xtec.cat\/centresformadors\/wp-json\/wp\/v2\/pages"}],"about":[{"href":"https:\/\/projectes.xtec.cat\/centresformadors\/wp-json\/wp\/v2\/types\/page"}],"author":[{"embeddable":true,"href":"https:\/\/projectes.xtec.cat\/centresformadors\/wp-json\/wp\/v2\/users\/13"}],"replies":[{"embeddable":true,"href":"https:\/\/projectes.xtec.cat\/centresformadors\/wp-json\/wp\/v2\/comments?post=9343"}],"version-history":[{"count":3,"href":"https:\/\/projectes.xtec.cat\/centresformadors\/wp-json\/wp\/v2\/pages\/9343\/revisions"}],"predecessor-version":[{"id":9555,"href":"https:\/\/projectes.xtec.cat\/centresformadors\/wp-json\/wp\/v2\/pages\/9343\/revisions\/9555"}],"wp:attachment":[{"href":"https:\/\/projectes.xtec.cat\/centresformadors\/wp-json\/wp\/v2\/media?parent=9343"}],"curies":[{"name":"wp","href":"https:\/\/api.w.org\/{rel}","templated":true}]}}

<p>El document <a href="https://projectes.xtec.cat/centresformadors/wp-content/uploads/usu1341/2021/02/Compromisos.pdf" target="_blank" rel="noopener noreferrer">Compromisos amb la Comunitat Educativa</a> impulsat en el marc de les accions desenvolupades per la coordinació dels Pràcticums dels Graus d’Educació Infantil i Primària i per la coordinació del Programa de Millora del Màster de Secundària del sistema universitari català, recull les propostes i comentaris de les diverses persones implicades de totes les universitats catalanes i de la Direcció General d’Universitats.</p>
<p>Davant de la situació derivada per la pandèmia del COVID19 que va afectar als Pràcticums dels Graus d’Educació i del Màster d’Educació Secundària al final del curs 2019/20, les universitats catalanes, atenent els possibles escenaris pel curs 2020-2021,han elaborat aquest document d’orientacions que complementen els documents normatius del Departament de Salut i del Departament d’Educació, com a ens responsables en els seus àmbits de govern i de gestió.</p>
<p>Aquest conjunt d’orientacions s’estructuren en:<br />
1. Compromís amb la pròpia salut i amb la de la comunitat educativa.<br />
2. La participació activa de l’estudiantat en el centre formador<br />
3. Comunicació per la tutoria i mentoratge<br />
4. Participació de l’estudiantat en el disseny d’activitats digitals i gestió d’espais virtuals</p>
<p>&nbsp;</p>

<p>El document <a href="https://projectes.xtec.cat/centresformadors/wp-content/uploads/usu1341/2021/02/Compromisos.pdf" target="_blank" rel="noopener noreferrer">Compromisos amb la Comunitat Educativa</a> impulsat en el marc de les accions desenvolupades per la coordinació dels Pràcticums dels Graus d’Educació Infantil i Primària i per la coordinació del Programa de Millora del Màster de Secundària del sistema universitari català, recull&hellip;  <a href="https://projectes.xtec.cat/centresformadors/desenvolupament-del-practicum-de-graus-deducacio-i-master-deducacio-secundaria-del-sistema-universitari-catala/" title="Read Compromisos amb la comunitat educativa">Llegeix més»</a></p>
