{"id":9460,"date":"2021-02-16T16:21:15","date_gmt":"2021-02-16T15:21:15","guid":{"rendered":"https:\/\/projectes.xtec.cat\/centresformadors\/?page_id=9460"},"modified":"2021-02-17T09:22:50","modified_gmt":"2021-02-17T08:22:50","slug":"informe-de-centre-formador","status":"publish","type":"page","link":"https:\/\/projectes.xtec.cat\/centresformadors\/comissio-pedagogica-2\/informe-de-centre-formador\/","title":{"rendered":"Informe de centre formador"},"content":{"rendered":"<p><a href=\"https:\/\/documents.espai.educacio.gencat.cat\/FormularisModels\/CentresGestioAcademica\/A330.pdf\" target=\"_blank\" rel=\"noopener noreferrer\">L\u2019Informe de Centre Formador<\/a>\u00a0\u00e9s el document on el centre formador que mentoritza estudiants universitaris en pr\u00e0ctiques registra la seva identitat i d\u00f3na a con\u00e8ixer el conjunt de pr\u00e0ctiques educatives que configuren el seu projecte educatiu.<\/p>\n<p>Aquest projecte educatiu plasmat en el ICF mostra a la Universitat la \u201cmanera de treballar pr\u00f2pia\u201d del centre, del seu equip i de cadascun dels professionals que formen la instituci\u00f3 educativa.<\/p>\n<p>L\u2019ICF \u00e9s una eina d\u2019informaci\u00f3 i de comunicaci\u00f3 entre centre formador i Universitat.<\/p>\n<p>Els centres formadors reben l\u2019acompanyament dels referents dels Serveis Territorials del Departament d\u2019Educaci\u00f3 per a utilitzar i plantejar l\u2019ICF com a via per comunicar el seu projecte educatiu i el seu estil de centre.<\/p>\n<p>El contingut de l\u2019ICF consta de dues parts, una de dades gen\u00e8riques i l\u2019altra de dades espec\u00edfiques.<\/p>\n<p>Les\u00a0<strong>dades gen\u00e8riques<\/strong>\u00a0consten d\u2019uns apartats que recullen informaci\u00f3 objectiva del centre, a partir de la qual els centres es donen a con\u00e8ixer dins la xarxa de centres del sistema educatiu catal\u00e0 finan\u00e7at amb fons p\u00fablic. Aquesta part gen\u00e8rica ha de lliurar-se en el moment de la sol\u00b7licitud per ser centre formador o en el de \u00a0comunicaci\u00f3 de continu\u00eftat com a centre formador.<\/p>\n<p>Les\u00a0<strong>dades espec\u00edfiques<\/strong>\u00a0permeten entrar en el detall de la pr\u00e0ctica educativa de centre, tot fent esment tant a la seva pr\u00e0ctica habitual professional com a la dedicaci\u00f3 professional prevista per a l\u2019acollida i l\u2019acompanyament de l\u2019estudiant en pr\u00e0ctiques. Aquesta part espec\u00edfica no cal lliurar-la en el moment de la sol\u00b7licitud sin\u00f3 que es recomana que es faci al llarg del per\u00edode que tenen lloc les pr\u00e0ctiques i, per tant, el contacte professional entre l\u2019estudiant universitari i el centre formador.<\/p>\n","protected":false},"excerpt":{"rendered":"<p><a href=\"https:\/\/documents.espai.educacio.gencat.cat\/FormularisModels\/CentresGestioAcademica\/A330.pdf\" target=\"_blank\" rel=\"noopener noreferrer\">L\u2019Informe de Centre Formador<\/a>\u00a0\u00e9s el document on el centre formador que mentoritza estudiants universitaris en pr\u00e0ctiques registra la seva identitat i d\u00f3na a con\u00e8ixer el conjunt de pr\u00e0ctiques educatives que configuren el seu projecte educatiu.<br \/>\nAquest projecte educatiu plasmat en el ICF&hellip;  <a href=\"https:\/\/projectes.xtec.cat\/centresformadors\/comissio-pedagogica-2\/informe-de-centre-formador\/\" title=\"Read Informe de centre formador\">Llegeix m\u00e9s\u00bb<\/a><\/p>\n","protected":false},"author":1,"featured_media":0,"parent":8558,"menu_order":0,"comment_status":"closed","ping_status":"closed","template":"","meta":{"_bbp_topic_count":0,"_bbp_reply_count":0,"_bbp_total_topic_count":0,"_bbp_total_reply_count":0,"_bbp_voice_count":0,"_bbp_anonymous_reply_count":0,"_bbp_topic_count_hidden":0,"_bbp_reply_count_hidden":0,"_bbp_forum_subforum_count":0,"footnotes":""},"class_list":["post-9460","page","type-page","status-publish","hentry"],"post_mailing_queue_ids":[],"_links":{"self":[{"href":"https:\/\/projectes.xtec.cat\/centresformadors\/wp-json\/wp\/v2\/pages\/9460","targetHints":{"allow":["GET"]}}],"collection":[{"href":"https:\/\/projectes.xtec.cat\/centresformadors\/wp-json\/wp\/v2\/pages"}],"about":[{"href":"https:\/\/projectes.xtec.cat\/centresformadors\/wp-json\/wp\/v2\/types\/page"}],"author":[{"embeddable":true,"href":"https:\/\/projectes.xtec.cat\/centresformadors\/wp-json\/wp\/v2\/users\/1"}],"replies":[{"embeddable":true,"href":"https:\/\/projectes.xtec.cat\/centresformadors\/wp-json\/wp\/v2\/comments?post=9460"}],"version-history":[{"count":3,"href":"https:\/\/projectes.xtec.cat\/centresformadors\/wp-json\/wp\/v2\/pages\/9460\/revisions"}],"predecessor-version":[{"id":9463,"href":"https:\/\/projectes.xtec.cat\/centresformadors\/wp-json\/wp\/v2\/pages\/9460\/revisions\/9463"}],"up":[{"embeddable":true,"href":"https:\/\/projectes.xtec.cat\/centresformadors\/wp-json\/wp\/v2\/pages\/8558"}],"wp:attachment":[{"href":"https:\/\/projectes.xtec.cat\/centresformadors\/wp-json\/wp\/v2\/media?parent=9460"}],"curies":[{"name":"wp","href":"https:\/\/api.w.org\/{rel}","templated":true}]}}