{"id":9466,"date":"2021-02-17T09:30:16","date_gmt":"2021-02-17T08:30:16","guid":{"rendered":"https:\/\/projectes.xtec.cat\/centresformadors\/?page_id=9466"},"modified":"2021-02-17T10:07:55","modified_gmt":"2021-02-17T09:07:55","slug":"sollicitud-per-ser-centre-formador","status":"publish","type":"page","link":"https:\/\/projectes.xtec.cat\/centresformadors\/sollicitud-per-ser-centre-formador\/","title":{"rendered":"Sol\u00b7licitud per ser centre formador"},"content":{"rendered":"<p>Anualment, durant el mes de febrer, els centres educatius sostinguts amb fons p\u00fablics fan arribar als serveis territorials del Departament d\u2019Educaci\u00f3 o al Consorci d&#8217;Educaci\u00f3 de Barcelona, segons correspongui, la seva sol\u00b7licitud, juntament amb la documentaci\u00f3 requerida.<\/p>\n<p>De forma excepcional, es pot sol\u00b7licitar ser centre formador fora d&#8217;aquest per\u00edode, sempre que l&#8217;oferta de pr\u00e0ctiques proposada respongui a una demanda espec\u00edfica de places.<\/p>\n<p>Els centres educatius p\u00fablics poden trobar m\u00e9s informaci\u00f3 al\u00a0<a href=\"https:\/\/idp1-gicar.gencat.cat\/siteminderagent\/forms\/ens\/LoginEducacio.fcc?TYPE=33554433&amp;REALMOID=06-8a27d308-de4f-4822-8017-94472171b90d&amp;GUID=&amp;SMAUTHREASON=0&amp;METHOD=GET&amp;SMAGENTNAME=$SM$XTOVfqgTTEhXNny3ACOaOj04M%2btSykzqf6GpT04JYRrvpD5WxFCUMg%3d%3d&amp;TARGET=$SM$https%3a%2f%2fsg-educacio%2egencat%2ecat%2fsso%2fauth%3fsite2pstoretoken%3dv1%2e2~89D6D9D1~30466BEFCF42AB8876978019D3BB053C5A876ED7C350E1F4D40894817FCD3D060776CBE5483AE5206FE258DD6FCB959A868BE3D2F22EC6163B83C1DC669AE5E7972C49CE80505A2E2EFC1686B402D7ADD96C0D2D4200792BA50CF1C0369F261DDE514F82ED804BE89D631AEE410D591810A92B3616476582B9747DEC76195BF75DDAAA89B5E6B64823361538B4A0E0DF224932E1D022EA26878E93D200372ACA3F5E2217E6A5571CB5CBEDB12E01EEA16074163A30FDE84E6259609FA802F7CFB7A409B9AD389BA7474199184E26379AF3DB070FA4080109341047F7E596FFFD25D9960D29405B6D5712900D3B1E3C137C1C8FF1819D9869C7F7B583DD5521314FB23CFA9DEB11F53019F7FC42784D9B6FBA0423C90893556067DF8D2F3C5F14A1FFADE11211C6438582E3CAEBD44755\" target=\"_blank\" rel=\"noopener noreferrer\">Portal de centres del Departament<\/a>\u00a0\u00a0dins l\u2019apartat Gesti\u00f3 acad\u00e8mica-Selecci\u00f3 de centres.<\/p>\n<p>Els centres educatius d\u2019altres titularitats poden trobar m\u00e9s informaci\u00f3 al\u00a0Portal de centres d\u2019altres titularitats\u00a0dins l\u2019apartat Gesti\u00f3 acad\u00e8mica-Selecci\u00f3 de centres.<\/p>\n<p>Els Serveis Educatius o Unitats del Departament d\u2019Educaci\u00f3 no han de presentar la sol\u00b7licitud esmentada, si b\u00e9 caldr\u00e0 que, abans de l&#8217;inici del per\u00edode de pr\u00e0ctiques, es faci arribar al referent territorial una descripci\u00f3 de les tasques i funcions que realitzar\u00e0 l&#8217;estudiant.<\/p>\n<p>Els centres privats no gestionats amb fons p\u00fablics, coordinen les pr\u00e0ctiques directament amb les entitats i les universitats.<\/p>\n","protected":false},"excerpt":{"rendered":"<p>Anualment, durant el mes de febrer, els centres educatius sostinguts amb fons p\u00fablics fan arribar als serveis territorials del Departament d\u2019Educaci\u00f3 o al Consorci d&#8217;Educaci\u00f3 de Barcelona, segons correspongui, la seva sol\u00b7licitud, juntament amb la documentaci\u00f3 requerida.<br \/>\nDe forma excepcional, es pot sol\u00b7licitar ser centre formador&hellip;  <a href=\"https:\/\/projectes.xtec.cat\/centresformadors\/sollicitud-per-ser-centre-formador\/\" title=\"Read Sol\u00b7licitud per ser centre formador\">Llegeix m\u00e9s\u00bb<\/a><\/p>\n","protected":false},"author":13,"featured_media":0,"parent":0,"menu_order":0,"comment_status":"closed","ping_status":"closed","template":"","meta":{"_bbp_topic_count":0,"_bbp_reply_count":0,"_bbp_total_topic_count":0,"_bbp_total_reply_count":0,"_bbp_voice_count":0,"_bbp_anonymous_reply_count":0,"_bbp_topic_count_hidden":0,"_bbp_reply_count_hidden":0,"_bbp_forum_subforum_count":0,"footnotes":""},"class_list":["post-9466","page","type-page","status-publish","hentry"],"post_mailing_queue_ids":[],"_links":{"self":[{"href":"https:\/\/projectes.xtec.cat\/centresformadors\/wp-json\/wp\/v2\/pages\/9466","targetHints":{"allow":["GET"]}}],"collection":[{"href":"https:\/\/projectes.xtec.cat\/centresformadors\/wp-json\/wp\/v2\/pages"}],"about":[{"href":"https:\/\/projectes.xtec.cat\/centresformadors\/wp-json\/wp\/v2\/types\/page"}],"author":[{"embeddable":true,"href":"https:\/\/projectes.xtec.cat\/centresformadors\/wp-json\/wp\/v2\/users\/13"}],"replies":[{"embeddable":true,"href":"https:\/\/projectes.xtec.cat\/centresformadors\/wp-json\/wp\/v2\/comments?post=9466"}],"version-history":[{"count":1,"href":"https:\/\/projectes.xtec.cat\/centresformadors\/wp-json\/wp\/v2\/pages\/9466\/revisions"}],"predecessor-version":[{"id":9467,"href":"https:\/\/projectes.xtec.cat\/centresformadors\/wp-json\/wp\/v2\/pages\/9466\/revisions\/9467"}],"wp:attachment":[{"href":"https:\/\/projectes.xtec.cat\/centresformadors\/wp-json\/wp\/v2\/media?parent=9466"}],"curies":[{"name":"wp","href":"https:\/\/api.w.org\/{rel}","templated":true}]}}

<p>Anualment, durant el mes de febrer, els centres educatius sostinguts amb fons públics fan arribar als serveis territorials del Departament d’Educació o al Consorci d&#8217;Educació de Barcelona, segons correspongui, la seva sol·licitud, juntament amb la documentació requerida.</p>
<p>De forma excepcional, es pot sol·licitar ser centre formador fora d&#8217;aquest període, sempre que l&#8217;oferta de pràctiques proposada respongui a una demanda específica de places.</p>
<p>Els centres educatius públics poden trobar més informació al <a href="https://idp1-gicar.gencat.cat/siteminderagent/forms/ens/LoginEducacio.fcc?TYPE=33554433&amp;REALMOID=06-8a27d308-de4f-4822-8017-94472171b90d&amp;GUID=&amp;SMAUTHREASON=0&amp;METHOD=GET&amp;SMAGENTNAME=$SM$XTOVfqgTTEhXNny3ACOaOj04M%2btSykzqf6GpT04JYRrvpD5WxFCUMg%3d%3d&amp;TARGET=$SM$https%3a%2f%2fsg-educacio%2egencat%2ecat%2fsso%2fauth%3fsite2pstoretoken%3dv1%2e2~89D6D9D1~30466BEFCF42AB8876978019D3BB053C5A876ED7C350E1F4D40894817FCD3D060776CBE5483AE5206FE258DD6FCB959A868BE3D2F22EC6163B83C1DC669AE5E7972C49CE80505A2E2EFC1686B402D7ADD96C0D2D4200792BA50CF1C0369F261DDE514F82ED804BE89D631AEE410D591810A92B3616476582B9747DEC76195BF75DDAAA89B5E6B64823361538B4A0E0DF224932E1D022EA26878E93D200372ACA3F5E2217E6A5571CB5CBEDB12E01EEA16074163A30FDE84E6259609FA802F7CFB7A409B9AD389BA7474199184E26379AF3DB070FA4080109341047F7E596FFFD25D9960D29405B6D5712900D3B1E3C137C1C8FF1819D9869C7F7B583DD5521314FB23CFA9DEB11F53019F7FC42784D9B6FBA0423C90893556067DF8D2F3C5F14A1FFADE11211C6438582E3CAEBD44755" target="_blank" rel="noopener noreferrer">Portal de centres del Departament</a>  dins l’apartat Gestió acadèmica-Selecció de centres.</p>
<p>Els centres educatius d’altres titularitats poden trobar més informació al Portal de centres d’altres titularitats dins l’apartat Gestió acadèmica-Selecció de centres.</p>
<p>Els Serveis Educatius o Unitats del Departament d’Educació no han de presentar la sol·licitud esmentada, si bé caldrà que, abans de l&#8217;inici del període de pràctiques, es faci arribar al referent territorial una descripció de les tasques i funcions que realitzarà l&#8217;estudiant.</p>
<p>Els centres privats no gestionats amb fons públics, coordinen les pràctiques directament amb les entitats i les universitats.</p>

<p>Anualment, durant el mes de febrer, els centres educatius sostinguts amb fons públics fan arribar als serveis territorials del Departament d’Educació o al Consorci d&#8217;Educació de Barcelona, segons correspongui, la seva sol·licitud, juntament amb la documentació requerida.<br />
De forma excepcional, es pot sol·licitar ser centre formador&hellip;  <a href="https://projectes.xtec.cat/centresformadors/sollicitud-per-ser-centre-formador/" title="Read Sol·licitud per ser centre formador">Llegeix més»</a></p>
