{"id":10419,"date":"2024-04-04T12:32:25","date_gmt":"2024-04-04T10:32:25","guid":{"rendered":"https:\/\/projectes.xtec.cat\/cete\/?page_id=10419"},"modified":"2024-04-04T14:23:31","modified_gmt":"2024-04-04T12:23:31","slug":"documents-accessibles","status":"publish","type":"page","link":"https:\/\/projectes.xtec.cat\/cete\/recursos\/documents-accessibles\/","title":{"rendered":"Orientacions documents accessibles"},"content":{"rendered":"<p>Tenint en compte la\u00a0 prioritat del programa Erasmus+ que t\u00e9 a veure amb la inclusi\u00f3 de tots els i les participants, entre d&#8217;altres accions per fomentar aquesta inclusi\u00f3, destaquem l&#8217;\u00fas de les orientacions per a la creaci\u00f3 de documents accessibles en el nostre projecte Erasmus+ CETE+, com ara:<\/p>\n<ul>\n<li>Accessibilitat en textos impresos<\/li>\n<li>Accessibilitat\u00a0 en textos en pantalla<\/li>\n<\/ul>\n<p>Es tracta d&#8217;un breu resum en format <a href=\"https:\/\/drive.google.com\/file\/d\/1W_d9vGUN8PtG6KjBlH1ZzU_JKRP2hbJp\/view\">infografia <\/a>per proporcionar pautes senzilles per a augmentar l&#8217;accessibilitat dels materials generats en la implementaci\u00f3 i difusi\u00f3 del nostre projecte CETE+. L&#8217;accessibilitat dels materials i documents creats dep\u00e8n d&#8217;un conjunt de condicions que han de complir per a ser utilitzables per qualsevol persona, ja que l&#8217;accessibilitat no est\u00e0 pensada exclusivament per a les persones que presenten alguna discapacitat, est\u00e0 pensada per a garantir que totes i tots puguem accedir. Aquesta infografia, va acompanyada d\u2019un\u00a0<a href=\"https:\/\/drive.google.com\/file\/d\/1QTL0Gev0rgjvCFxAH834E6qLUZmcJF9e\/view?usp=sharing\" target=\"_blank\" rel=\"noopener noreferrer\">document<\/a> amb informaci\u00f3 m\u00e9s detallada sobre l\u2019accessibilitat en textos, tant impresos com en pantalla.<\/p>\n<p><a href=\"https:\/\/projectes.xtec.cat\/cete\/wp-content\/uploads\/usu2644\/2024\/04\/infografia-documents-accesibles-13_page-0001.jpg\"><img loading=\"lazy\" decoding=\"async\" class=\"size-large wp-image-10427 aligncenter\" src=\"https:\/\/projectes.xtec.cat\/cete\/wp-content\/uploads\/usu2644\/2024\/04\/infografia-documents-accesibles-13_page-0001-709x1024.jpg\" alt=\"\" width=\"709\" height=\"1024\" srcset=\"https:\/\/projectes.xtec.cat\/cete\/wp-content\/uploads\/usu2644\/2024\/04\/infografia-documents-accesibles-13_page-0001-709x1024.jpg 709w, https:\/\/projectes.xtec.cat\/cete\/wp-content\/uploads\/usu2644\/2024\/04\/infografia-documents-accesibles-13_page-0001-208x300.jpg 208w, https:\/\/projectes.xtec.cat\/cete\/wp-content\/uploads\/usu2644\/2024\/04\/infografia-documents-accesibles-13_page-0001-768x1109.jpg 768w, https:\/\/projectes.xtec.cat\/cete\/wp-content\/uploads\/usu2644\/2024\/04\/infografia-documents-accesibles-13_page-0001-1063x1536.jpg 1063w, https:\/\/projectes.xtec.cat\/cete\/wp-content\/uploads\/usu2644\/2024\/04\/infografia-documents-accesibles-13_page-0001.jpg 1125w\" sizes=\"auto, (max-width: 709px) 100vw, 709px\" \/><\/a><\/p>\n<p>&nbsp;<\/p>\n<p>&nbsp;<\/p>\n<p>&nbsp;<\/p>\n","protected":false},"excerpt":{"rendered":"<p>Tenint en compte la\u00a0 prioritat del programa Erasmus+ que t\u00e9 a veure amb la inclusi\u00f3 de tots els i les participants, entre d&#8217;altres accions per fomentar aquesta inclusi\u00f3, destaquem l&#8217;\u00fas de les orientacions per a la creaci\u00f3 de documents accessibles en el nostre projecte Erasmus+&hellip;  <a href=\"https:\/\/projectes.xtec.cat\/cete\/recursos\/documents-accessibles\/\" title=\"Read Orientacions documents accessibles\">Llegeix m\u00e9s\u00bb<\/a><\/p>\n","protected":false},"author":26,"featured_media":0,"parent":8765,"menu_order":0,"comment_status":"closed","ping_status":"closed","template":"","meta":{"_bbp_topic_count":0,"_bbp_reply_count":0,"_bbp_total_topic_count":0,"_bbp_total_reply_count":0,"_bbp_voice_count":0,"_bbp_anonymous_reply_count":0,"_bbp_topic_count_hidden":0,"_bbp_reply_count_hidden":0,"_bbp_forum_subforum_count":0,"footnotes":""},"class_list":["post-10419","page","type-page","status-publish","hentry"],"post_mailing_queue_ids":[],"_links":{"self":[{"href":"https:\/\/projectes.xtec.cat\/cete\/wp-json\/wp\/v2\/pages\/10419","targetHints":{"allow":["GET"]}}],"collection":[{"href":"https:\/\/projectes.xtec.cat\/cete\/wp-json\/wp\/v2\/pages"}],"about":[{"href":"https:\/\/projectes.xtec.cat\/cete\/wp-json\/wp\/v2\/types\/page"}],"author":[{"embeddable":true,"href":"https:\/\/projectes.xtec.cat\/cete\/wp-json\/wp\/v2\/users\/26"}],"replies":[{"embeddable":true,"href":"https:\/\/projectes.xtec.cat\/cete\/wp-json\/wp\/v2\/comments?post=10419"}],"version-history":[{"count":6,"href":"https:\/\/projectes.xtec.cat\/cete\/wp-json\/wp\/v2\/pages\/10419\/revisions"}],"predecessor-version":[{"id":10436,"href":"https:\/\/projectes.xtec.cat\/cete\/wp-json\/wp\/v2\/pages\/10419\/revisions\/10436"}],"up":[{"embeddable":true,"href":"https:\/\/projectes.xtec.cat\/cete\/wp-json\/wp\/v2\/pages\/8765"}],"wp:attachment":[{"href":"https:\/\/projectes.xtec.cat\/cete\/wp-json\/wp\/v2\/media?parent=10419"}],"curies":[{"name":"wp","href":"https:\/\/api.w.org\/{rel}","templated":true}]}}

<p>Tenint en compte la  prioritat del programa Erasmus+ que té a veure amb la inclusió de tots els i les participants, entre d&#8217;altres accions per fomentar aquesta inclusió, destaquem l&#8217;ús de les orientacions per a la creació de documents accessibles en el nostre projecte Erasmus+ CETE+, com ara:</p>
<ul>
<li>Accessibilitat en textos impresos</li>
<li>Accessibilitat  en textos en pantalla</li>
</ul>
<p>Es tracta d&#8217;un breu resum en format <a href="https://drive.google.com/file/d/1W_d9vGUN8PtG6KjBlH1ZzU_JKRP2hbJp/view">infografia </a>per proporcionar pautes senzilles per a augmentar l&#8217;accessibilitat dels materials generats en la implementació i difusió del nostre projecte CETE+. L&#8217;accessibilitat dels materials i documents creats depèn d&#8217;un conjunt de condicions que han de complir per a ser utilitzables per qualsevol persona, ja que l&#8217;accessibilitat no està pensada exclusivament per a les persones que presenten alguna discapacitat, està pensada per a garantir que totes i tots puguem accedir. Aquesta infografia, va acompanyada d’un <a href="https://drive.google.com/file/d/1QTL0Gev0rgjvCFxAH834E6qLUZmcJF9e/view?usp=sharing" target="_blank" rel="noopener noreferrer">document</a> amb informació més detallada sobre l’accessibilitat en textos, tant impresos com en pantalla.</p>
<p><a href="https://projectes.xtec.cat/cete/wp-content/uploads/usu2644/2024/04/infografia-documents-accesibles-13_page-0001.jpg"><img loading="lazy" decoding="async" class="size-large wp-image-10427 aligncenter" src="https://projectes.xtec.cat/cete/wp-content/uploads/usu2644/2024/04/infografia-documents-accesibles-13_page-0001-709x1024.jpg" alt="" width="709" height="1024" srcset="https://projectes.xtec.cat/cete/wp-content/uploads/usu2644/2024/04/infografia-documents-accesibles-13_page-0001-709x1024.jpg 709w, https://projectes.xtec.cat/cete/wp-content/uploads/usu2644/2024/04/infografia-documents-accesibles-13_page-0001-208x300.jpg 208w, https://projectes.xtec.cat/cete/wp-content/uploads/usu2644/2024/04/infografia-documents-accesibles-13_page-0001-768x1109.jpg 768w, https://projectes.xtec.cat/cete/wp-content/uploads/usu2644/2024/04/infografia-documents-accesibles-13_page-0001-1063x1536.jpg 1063w, https://projectes.xtec.cat/cete/wp-content/uploads/usu2644/2024/04/infografia-documents-accesibles-13_page-0001.jpg 1125w" sizes="auto, (max-width: 709px) 100vw, 709px" /></a></p>
<p>&nbsp;</p>
<p>&nbsp;</p>
<p>&nbsp;</p>

<p>Tenint en compte la  prioritat del programa Erasmus+ que té a veure amb la inclusió de tots els i les participants, entre d&#8217;altres accions per fomentar aquesta inclusió, destaquem l&#8217;ús de les orientacions per a la creació de documents accessibles en el nostre projecte Erasmus+&hellip;  <a href="https://projectes.xtec.cat/cete/recursos/documents-accessibles/" title="Read Orientacions documents accessibles">Llegeix més»</a></p>
