{"id":8823,"date":"2022-05-02T13:46:20","date_gmt":"2022-05-02T11:46:20","guid":{"rendered":"https:\/\/projectes.xtec.cat\/cete\/?page_id=8823"},"modified":"2022-07-19T10:40:32","modified_gmt":"2022-07-19T08:40:32","slug":"tematiques-prodoc","status":"publish","type":"page","link":"https:\/\/projectes.xtec.cat\/cete\/tematiques-prodoc\/","title":{"rendered":"Tem\u00e0tiques PRODOC"},"content":{"rendered":"<p>PRODOC aborda les seg\u00fcents tem\u00e0tiques:<\/p>\n<ul>\n<li style=\"font-weight: 400;\" aria-level=\"1\"><span style=\"font-weight: 400;\">L&#8217;acollida de l&#8217;estudiant, qui interv\u00e9, com es desenvolupa, que s&#8217;explica.\u00a0<\/span><\/li>\n<li style=\"font-weight: 400;\" aria-level=\"1\"><span style=\"font-weight: 400;\">Estructura i caracter\u00edstiques del pla d&#8217;acollida.<\/span><\/li>\n<li style=\"font-weight: 400;\" aria-level=\"1\"><span style=\"font-weight: 400;\">El seguiment per part de la persona coordinadora, mentora, tutora.<\/span><\/li>\n<li style=\"font-weight: 400;\" aria-level=\"1\"><span style=\"font-weight: 400;\">La planificaci\u00f3: tenen els docents mentors una dedicaci\u00f3 en el seu horari.<\/span><\/li>\n<li style=\"font-weight: 400;\" aria-level=\"1\"><span style=\"font-weight: 400;\">L&#8217;acompanyament personalitzat i capacitador, per continuar aprenent al llarg de la vida, promou el raonament cr\u00edtic.<\/span><\/li>\n<li style=\"font-weight: 400;\" aria-level=\"1\"><span style=\"font-weight: 400;\">Coordinaci\u00f3 i interacci\u00f3 entre centre, universitat i l&#8217;estudiant, quants contactes, com es desenvolupen, converses constructives.<\/span><\/li>\n<li style=\"font-weight: 400;\" aria-level=\"1\"><span style=\"font-weight: 400;\">Participaci\u00f3 dels estudiants: com es desenvolupa la fase d&#8217;observaci\u00f3, nom\u00e9s amb el docent mentor o amb altres docents del centre. En la fase d&#8217;intervenci\u00f3, pot treballar en codoc\u00e8ncia? Hi ha planificades converses de feedback? Hi ha aprenentatge entre iguals, com es realitza.En quin moment van els estudiants, quantes hores de pr\u00e0ctiques, en quantes fases es divideixen les pr\u00e0ctiques, que es fa en cada fase.<\/span><\/li>\n<li style=\"font-weight: 400;\" aria-level=\"1\"><span style=\"font-weight: 400;\">Desenvolupament de la coordinaci\u00f3 i la mentoria en el centre: procediment de designaci\u00f3, es comparteixen les pr\u00e0ctiques de mentoria dins de centre i entre centres?<\/span><\/li>\n<li style=\"font-weight: 400;\" aria-level=\"1\"><span style=\"font-weight: 400;\">Intercanvi pedag\u00f2gic, col\u00b7laboraci\u00f3 amb la universitats m\u00e9s enll\u00e0 de les pr\u00e0ctiques, projectes de recerca,etc.<\/span><\/li>\n<li style=\"font-weight: 400;\" aria-level=\"1\"><span style=\"font-weight: 400;\">Enfocament cap a la millora: les evid\u00e8ncies obtingudes s&#8217;utilitzen per a la millora del centre.<\/span><\/li>\n<li style=\"font-weight: 400;\" aria-level=\"1\"><span style=\"font-weight: 400;\">Coneixement d\u2019eines i instruments que s&#8217;utilitzen en l&#8217;acompanyament, aix\u00ed com d&#8217;avaluaci\u00f3. Com es fa l&#8217;avaluaci\u00f3 dels estudiants en pr\u00e0ctiques.<\/span><\/li>\n<li style=\"font-weight: 400;\" aria-level=\"1\"><span style=\"font-weight: 400;\">Hi ha alguna xarxa de centres formadors de refer\u00e8ncia.<\/span><\/li>\n<li style=\"font-weight: 400;\" aria-level=\"1\"><span style=\"font-weight: 400;\">Com fan sostenible ser centre formador de manera realista i sense sobrecarregar la l\u00ednia temporal de tasques dels docents?\u00a0<\/span><\/li>\n<li style=\"font-weight: 400;\" aria-level=\"1\"><span style=\"font-weight: 400;\">Con\u00e8ixer com esdevenen centres que aprenen.<\/span><\/li>\n<\/ul>\n","protected":false},"excerpt":{"rendered":"<p>PRODOC aborda les seg\u00fcents tem\u00e0tiques:<\/p>\n<ul>\n<li style=\"font-weight: 400;\" aria-level=\"1\">L&#8217;acollida de l&#8217;estudiant, qui interv\u00e9, com es desenvolupa, que s&#8217;explica.\u00a0<\/li>\n<li style=\"font-weight: 400;\" aria-level=\"1\">Estructura i caracter\u00edstiques del pla d&#8217;acollida.<\/li>\n<li style=\"font-weight: 400;\" aria-level=\"1\">El seguiment per part de la persona coordinadora, mentora, tutora.<\/li>\n<li style=\"font-weight: 400;\" aria-level=\"1\">La planificaci\u00f3: tenen els docents mentors&hellip;  <a href=\"https:\/\/projectes.xtec.cat\/cete\/tematiques-prodoc\/\" title=\"Read Tem\u00e0tiques PRODOC\">Llegeix m\u00e9s\u00bb<\/a><br \/>\n","protected":false},"author":1,"featured_media":0,"parent":0,"menu_order":0,"comment_status":"closed","ping_status":"closed","template":"","meta":{"_bbp_topic_count":0,"_bbp_reply_count":0,"_bbp_total_topic_count":0,"_bbp_total_reply_count":0,"_bbp_voice_count":0,"_bbp_anonymous_reply_count":0,"_bbp_topic_count_hidden":0,"_bbp_reply_count_hidden":0,"_bbp_forum_subforum_count":0,"footnotes":""},"class_list":["post-8823","page","type-page","status-publish","hentry"],"post_mailing_queue_ids":[],"_links":{"self":[{"href":"https:\/\/projectes.xtec.cat\/cete\/wp-json\/wp\/v2\/pages\/8823","targetHints":{"allow":["GET"]}}],"collection":[{"href":"https:\/\/projectes.xtec.cat\/cete\/wp-json\/wp\/v2\/pages"}],"about":[{"href":"https:\/\/projectes.xtec.cat\/cete\/wp-json\/wp\/v2\/types\/page"}],"author":[{"embeddable":true,"href":"https:\/\/projectes.xtec.cat\/cete\/wp-json\/wp\/v2\/users\/1"}],"replies":[{"embeddable":true,"href":"https:\/\/projectes.xtec.cat\/cete\/wp-json\/wp\/v2\/comments?post=8823"}],"version-history":[{"count":3,"href":"https:\/\/projectes.xtec.cat\/cete\/wp-json\/wp\/v2\/pages\/8823\/revisions"}],"predecessor-version":[{"id":9331,"href":"https:\/\/projectes.xtec.cat\/cete\/wp-json\/wp\/v2\/pages\/8823\/revisions\/9331"}],"wp:attachment":[{"href":"https:\/\/projectes.xtec.cat\/cete\/wp-json\/wp\/v2\/media?parent=8823"}],"curies":[{"name":"wp","href":"https:\/\/api.w.org\/{rel}","templated":true}]}}

Temàtiques PRODOC

<p>PRODOC aborda les següents temàtiques:</p>
<ul>
<li style="font-weight: 400;" aria-level="1"><span style="font-weight: 400;">L&#8217;acollida de l&#8217;estudiant, qui intervé, com es desenvolupa, que s&#8217;explica. </span></li>
<li style="font-weight: 400;" aria-level="1"><span style="font-weight: 400;">Estructura i característiques del pla d&#8217;acollida.</span></li>
<li style="font-weight: 400;" aria-level="1"><span style="font-weight: 400;">El seguiment per part de la persona coordinadora, mentora, tutora.</span></li>
<li style="font-weight: 400;" aria-level="1"><span style="font-weight: 400;">La planificació: tenen els docents mentors una dedicació en el seu horari.</span></li>
<li style="font-weight: 400;" aria-level="1"><span style="font-weight: 400;">L&#8217;acompanyament personalitzat i capacitador, per continuar aprenent al llarg de la vida, promou el raonament crític.</span></li>
<li style="font-weight: 400;" aria-level="1"><span style="font-weight: 400;">Coordinació i interacció entre centre, universitat i l&#8217;estudiant, quants contactes, com es desenvolupen, converses constructives.</span></li>
<li style="font-weight: 400;" aria-level="1"><span style="font-weight: 400;">Participació dels estudiants: com es desenvolupa la fase d&#8217;observació, només amb el docent mentor o amb altres docents del centre. En la fase d&#8217;intervenció, pot treballar en codocència? Hi ha planificades converses de feedback? Hi ha aprenentatge entre iguals, com es realitza.En quin moment van els estudiants, quantes hores de pràctiques, en quantes fases es divideixen les pràctiques, que es fa en cada fase.</span></li>
<li style="font-weight: 400;" aria-level="1"><span style="font-weight: 400;">Desenvolupament de la coordinació i la mentoria en el centre: procediment de designació, es comparteixen les pràctiques de mentoria dins de centre i entre centres?</span></li>
<li style="font-weight: 400;" aria-level="1"><span style="font-weight: 400;">Intercanvi pedagògic, col·laboració amb la universitats més enllà de les pràctiques, projectes de recerca,etc.</span></li>
<li style="font-weight: 400;" aria-level="1"><span style="font-weight: 400;">Enfocament cap a la millora: les evidències obtingudes s&#8217;utilitzen per a la millora del centre.</span></li>
<li style="font-weight: 400;" aria-level="1"><span style="font-weight: 400;">Coneixement d’eines i instruments que s&#8217;utilitzen en l&#8217;acompanyament, així com d&#8217;avaluació. Com es fa l&#8217;avaluació dels estudiants en pràctiques.</span></li>
<li style="font-weight: 400;" aria-level="1"><span style="font-weight: 400;">Hi ha alguna xarxa de centres formadors de referència.</span></li>
<li style="font-weight: 400;" aria-level="1"><span style="font-weight: 400;">Com fan sostenible ser centre formador de manera realista i sense sobrecarregar la línia temporal de tasques dels docents? </span></li>
<li style="font-weight: 400;" aria-level="1"><span style="font-weight: 400;">Conèixer com esdevenen centres que aprenen.</span></li>
</ul>

<p>PRODOC aborda les següents temàtiques:</p>
<ul>
<li style="font-weight: 400;" aria-level="1">L&#8217;acollida de l&#8217;estudiant, qui intervé, com es desenvolupa, que s&#8217;explica. </li>
<li style="font-weight: 400;" aria-level="1">Estructura i característiques del pla d&#8217;acollida.</li>
<li style="font-weight: 400;" aria-level="1">El seguiment per part de la persona coordinadora, mentora, tutora.</li>
<li style="font-weight: 400;" aria-level="1">La planificació: tenen els docents mentors&hellip;  <a href="https://projectes.xtec.cat/cete/tematiques-prodoc/" title="Read Temàtiques PRODOC">Llegeix més»</a><br />
