{"id":8899,"date":"2022-05-04T10:04:46","date_gmt":"2022-05-04T08:04:46","guid":{"rendered":"https:\/\/projectes.xtec.cat\/cete\/?page_id=8899"},"modified":"2023-08-04T13:29:26","modified_gmt":"2023-08-04T11:29:26","slug":"darrers-esdeveniments-ia","status":"publish","type":"page","link":"https:\/\/projectes.xtec.cat\/cete\/darrers-esdeveniments-ia\/","title":{"rendered":"Darrers esdeveniments IA"},"content":{"rendered":"<p>Aqu\u00ed teniu<a href=\"https:\/\/www.canva.com\/design\/DAFlCxMhdzU\/blBPYiw7qUiEbe7-0ls9ug\/edit?utm_content=DAFlCxMhdzU&amp;utm_campaign=designshare&amp;utm_medium=link2&amp;utm_source=sharebutton\"> la sessi\u00f3 de transfer\u00e8ncia<\/a> del Microconsorci d&#8217;Innovaci\u00f3 Avan\u00e7ada on vam tenir l&#8217;ocasi\u00f3 de compartir les nostres experi\u00e8ncies per\u00f2 tamb\u00e9 reflexionar m\u00e9s a fons sobre el sentit del projecte i les passes a fer de cara al nou per\u00edode.<\/p>\n<p>&nbsp;<\/p>\n<p>&nbsp;<\/p>\n","protected":false},"excerpt":{"rendered":"<p>Aqu\u00ed teniu<a href=\"https:\/\/www.canva.com\/design\/DAFlCxMhdzU\/blBPYiw7qUiEbe7-0ls9ug\/edit?utm_content=DAFlCxMhdzU&amp;utm_campaign=designshare&amp;utm_medium=link2&amp;utm_source=sharebutton\"> la sessi\u00f3 de transfer\u00e8ncia<\/a> del Microconsorci d&#8217;Innovaci\u00f3 Avan\u00e7ada on vam tenir l&#8217;ocasi\u00f3 de compartir les nostres experi\u00e8ncies per\u00f2 tamb\u00e9 reflexionar m\u00e9s a fons sobre el sentit del projecte i les passes a fer de cara al nou per\u00edode.<br \/>\n&nbsp;<br \/>\n&nbsp;<\/p>\n","protected":false},"author":1,"featured_media":0,"parent":0,"menu_order":0,"comment_status":"closed","ping_status":"closed","template":"","meta":{"_bbp_topic_count":0,"_bbp_reply_count":0,"_bbp_total_topic_count":0,"_bbp_total_reply_count":0,"_bbp_voice_count":0,"_bbp_anonymous_reply_count":0,"_bbp_topic_count_hidden":0,"_bbp_reply_count_hidden":0,"_bbp_forum_subforum_count":0,"footnotes":""},"class_list":["post-8899","page","type-page","status-publish","hentry"],"post_mailing_queue_ids":[],"_links":{"self":[{"href":"https:\/\/projectes.xtec.cat\/cete\/wp-json\/wp\/v2\/pages\/8899","targetHints":{"allow":["GET"]}}],"collection":[{"href":"https:\/\/projectes.xtec.cat\/cete\/wp-json\/wp\/v2\/pages"}],"about":[{"href":"https:\/\/projectes.xtec.cat\/cete\/wp-json\/wp\/v2\/types\/page"}],"author":[{"embeddable":true,"href":"https:\/\/projectes.xtec.cat\/cete\/wp-json\/wp\/v2\/users\/1"}],"replies":[{"embeddable":true,"href":"https:\/\/projectes.xtec.cat\/cete\/wp-json\/wp\/v2\/comments?post=8899"}],"version-history":[{"count":4,"href":"https:\/\/projectes.xtec.cat\/cete\/wp-json\/wp\/v2\/pages\/8899\/revisions"}],"predecessor-version":[{"id":9714,"href":"https:\/\/projectes.xtec.cat\/cete\/wp-json\/wp\/v2\/pages\/8899\/revisions\/9714"}],"wp:attachment":[{"href":"https:\/\/projectes.xtec.cat\/cete\/wp-json\/wp\/v2\/media?parent=8899"}],"curies":[{"name":"wp","href":"https:\/\/api.w.org\/{rel}","templated":true}]}}