{"id":8903,"date":"2022-05-04T10:09:32","date_gmt":"2022-05-04T08:09:32","guid":{"rendered":"https:\/\/projectes.xtec.cat\/cete\/?page_id=8903"},"modified":"2022-05-30T12:58:48","modified_gmt":"2022-05-30T10:58:48","slug":"objectius-emailc","status":"publish","type":"page","link":"https:\/\/projectes.xtec.cat\/cete\/objectius-emailc\/","title":{"rendered":"Objectius EMAILC"},"content":{"rendered":"<ol>\n<li>Establir una xarxa inter centres d\u2019intercanvi estrat\u00e8gies organitzatives i pedag\u00f2giques a partir del model elaborat en col\u00b7laboraci\u00f3 amb responsables de programes educatius de diferents pa\u00efsos europeus.<\/li>\n<li>Visitar alguna organitzaci\u00f3 (universit\u00e0ria) per observar com s\u2019organitza la formaci\u00f3 dels formadors de docents i quin impacte t\u00e9 en l\u2019alumnat. Establir les bases per una futura col\u00b7laboraci\u00f3 entre responsables de programes educatius europeus (per compartir espais) enfocades en la millora de les formacions.<\/li>\n<li>Contactar amb organitzacions educatives europees que son refer\u00e8ncia en la formaci\u00f3 de professorat \u00ed fer una mobilitat.<\/li>\n<li>Redissenyar la formaci\u00f3 dels dos programes per tal que els alumnes millorin la seva producci\u00f3 textual i capacitat de comunicaci\u00f3 de continguts gr\u00e0cies a la formaci\u00f3 que rebran els formadors en l\u2019enfocament de les pluriliteracies.<\/li>\n<li>Redissenyar el programa GEP i AVANCEM incorporant noves estrat\u00e8gies per millorar les compet\u00e8ncies ling\u00fc\u00edstiques de l\u2019alumnat .<\/li>\n<li>Redissenyar programa GEP 1, TENINT EN COMPTE estrat\u00e8gies adquirides en formaci\u00f3\/observaci\u00f3\/Mobilitat<\/li>\n<li>Crear un repositori d\u2019activitats que incorporin les lleng\u00fces d\u2019origen per facilitar l\u2019aprenentatge de tot l\u2019alumnat m\u00e9s enll\u00e0 de la conscienciaci\u00f3 a trav\u00e9s de visites d\u2019observaci\u00f3 en centres que incorporen les lleng\u00fces d\u2019origen en l\u2019ensenyament.<\/li>\n<\/ol>\n<p>&nbsp;<\/p>\n<p>&nbsp;<\/p>\n<p>&nbsp;<\/p>\n","protected":false},"excerpt":{"rendered":"<ol>\n<li>Establir una xarxa inter centres d\u2019intercanvi estrat\u00e8gies organitzatives i pedag\u00f2giques a partir del model elaborat en col\u00b7laboraci\u00f3 amb responsables de programes educatius de diferents pa\u00efsos europeus.<\/li>\n<li>Visitar alguna organitzaci\u00f3 (universit\u00e0ria) per observar com s\u2019organitza la formaci\u00f3 dels formadors de docents i quin impacte t\u00e9 en l\u2019alumnat.&hellip;  <a href=\"https:\/\/projectes.xtec.cat\/cete\/objectius-emailc\/\" title=\"Read Objectius EMAILC\">Llegeix m\u00e9s\u00bb<\/a><br \/>\n","protected":false},"author":1,"featured_media":0,"parent":0,"menu_order":0,"comment_status":"closed","ping_status":"closed","template":"","meta":{"_bbp_topic_count":0,"_bbp_reply_count":0,"_bbp_total_topic_count":0,"_bbp_total_reply_count":0,"_bbp_voice_count":0,"_bbp_anonymous_reply_count":0,"_bbp_topic_count_hidden":0,"_bbp_reply_count_hidden":0,"_bbp_forum_subforum_count":0,"footnotes":""},"class_list":["post-8903","page","type-page","status-publish","hentry"],"post_mailing_queue_ids":[],"_links":{"self":[{"href":"https:\/\/projectes.xtec.cat\/cete\/wp-json\/wp\/v2\/pages\/8903","targetHints":{"allow":["GET"]}}],"collection":[{"href":"https:\/\/projectes.xtec.cat\/cete\/wp-json\/wp\/v2\/pages"}],"about":[{"href":"https:\/\/projectes.xtec.cat\/cete\/wp-json\/wp\/v2\/types\/page"}],"author":[{"embeddable":true,"href":"https:\/\/projectes.xtec.cat\/cete\/wp-json\/wp\/v2\/users\/1"}],"replies":[{"embeddable":true,"href":"https:\/\/projectes.xtec.cat\/cete\/wp-json\/wp\/v2\/comments?post=8903"}],"version-history":[{"count":2,"href":"https:\/\/projectes.xtec.cat\/cete\/wp-json\/wp\/v2\/pages\/8903\/revisions"}],"predecessor-version":[{"id":9161,"href":"https:\/\/projectes.xtec.cat\/cete\/wp-json\/wp\/v2\/pages\/8903\/revisions\/9161"}],"wp:attachment":[{"href":"https:\/\/projectes.xtec.cat\/cete\/wp-json\/wp\/v2\/media?parent=8903"}],"curies":[{"name":"wp","href":"https:\/\/api.w.org\/{rel}","templated":true}]}}

<ol>
<li>Establir una xarxa inter centres d’intercanvi estratègies organitzatives i pedagògiques a partir del model elaborat en col·laboració amb responsables de programes educatius de diferents països europeus.</li>
<li>Visitar alguna organització (universitària) per observar com s’organitza la formació dels formadors de docents i quin impacte té en l’alumnat. Establir les bases per una futura col·laboració entre responsables de programes educatius europeus (per compartir espais) enfocades en la millora de les formacions.</li>
<li>Contactar amb organitzacions educatives europees que son referència en la formació de professorat í fer una mobilitat.</li>
<li>Redissenyar la formació dels dos programes per tal que els alumnes millorin la seva producció textual i capacitat de comunicació de continguts gràcies a la formació que rebran els formadors en l’enfocament de les pluriliteracies.</li>
<li>Redissenyar el programa GEP i AVANCEM incorporant noves estratègies per millorar les competències lingüístiques de l’alumnat .</li>
<li>Redissenyar programa GEP 1, TENINT EN COMPTE estratègies adquirides en formació/observació/Mobilitat</li>
<li>Crear un repositori d’activitats que incorporin les llengües d’origen per facilitar l’aprenentatge de tot l’alumnat més enllà de la conscienciació a través de visites d’observació en centres que incorporen les llengües d’origen en l’ensenyament.</li>
</ol>
<p>&nbsp;</p>
<p>&nbsp;</p>
<p>&nbsp;</p>

<ol>
<li>Establir una xarxa inter centres d’intercanvi estratègies organitzatives i pedagògiques a partir del model elaborat en col·laboració amb responsables de programes educatius de diferents països europeus.</li>
<li>Visitar alguna organització (universitària) per observar com s’organitza la formació dels formadors de docents i quin impacte té en l’alumnat.&hellip;  <a href="https://projectes.xtec.cat/cete/objectius-emailc/" title="Read Objectius EMAILC">Llegeix més»</a><br />
