{"id":8915,"date":"2022-05-04T10:13:56","date_gmt":"2022-05-04T08:13:56","guid":{"rendered":"https:\/\/projectes.xtec.cat\/cete\/?page_id=8915"},"modified":"2023-09-01T18:15:42","modified_gmt":"2023-09-01T16:15:42","slug":"tematiques-esam-tilc","status":"publish","type":"page","link":"https:\/\/projectes.xtec.cat\/cete\/tematiques-esam-tilc\/","title":{"rendered":"Tem\u00e0tiques ESAM-TILC"},"content":{"rendered":"<p>Les tem\u00e0tiques del Microconsorci ESAM-TILC s\u00f3n:<\/p>\n<p>1. L&#8217;observaci\u00f3 de centres pluriling\u00fces i interculturals, amb l&#8217;objectiu de visualitzar i entendre com fan l\u2019<strong>acollida<\/strong> i la <strong>integraci\u00f3<\/strong> de l\u2019alumnat i les fam\u00edlies nouvinguts.<\/p>\n<p>2. El treball amb centres que han establert una l\u00ednia metodol\u00f2gica unificada per potenciar l\u2019<strong>aprenentatge de tot l\u2019alumnat<\/strong> en totes les mat\u00e8ries i per proporcionar l\u2019atenci\u00f3 individualitzada necess\u00e0ria.<\/p>\n<p>3. La participaci\u00f3 en centres que escolaritzen alumnes en una <strong>L2, integrant llengua i continguts<\/strong> en totes les \u00e0rees i mat\u00e8ries per aconseguir bons resultats.<\/p>\n","protected":false},"excerpt":{"rendered":"<p>Les tem\u00e0tiques del Microconsorci ESAM-TILC s\u00f3n:<br \/>\n1. L&#8217;observaci\u00f3 de centres pluriling\u00fces i interculturals, amb l&#8217;objectiu de visualitzar i entendre com fan l\u2019acollida i la integraci\u00f3 de l\u2019alumnat i les fam\u00edlies nouvinguts.<br \/>\n2. El treball amb centres que han establert una l\u00ednia metodol\u00f2gica unificada per potenciar l\u2019aprenentatge de&hellip;  <a href=\"https:\/\/projectes.xtec.cat\/cete\/tematiques-esam-tilc\/\" title=\"Read Tem\u00e0tiques ESAM-TILC\">Llegeix m\u00e9s\u00bb<\/a><\/p>\n","protected":false},"author":1,"featured_media":0,"parent":0,"menu_order":0,"comment_status":"closed","ping_status":"closed","template":"","meta":{"_bbp_topic_count":0,"_bbp_reply_count":0,"_bbp_total_topic_count":0,"_bbp_total_reply_count":0,"_bbp_voice_count":0,"_bbp_anonymous_reply_count":0,"_bbp_topic_count_hidden":0,"_bbp_reply_count_hidden":0,"_bbp_forum_subforum_count":0,"footnotes":""},"class_list":["post-8915","page","type-page","status-publish","hentry"],"post_mailing_queue_ids":[],"_links":{"self":[{"href":"https:\/\/projectes.xtec.cat\/cete\/wp-json\/wp\/v2\/pages\/8915","targetHints":{"allow":["GET"]}}],"collection":[{"href":"https:\/\/projectes.xtec.cat\/cete\/wp-json\/wp\/v2\/pages"}],"about":[{"href":"https:\/\/projectes.xtec.cat\/cete\/wp-json\/wp\/v2\/types\/page"}],"author":[{"embeddable":true,"href":"https:\/\/projectes.xtec.cat\/cete\/wp-json\/wp\/v2\/users\/1"}],"replies":[{"embeddable":true,"href":"https:\/\/projectes.xtec.cat\/cete\/wp-json\/wp\/v2\/comments?post=8915"}],"version-history":[{"count":3,"href":"https:\/\/projectes.xtec.cat\/cete\/wp-json\/wp\/v2\/pages\/8915\/revisions"}],"predecessor-version":[{"id":9715,"href":"https:\/\/projectes.xtec.cat\/cete\/wp-json\/wp\/v2\/pages\/8915\/revisions\/9715"}],"wp:attachment":[{"href":"https:\/\/projectes.xtec.cat\/cete\/wp-json\/wp\/v2\/media?parent=8915"}],"curies":[{"name":"wp","href":"https:\/\/api.w.org\/{rel}","templated":true}]}}