{"id":8933,"date":"2022-05-04T10:23:11","date_gmt":"2022-05-04T08:23:11","guid":{"rendered":"https:\/\/projectes.xtec.cat\/cete\/?page_id=8933"},"modified":"2024-02-22T13:43:00","modified_gmt":"2024-02-22T12:43:00","slug":"objectius-mald","status":"publish","type":"page","link":"https:\/\/projectes.xtec.cat\/cete\/objectius-mald\/","title":{"rendered":"Objectius MALD"},"content":{"rendered":"<p>Els objectius del nostre equip de treball MALD s\u00f3n:<\/p>\n<ul>\n<li>Acompanyar els centres en la definici\u00f3 i la creaci\u00f3 d&#8217;eines i materials per participar en programes internacionals i per portar a terme una gesti\u00f3 eficient de les mobilitats de llarga durada (i altres).<\/li>\n<li>Millorar la gesti\u00f3 i organitzaci\u00f3 interna de centre per gestionar projectes d&#8217;internacionalitzaci\u00f3 i acollida de mobilitats d&#8217;alumnat<\/li>\n<li>Impulsar el treball cooperatiu en l\u2019aprenentatge de les lleng\u00fces per a millorar la compet\u00e8ncia ling\u00fc\u00edstica dels alumnes.<\/li>\n<li>Integrar metodologies innovadores, i sistemes d&#8217;avaluaci\u00f3 per facilitar l&#8217;aprenentatge dels alumnes de mobilitats de llarga durada<\/li>\n<li>Millorar la compet\u00e8ncia ling\u00fc\u00edstica en llengua estrangera del professorat (angl\u00e8s, franc\u00e8s i\/o alemany)<\/li>\n<li>Millorar la compet\u00e8ncia pluriling\u00fce i ling\u00fc\u00edstica de l&#8217;alumnat per afavorir la comunicaci\u00f3 i les relacions interculturals.<\/li>\n<li>Incrementar el nombre d&#8217;alumnes implicats en projectes Erasmus + i fomentar la seva participaci\u00f3 en mobilitats i activitats al centre<\/li>\n<\/ul>\n","protected":false},"excerpt":{"rendered":"<p>Els objectius del nostre equip de treball MALD s\u00f3n:<\/p>\n<ul>\n<li>Acompanyar els centres en la definici\u00f3 i la creaci\u00f3 d&#8217;eines i materials per participar en programes internacionals i per portar a terme una gesti\u00f3 eficient de les mobilitats de llarga durada (i altres).<\/li>\n<li>Millorar la gesti\u00f3 i organitzaci\u00f3&hellip;  <a href=\"https:\/\/projectes.xtec.cat\/cete\/objectius-mald\/\" title=\"Read Objectius MALD\">Llegeix m\u00e9s\u00bb<\/a><br \/>\n","protected":false},"author":1,"featured_media":0,"parent":0,"menu_order":0,"comment_status":"closed","ping_status":"closed","template":"","meta":{"_bbp_topic_count":0,"_bbp_reply_count":0,"_bbp_total_topic_count":0,"_bbp_total_reply_count":0,"_bbp_voice_count":0,"_bbp_anonymous_reply_count":0,"_bbp_topic_count_hidden":0,"_bbp_reply_count_hidden":0,"_bbp_forum_subforum_count":0,"footnotes":""},"class_list":["post-8933","page","type-page","status-publish","hentry"],"post_mailing_queue_ids":[],"_links":{"self":[{"href":"https:\/\/projectes.xtec.cat\/cete\/wp-json\/wp\/v2\/pages\/8933","targetHints":{"allow":["GET"]}}],"collection":[{"href":"https:\/\/projectes.xtec.cat\/cete\/wp-json\/wp\/v2\/pages"}],"about":[{"href":"https:\/\/projectes.xtec.cat\/cete\/wp-json\/wp\/v2\/types\/page"}],"author":[{"embeddable":true,"href":"https:\/\/projectes.xtec.cat\/cete\/wp-json\/wp\/v2\/users\/1"}],"replies":[{"embeddable":true,"href":"https:\/\/projectes.xtec.cat\/cete\/wp-json\/wp\/v2\/comments?post=8933"}],"version-history":[{"count":3,"href":"https:\/\/projectes.xtec.cat\/cete\/wp-json\/wp\/v2\/pages\/8933\/revisions"}],"predecessor-version":[{"id":10263,"href":"https:\/\/projectes.xtec.cat\/cete\/wp-json\/wp\/v2\/pages\/8933\/revisions\/10263"}],"wp:attachment":[{"href":"https:\/\/projectes.xtec.cat\/cete\/wp-json\/wp\/v2\/media?parent=8933"}],"curies":[{"name":"wp","href":"https:\/\/api.w.org\/{rel}","templated":true}]}}