{"id":9,"date":"2022-03-08T08:15:01","date_gmt":"2022-03-08T07:15:01","guid":{"rendered":"http:\/\/projectes.xtec.cat\/cete\/?page_id=9"},"modified":"2023-12-03T18:24:30","modified_gmt":"2023-12-03T17:24:30","slug":"pagina-dinici-buida","status":"publish","type":"page","link":"https:\/\/projectes.xtec.cat\/cete\/","title":{"rendered":"Inici"},"content":{"rendered":"<h3>Aqu\u00ed trobareu les darreres not\u00edcies del CETE+.<a href=\"https:\/\/projectes.xtec.cat\/cete\/wp-content\/uploads\/usu2644\/2023\/12\/CETEfonsblanc2.png\"><img loading=\"lazy\" decoding=\"async\" class=\"wp-image-9999 alignleft\" src=\"https:\/\/projectes.xtec.cat\/cete\/wp-content\/uploads\/usu2644\/2023\/12\/CETEfonsblanc2-1024x876.png\" alt=\"\" width=\"244\" height=\"208\" srcset=\"https:\/\/projectes.xtec.cat\/cete\/wp-content\/uploads\/usu2644\/2023\/12\/CETEfonsblanc2-1024x876.png 1024w, https:\/\/projectes.xtec.cat\/cete\/wp-content\/uploads\/usu2644\/2023\/12\/CETEfonsblanc2-300x257.png 300w, https:\/\/projectes.xtec.cat\/cete\/wp-content\/uploads\/usu2644\/2023\/12\/CETEfonsblanc2-768x657.png 768w, https:\/\/projectes.xtec.cat\/cete\/wp-content\/uploads\/usu2644\/2023\/12\/CETEfonsblanc2-1536x1314.png 1536w, https:\/\/projectes.xtec.cat\/cete\/wp-content\/uploads\/usu2644\/2023\/12\/CETEfonsblanc2-2048x1752.png 2048w\" sizes=\"auto, (max-width: 244px) 100vw, 244px\" \/><\/a><\/h3>\n<h3 style=\"text-align: left;\"><strong><em>CETE+ \u00e9s l&#8217;acr\u00f2nim del Consorci Europeu per a la Transformaci\u00f3 Educativa.<\/em><\/strong><\/h3>\n<h3 style=\"text-align: left;\">Aquest \u00e9s el nom que rep l&#8217;acreditaci\u00f3 Erasmus+ KA120 del Departament d&#8217;Educaci\u00f3 de Catalunya en l&#8217;\u00e0mbit d&#8217;Educaci\u00f3 Escolar.<\/h3>\n<h3 style=\"text-align: left;\">S&#8217;implementa a trav\u00e9s de projectes KA121 que es convoquen anualment.<\/h3>\n<h3 style=\"text-align: left;\">En el projecte CETE+21 han participat 84 centres educatius d&#8217;educaci\u00f3 escolar de Catalunya. Tots plegats treballem per la millora dels centres participants i el propi Departament, i ho fem a trav\u00e9s de la internacionalitzaci\u00f3 i els programes d&#8217;innovaci\u00f3 que s\u00f3n els eixos vertebradors dels diversos equips de treball.<\/h3>\n","protected":false},"excerpt":{"rendered":"<p>Aqu\u00ed trobareu les darreres not\u00edcies del CETE+.<a href=\"https:\/\/projectes.xtec.cat\/cete\/wp-content\/uploads\/usu2644\/2023\/12\/CETEfonsblanc2.png\"><\/a><br \/>\nCETE+ \u00e9s l&#8217;acr\u00f2nim del Consorci Europeu per a la Transformaci\u00f3 Educativa.<br \/>\nAquest \u00e9s el nom que rep l&#8217;acreditaci\u00f3 Erasmus+ KA120 del Departament d&#8217;Educaci\u00f3 de Catalunya en l&#8217;\u00e0mbit d&#8217;Educaci\u00f3 Escolar.<br \/>\nS&#8217;implementa a trav\u00e9s de projectes KA121 que es convoquen anualment.<br \/>\nEn el&hellip;  <a href=\"https:\/\/projectes.xtec.cat\/cete\/\" title=\"Read Inici\">Llegeix m\u00e9s\u00bb<\/a><\/p>\n","protected":false},"author":1,"featured_media":0,"parent":7,"menu_order":0,"comment_status":"closed","ping_status":"closed","template":"page-templates\/front-page.php","meta":{"_bbp_topic_count":0,"_bbp_reply_count":0,"_bbp_total_topic_count":0,"_bbp_total_reply_count":0,"_bbp_voice_count":0,"_bbp_anonymous_reply_count":0,"_bbp_topic_count_hidden":0,"_bbp_reply_count_hidden":0,"_bbp_forum_subforum_count":0,"footnotes":""},"class_list":["post-9","page","type-page","status-publish","hentry"],"post_mailing_queue_ids":[],"_links":{"self":[{"href":"https:\/\/projectes.xtec.cat\/cete\/wp-json\/wp\/v2\/pages\/9","targetHints":{"allow":["GET"]}}],"collection":[{"href":"https:\/\/projectes.xtec.cat\/cete\/wp-json\/wp\/v2\/pages"}],"about":[{"href":"https:\/\/projectes.xtec.cat\/cete\/wp-json\/wp\/v2\/types\/page"}],"author":[{"embeddable":true,"href":"https:\/\/projectes.xtec.cat\/cete\/wp-json\/wp\/v2\/users\/1"}],"replies":[{"embeddable":true,"href":"https:\/\/projectes.xtec.cat\/cete\/wp-json\/wp\/v2\/comments?post=9"}],"version-history":[{"count":7,"href":"https:\/\/projectes.xtec.cat\/cete\/wp-json\/wp\/v2\/pages\/9\/revisions"}],"predecessor-version":[{"id":8410,"href":"https:\/\/projectes.xtec.cat\/cete\/wp-json\/wp\/v2\/pages\/9\/revisions\/8410"}],"up":[{"embeddable":true,"href":"https:\/\/projectes.xtec.cat\/cete\/wp-json\/wp\/v2\/pages\/7"}],"wp:attachment":[{"href":"https:\/\/projectes.xtec.cat\/cete\/wp-json\/wp\/v2\/media?parent=9"}],"curies":[{"name":"wp","href":"https:\/\/api.w.org\/{rel}","templated":true}]}}