{"id":8409,"date":"2022-08-11T13:57:38","date_gmt":"2022-08-11T11:57:38","guid":{"rendered":"https:\/\/projectes.xtec.cat\/clic\/?page_id=8409"},"modified":"2024-03-07T20:07:39","modified_gmt":"2024-03-07T19:07:39","slug":"development","status":"publish","type":"page","link":"https:\/\/projectes.xtec.cat\/clic\/es\/development\/","title":{"rendered":"Aplicaciones JClic"},"content":{"rendered":"\n<h1 class=\"wp-block-heading alignwide\">Aplicaciones JClic<\/h1>\n\n\n\n<p>El proyecto JClic ofrece diversos componentes de software dise\u00f1ados para crear actividades educativas, publicarlas en Internet, instalarlas en el PC, compartirlas en red local, hacer seguimiento de los resultados obtenidos por los alumnos o bien integrarlas en <a href=\"https:\/\/moodle.org\">Moodle<\/a> o en cualquier otra plataforma educativa que soporte el formato <a href=\"https:\/\/es.wikipedia.org\/wiki\/SCORM\">SCORM<\/a>.<\/p>\n\n\n\n<p>Todas estas aplicaciones se distribuyen bajo licencias de <strong>software libre <a href=\"https:\/\/ca.wikipedia.org\/wiki\/GNU_General_Public_License\">GNU GPL<\/a> y&nbsp;<a href=\"https:\/\/joinup.ec.europa.eu\/collection\/eupl\/eupl-guidelines-faq-infographics\">EUPL<\/a><\/strong> y est\u00e1n abiertas a recibir contribuciones de cualquier persona que quiera mejorarlas. Tambi\u00e9n pod\u00e9is colaborar con el proyecto traduciendo las aplicaciones a otros idiomas, aportando dise\u00f1os gr\u00e1ficos o mejorando su documentaci\u00f3n.<\/p>\n\n\n\n<h2 class=\"wp-block-heading alignwide\">JClic <a rel=\"noreferrer noopener\" href=\"https:\/\/github.com\/projectestac\/jclic\" target=\"_blank\"><img loading=\"lazy\" decoding=\"async\" width=\"240\" height=\"240\" class=\"wp-image-9020\" style=\"width: 28px; margin-bottom: 8px;\" src=\"https:\/\/projectes.xtec.cat\/clic\/wp-content\/uploads\/usu2636\/github-mark.png\" alt=\"GitHub logo\" srcset=\"https:\/\/projectes.xtec.cat\/clic\/wp-content\/uploads\/usu2636\/github-mark.png 240w, https:\/\/projectes.xtec.cat\/clic\/wp-content\/uploads\/usu2636\/github-mark-150x150.png 150w\" sizes=\"auto, (max-width: 240px) 100vw, 240px\" \/><\/a><\/h2>\n\n\n\n<p>Aplicaciones instalables &#8220;<em>JClic Player<\/em>&#8221; y &#8220;<em>JClic Author<\/em>&#8221; para escritorios Windows, Linux y Mac OS.<br>M\u00f3dulo de servidor &#8220;<em>JClic Reports<\/em>&#8221; (versiones J2EE, Tomcat y Docker).<br>Desarrollado en <a href=\"https:\/\/en.wikipedia.org\/wiki\/Java_(programming_language)\">Java<\/a> con <a href=\"https:\/\/openjdk.org\/\">OpenJDK<\/a>.<\/p>\n\n\n\n<ul class=\"llista wp-block-list\">\n<li>P\u00e1gina de descargas: <a href=\"https:\/\/projectes.xtec.cat\/clic\/es\/download\/\">https:\/\/projectes.xtec.cat\/clic\/es\/download\/<\/a><\/li>\n\n\n\n<li>P\u00e1gina principal del proyecto: <a href=\"https:\/\/projectestac.github.io\/jclic\">https:\/\/projectestac.github.io\/jclic<\/a><\/li>\n\n\n\n<li>C\u00f3digo fuente: <a href=\"https:\/\/github.com\/projectestac\/jclic\">https:\/\/github.com\/projectestac\/jclic<\/a><\/li>\n\n\n\n<li>Documentaci\u00f3n API: <a href=\"https:\/\/projectestac.github.io\/jclic\/apidoc\/\">https:\/\/projectestac.github.io\/jclic\/apidoc\/<\/a><\/li>\n\n\n\n<li>Traducciones: <a href=\"https:\/\/translations.launchpad.net\/jclic\">https:\/\/translations.launchpad.net\/jclic<\/a><\/li>\n<\/ul>\n\n\n\n<h2 class=\"wp-block-heading alignwide\">JClic.js <a rel=\"noreferrer noopener\" href=\"https:\/\/github.com\/projectestac\/jclic.js\" target=\"_blank\"><img loading=\"lazy\" decoding=\"async\" width=\"240\" height=\"240\" class=\"wp-image-9020\" style=\"width: 28px; margin-bottom: 8px;\" src=\"https:\/\/projectes.xtec.cat\/clic\/wp-content\/uploads\/usu2636\/github-mark.png\" alt=\"GitHub logo\" srcset=\"https:\/\/projectes.xtec.cat\/clic\/wp-content\/uploads\/usu2636\/github-mark.png 240w, https:\/\/projectes.xtec.cat\/clic\/wp-content\/uploads\/usu2636\/github-mark-150x150.png 150w\" sizes=\"auto, (max-width: 240px) 100vw, 240px\" \/><\/a><\/h2>\n\n\n\n<p>M\u00f3dulo HTML5 que permite incrustar las actividades JClic en cualquier documento HTML.<br>Desarrollado en <a href=\"https:\/\/developer.mozilla.org\/en-US\/docs\/Web\/JavaScript\">JavaScript ES6<\/a> con <a href=\"https:\/\/jquery.com\/\">jQuery<\/a> y otros m\u00f3dulos <a href=\"https:\/\/www.npmjs.com\/\">NPM<\/a>. Empaquetado con <a href=\"https:\/\/webpack.js.org\/\">WebPack<\/a>.<\/p>\n\n\n\n<ul class=\"llista wp-block-list\">\n<li>P\u00e1gina principal del proyecto: <a href=\"https:\/\/projectestac.github.io\/jclic.js\/\">https:\/\/projectestac.github.io\/jclic.js\/<\/a><\/li>\n\n\n\n<li>C\u00f3digo fuente: <a href=\"https:\/\/github.com\/projectestac\/jclic.js\">https:\/\/github.com\/projectestac\/jclic.js<\/a><\/li>\n\n\n\n<li>Documentaci\u00f3n API: <a href=\"https:\/\/projectestac.github.io\/jclic.js\/doc\/\">https:\/\/projectestac.github.io\/jclic.js\/doc\/<\/a><\/li>\n\n\n\n<li>Traducciones: <a href=\"https:\/\/explore.transifex.com\/francesc\/jclicjs\/\">https:\/\/explore.transifex.com\/francesc\/jclicjs\/<\/a><\/li>\n<\/ul>\n\n\n\n<h2 class=\"wp-block-heading alignwide\">JClic Repo <a rel=\"noreferrer noopener\" href=\"https:\/\/github.com\/projectestac\/jclic-repo\" target=\"_blank\"><img loading=\"lazy\" decoding=\"async\" width=\"240\" height=\"240\" class=\"wp-image-9020\" style=\"width: 28px; margin-bottom: 8px;\" src=\"https:\/\/projectes.xtec.cat\/clic\/wp-content\/uploads\/usu2636\/github-mark.png\" alt=\"GitHub logo\" srcset=\"https:\/\/projectes.xtec.cat\/clic\/wp-content\/uploads\/usu2636\/github-mark.png 240w, https:\/\/projectes.xtec.cat\/clic\/wp-content\/uploads\/usu2636\/github-mark-150x150.png 150w\" sizes=\"auto, (max-width: 240px) 100vw, 240px\" \/><\/a><\/h2>\n\n\n\n<p>Componentes utilizados en este espacio para la <a href=\"https:\/\/projectes.xtec.cat\/clic\/es\/repo\/\">biblioteca principal<\/a> y la <a href=\"https:\/\/projectes.xtec.cat\/clic\/es\/users\/\">biblioteca de proyectos de usuario<\/a>.<br>Los elementos de <em>front-end<\/em> est\u00e1n desarrollados con <a href=\"https:\/\/reactjs.org\/\">React<\/a> y componentes <a href=\"https:\/\/mui.com\/\">MUI<\/a>, empaquetados en <a href=\"https:\/\/www.webcomponents.org\/\">componentes web<\/a>. Las API utilizadas para la b\u00fasqueda <em>full text<\/em> y la biblioteca de proyectos de usuario est\u00e1n desarrolladas en <a href=\"https:\/\/en.wikipedia.org\/wiki\/PHP\">PHP<\/a>.<\/p>\n\n\n\n<ul class=\"llista wp-block-list\">\n<li>C\u00f3digo fuente del <em>front-end<\/em>: <a href=\"https:\/\/github.com\/projectestac\/jclic-repo\/\">https:\/\/github.com\/projectestac\/jclic-repo<\/a><\/li>\n\n\n\n<li>Estructura del espacio web y c\u00f3digo fuente de la API utilizada como <em>back-end<\/em>: <a href=\"https:\/\/github.com\/projectestac\/zonaclic\">https:\/\/github.com\/projectestac\/zonaclic<\/a><\/li>\n\n\n\n<li>Utilidades diversas para la gesti\u00f3n de la biblioteca de proyectos: <a href=\"https:\/\/github.com\/projectestac\/jclic-repo-utils\">https:\/\/github.com\/projectestac\/jclic-repo-utils<\/a><\/li>\n<\/ul>\n\n\n\n<h2 class=\"wp-block-heading alignwide\">M\u00f3dulo de JClic para Moodle <a rel=\"noreferrer noopener\" href=\"https:\/\/github.com\/projectestac\/moodle-mod_jclic\" target=\"_blank\"><img loading=\"lazy\" decoding=\"async\" width=\"240\" height=\"240\" class=\"wp-image-9020\" style=\"width: 28px; margin-bottom: 8px;\" src=\"https:\/\/projectes.xtec.cat\/clic\/wp-content\/uploads\/usu2636\/github-mark.png\" alt=\"GitHub logo\" srcset=\"https:\/\/projectes.xtec.cat\/clic\/wp-content\/uploads\/usu2636\/github-mark.png 240w, https:\/\/projectes.xtec.cat\/clic\/wp-content\/uploads\/usu2636\/github-mark-150x150.png 150w\" sizes=\"auto, (max-width: 240px) 100vw, 240px\" \/><\/a><\/h2>\n\n\n\n<p>M\u00f3dulo que permite integrar las actividades JClic en cursos Moodle, trasladando al cualificador los resultados obtenidos por los alumnos al hacerlas.<\/p>\n\n\n\n<ul class=\"llista wp-block-list\">\n<li>P\u00e1gina principal del proyecto: <a href=\"https:\/\/moodle.org\/plugins\/mod_jclic\">https:\/\/moodle.org\/plugins\/mod_jclic<\/a><\/li>\n\n\n\n<li>C\u00f3digo fuente:&nbsp;<a href=\"https:\/\/github.com\/projectestac\/moodle-mod_jclic\">https:\/\/github.com\/projectestac\/moodle-mod_jclic<\/a><\/li>\n\n\n\n<li>Traducciones: <a href=\"https:\/\/lang.moodle.org\/\">https:\/\/lang.moodle.org\/<\/a><\/li>\n<\/ul>\n","protected":false},"excerpt":{"rendered":"<p>Aplicaciones JClic El proyecto JClic ofrece diversos componentes de software dise\u00f1ados para crear actividades educativas, publicarlas en Internet, instalarlas en el PC, compartirlas en red local, hacer seguimiento de los resultados obtenidos por los alumnos o bien integrarlas en Moodle o en cualquier otra plataforma educativa que soporte el formato SCORM. Todas estas aplicaciones se [&hellip;]<\/p>\n","protected":false},"author":1,"featured_media":0,"parent":8214,"menu_order":0,"comment_status":"closed","ping_status":"closed","template":"","meta":{"site-sidebar-layout":"no-sidebar","site-content-layout":"plain-container","ast-site-content-layout":"","site-content-style":"default","site-sidebar-style":"default","ast-global-header-display":"","ast-banner-title-visibility":"","ast-main-header-display":"","ast-hfb-above-header-display":"","ast-hfb-below-header-display":"","ast-hfb-mobile-header-display":"","site-post-title":"disabled","ast-breadcrumbs-content":"","ast-featured-img":"","footer-sml-layout":"","theme-transparent-header-meta":"default","adv-header-id-meta":"","stick-header-meta":"default","header-above-stick-meta":"","header-main-stick-meta":"","header-below-stick-meta":"","astra-migrate-meta-layouts":"default","ast-page-background-enabled":"default","ast-page-background-meta":{"desktop":{"background-color":"","background-image":"","background-repeat":"repeat","background-position":"center center","background-size":"auto","background-attachment":"scroll","background-type":"","background-media":"","overlay-type":"","overlay-color":"","overlay-opacity":"","overlay-gradient":""},"tablet":{"background-color":"","background-image":"","background-repeat":"repeat","background-position":"center center","background-size":"auto","background-attachment":"scroll","background-type":"","background-media":"","overlay-type":"","overlay-color":"","overlay-opacity":"","overlay-gradient":""},"mobile":{"background-color":"","background-image":"","background-repeat":"repeat","background-position":"center center","background-size":"auto","background-attachment":"scroll","background-type":"","background-media":"","overlay-type":"","overlay-color":"","overlay-opacity":"","overlay-gradient":""}},"ast-content-background-meta":{"desktop":{"background-color":"var(--ast-global-color-5)","background-image":"","background-repeat":"repeat","background-position":"center center","background-size":"auto","background-attachment":"scroll","background-type":"","background-media":"","overlay-type":"","overlay-color":"","overlay-opacity":"","overlay-gradient":""},"tablet":{"background-color":"var(--ast-global-color-5)","background-image":"","background-repeat":"repeat","background-position":"center center","background-size":"auto","background-attachment":"scroll","background-type":"","background-media":"","overlay-type":"","overlay-color":"","overlay-opacity":"","overlay-gradient":""},"mobile":{"background-color":"var(--ast-global-color-5)","background-image":"","background-repeat":"repeat","background-position":"center center","background-size":"auto","background-attachment":"scroll","background-type":"","background-media":"","overlay-type":"","overlay-color":"","overlay-opacity":"","overlay-gradient":""}},"footnotes":""},"class_list":["post-8409","page","type-page","status-publish","hentry"],"post_mailing_queue_ids":[],"_links":{"self":[{"href":"https:\/\/projectes.xtec.cat\/clic\/wp-json\/wp\/v2\/pages\/8409","targetHints":{"allow":["GET"]}}],"collection":[{"href":"https:\/\/projectes.xtec.cat\/clic\/wp-json\/wp\/v2\/pages"}],"about":[{"href":"https:\/\/projectes.xtec.cat\/clic\/wp-json\/wp\/v2\/types\/page"}],"author":[{"embeddable":true,"href":"https:\/\/projectes.xtec.cat\/clic\/wp-json\/wp\/v2\/users\/1"}],"replies":[{"embeddable":true,"href":"https:\/\/projectes.xtec.cat\/clic\/wp-json\/wp\/v2\/comments?post=8409"}],"version-history":[{"count":6,"href":"https:\/\/projectes.xtec.cat\/clic\/wp-json\/wp\/v2\/pages\/8409\/revisions"}],"predecessor-version":[{"id":9352,"href":"https:\/\/projectes.xtec.cat\/clic\/wp-json\/wp\/v2\/pages\/8409\/revisions\/9352"}],"up":[{"embeddable":true,"href":"https:\/\/projectes.xtec.cat\/clic\/wp-json\/wp\/v2\/pages\/8214"}],"wp:attachment":[{"href":"https:\/\/projectes.xtec.cat\/clic\/wp-json\/wp\/v2\/media?parent=8409"}],"curies":[{"name":"wp","href":"https:\/\/api.w.org\/{rel}","templated":true}]}}