{"id":9025,"date":"2023-12-26T21:05:17","date_gmt":"2023-12-26T20:05:17","guid":{"rendered":"https:\/\/projectes.xtec.cat\/clic\/?page_id=9025"},"modified":"2023-12-27T10:06:41","modified_gmt":"2023-12-27T09:06:41","slug":"llicencies-creative-commons","status":"publish","type":"page","link":"https:\/\/projectes.xtec.cat\/clic\/ca\/repo\/llicencies-creative-commons\/","title":{"rendered":"Llic\u00e8ncies Creative Commons"},"content":{"rendered":"\n<h1 class=\"wp-block-heading alignwide\"><img loading=\"lazy\" decoding=\"async\" width=\"40\" height=\"40\" class=\"wp-image-9044\" style=\"width: 40px;\" src=\"https:\/\/projectes.xtec.cat\/clic\/wp-content\/uploads\/usu2636\/cc.png\" alt=\"CC logo\"> Llic\u00e8ncies <em>Creative Commons<\/em><\/h1>\n\n\n\n<p>L&#8217;organitzaci\u00f3 <em><a href=\"https:\/\/creativecommons.org\/\" data-type=\"link\" data-id=\"https:\/\/creativecommons.org\/\" target=\"_blank\" rel=\"noreferrer noopener\">Creative Commons<\/a><\/em> promou la difusi\u00f3 de tota mena de creacions (escrits, m\u00fasica, audiovisuals, interactius, materials educatius\u2026) sota un conjunt de models de llic\u00e8ncies que en permetin l&#8217;\u00fas, la reproducci\u00f3 i la transmissi\u00f3 tot garantint uns determinats drets als autors (reconeixement d&#8217;autoria, integritat de l&#8217;obra\u2026).<\/p>\n\n\n\n<p>En contraposici\u00f3 a l&#8217;expressi\u00f3 &#8220;Tots els drets reservats&#8221; del copyright tradicional, Creative Commons proposa emprar &#8220;Alguns drets reservats&#8221; (<em>some rights reserved<\/em>), per indicar que una determinada obra es pot redistribuir lliurement sempre que es compleixin determinades condicions.<\/p>\n\n\n\n<p>Per atorgar a la vostra creaci\u00f3 una llic\u00e8ncia Creative Commons haureu de decidir tres coses:<\/p>\n\n\n\n<ul class=\"llista wp-block-list\">\n<li>Si voleu que en qualsevol c\u00f2pia de l&#8217;obra hi consti el vostre nom com a autors\/es (reconeixement d&#8217;autoria)<\/li>\n\n\n\n<li>Si permeteu o no que es pugui fer un \u00fas comercial de la vostra obra<\/li>\n\n\n\n<li>Si permeteu que altres persones puguin adaptar o modificar la vostra obra<\/li>\n<\/ul>\n\n\n\n<p>Les llic\u00e8ncies es poden acabar d&#8217;afinar i retocar amb altres cl\u00e0usules i disposicions. Per exemple, hi ha un model de llic\u00e8ncia CC que permet la lliure redistribuci\u00f3 \u00fanicament als pa\u00efsos en vies de desenvolupament, reservant-se un \u00fas comercial per a la resta del m\u00f3n.<\/p>\n\n\n\n<p>Un equip de la Universitat de Barcelona ha adaptat les llic\u00e8ncies Creative Commons a la legislaci\u00f3 espanyola, i n&#8217;ha realitzat traduccions al catal\u00e0 i al castell\u00e0.<\/p>\n\n\n\n<h2 class=\"wp-block-heading alignwide\">Les llic\u00e8ncies <em>Creative Commons<\/em> a la zonaClic<\/h2>\n\n\n\n<p>Pel que fa als materials publicats a la biblioteca d&#8217;activitats de la zonaClic, la nostra proposta \u00e9s compartir-los amb una llic\u00e8ncia Creative Commons del tipus <strong><a href=\"https:\/\/creativecommons.org\/licenses\/by-nc-sa\/4.0\/deed.ca\" data-type=\"link\" data-id=\"https:\/\/creativecommons.org\/licenses\/by-nc-sa\/4.0\/deed.ca\">Reconeixement &#8211; No Comercial &#8211; Compartir Igual<\/a><\/strong>. Aix\u00f2 significa que <strong>sempre<\/strong> s&#8217;haur\u00e0 de recon\u00e8ixer l&#8217;autoria de les activitats, que <strong>est\u00e0 perm\u00e8s<\/strong> fer-ne adaptacions i traduccions, que <strong>no es permet<\/strong> la seva comercialitzaci\u00f3 i que qualsevol obra derivada (adaptaci\u00f3 o traducci\u00f3) haur\u00e0 de tenir una <strong>llic\u00e8ncia d&#8217;\u00fas id\u00e8ntica<\/strong> a la de l&#8217;obra original.<\/p>\n\n\n\n<p>Aquesta \u00e9s la llic\u00e8ncia que apareix per defecte a tots els materials enviats a la zonaClic. Si desitgeu que la vostra obra aparegui amb alguna llic\u00e8ncia diferent feu-nos-ho saber i aix\u00ed ho farem constar a les p\u00e0gines de la <a href=\"https:\/\/projectes.xtec.cat\/clic\/ca\/repo\/\" data-type=\"link\" data-id=\"https:\/\/projectes.xtec.cat\/clic\/ca\/repo\/\">biblioteca d&#8217;activitats<\/a>. Si sou autors d&#8217;algun material publicat anteriorment al &#8220;rac\u00f3 del Clic&#8221; rebreu un missatge de correu on us demanarem la vostra conformitat per adoptar aquest tipus de llic\u00e8ncia al vostre treball.<\/p>\n\n\n\n<h2 class=\"wp-block-heading alignwide\">Per saber-ne m\u00e9s&#8230;<\/h2>\n\n\n\n<ul class=\"llista wp-block-list\">\n<li><strong><a href=\"https:\/\/creativecommons.org\" data-type=\"link\" data-id=\"https:\/\/creativecommons.org\">Creative Commons<\/a><\/strong><br>Portal web del projecte<\/li>\n\n\n\n<li><strong><a href=\"https:\/\/www.softcatala.org\/noticies\/creative-commons-continguts-digitals-lliures\/\" data-type=\"link\" data-id=\"https:\/\/www.softcatala.org\/noticies\/creative-commons-continguts-digitals-lliures\/\">Creative Commons: continguts digitals i lliures<\/a><\/strong><br>Un article de Jordi Mas a Softcatal\u00e0<\/li>\n<\/ul>\n","protected":false},"excerpt":{"rendered":"<p>Llic\u00e8ncies Creative Commons L&#8217;organitzaci\u00f3 Creative Commons promou la difusi\u00f3 de tota mena de creacions (escrits, m\u00fasica, audiovisuals, interactius, materials educatius\u2026) sota un conjunt de models de llic\u00e8ncies que en permetin l&#8217;\u00fas, la reproducci\u00f3 i la transmissi\u00f3 tot garantint uns determinats drets als autors (reconeixement d&#8217;autoria, integritat de l&#8217;obra\u2026). En contraposici\u00f3 a l&#8217;expressi\u00f3 &#8220;Tots els drets [&hellip;]<\/p>\n","protected":false},"author":1,"featured_media":0,"parent":8204,"menu_order":0,"comment_status":"closed","ping_status":"close","template":"","meta":{"site-sidebar-layout":"default","site-content-layout":"","ast-site-content-layout":"","site-content-style":"default","site-sidebar-style":"default","ast-global-header-display":"","ast-banner-title-visibility":"","ast-main-header-display":"","ast-hfb-above-header-display":"","ast-hfb-below-header-display":"","ast-hfb-mobile-header-display":"","site-post-title":"disabled","ast-breadcrumbs-content":"","ast-featured-img":"","footer-sml-layout":"","theme-transparent-header-meta":"","adv-header-id-meta":"","stick-header-meta":"","header-above-stick-meta":"","header-main-stick-meta":"","header-below-stick-meta":"","astra-migrate-meta-layouts":"default","ast-page-background-enabled":"default","ast-page-background-meta":{"desktop":{"background-color":"","background-image":"","background-repeat":"repeat","background-position":"center center","background-size":"auto","background-attachment":"scroll","background-type":"","background-media":"","overlay-type":"","overlay-color":"","overlay-opacity":"","overlay-gradient":""},"tablet":{"background-color":"","background-image":"","background-repeat":"repeat","background-position":"center center","background-size":"auto","background-attachment":"scroll","background-type":"","background-media":"","overlay-type":"","overlay-color":"","overlay-opacity":"","overlay-gradient":""},"mobile":{"background-color":"","background-image":"","background-repeat":"repeat","background-position":"center center","background-size":"auto","background-attachment":"scroll","background-type":"","background-media":"","overlay-type":"","overlay-color":"","overlay-opacity":"","overlay-gradient":""}},"ast-content-background-meta":{"desktop":{"background-color":"var(--ast-global-color-5)","background-image":"","background-repeat":"repeat","background-position":"center center","background-size":"auto","background-attachment":"scroll","background-type":"","background-media":"","overlay-type":"","overlay-color":"","overlay-opacity":"","overlay-gradient":""},"tablet":{"background-color":"var(--ast-global-color-5)","background-image":"","background-repeat":"repeat","background-position":"center center","background-size":"auto","background-attachment":"scroll","background-type":"","background-media":"","overlay-type":"","overlay-color":"","overlay-opacity":"","overlay-gradient":""},"mobile":{"background-color":"var(--ast-global-color-5)","background-image":"","background-repeat":"repeat","background-position":"center center","background-size":"auto","background-attachment":"scroll","background-type":"","background-media":"","overlay-type":"","overlay-color":"","overlay-opacity":"","overlay-gradient":""}},"footnotes":""},"class_list":["post-9025","page","type-page","status-publish","hentry"],"post_mailing_queue_ids":[],"_links":{"self":[{"href":"https:\/\/projectes.xtec.cat\/clic\/wp-json\/wp\/v2\/pages\/9025","targetHints":{"allow":["GET"]}}],"collection":[{"href":"https:\/\/projectes.xtec.cat\/clic\/wp-json\/wp\/v2\/pages"}],"about":[{"href":"https:\/\/projectes.xtec.cat\/clic\/wp-json\/wp\/v2\/types\/page"}],"author":[{"embeddable":true,"href":"https:\/\/projectes.xtec.cat\/clic\/wp-json\/wp\/v2\/users\/1"}],"replies":[{"embeddable":true,"href":"https:\/\/projectes.xtec.cat\/clic\/wp-json\/wp\/v2\/comments?post=9025"}],"version-history":[{"count":6,"href":"https:\/\/projectes.xtec.cat\/clic\/wp-json\/wp\/v2\/pages\/9025\/revisions"}],"predecessor-version":[{"id":9055,"href":"https:\/\/projectes.xtec.cat\/clic\/wp-json\/wp\/v2\/pages\/9025\/revisions\/9055"}],"up":[{"embeddable":true,"href":"https:\/\/projectes.xtec.cat\/clic\/wp-json\/wp\/v2\/pages\/8204"}],"wp:attachment":[{"href":"https:\/\/projectes.xtec.cat\/clic\/wp-json\/wp\/v2\/media?parent=9025"}],"curies":[{"name":"wp","href":"https:\/\/api.w.org\/{rel}","templated":true}]}}