{"id":9619,"date":"2024-11-04T13:33:43","date_gmt":"2024-11-04T12:33:43","guid":{"rendered":"https:\/\/projectes.xtec.cat\/clic\/?page_id=9619"},"modified":"2024-11-09T19:48:16","modified_gmt":"2024-11-09T18:48:16","slug":"publicacio-de-projectes","status":"publish","type":"page","link":"https:\/\/projectes.xtec.cat\/clic\/ca\/users\/publicacio-de-projectes\/","title":{"rendered":"Publicaci\u00f3 de projectes JClic a Internet"},"content":{"rendered":"\n<h1 class=\"wp-block-heading alignwide\" id=\"ga1380b0d9689\">Publicaci\u00f3 de projectes JClic a Internet<\/h1>\n\n\n\n<p><em>He creat o adaptat unes activitats JClic i ara vull que els meus alumnes puguin fer-les als seus dispositius. Com ho faig?<\/em><\/p>\n\n\n\n<p>En aquesta p\u00e0gina intentarem explicar quines opcions teniu, aix\u00ed com els avantatges i inconvenients de cadascuna d&#8217;elles. Comen\u00e7arem per les m\u00e9s recomanables, deixant per al final les que s&#8217;haurien d&#8217;utilitzar nom\u00e9s com a \u00faltim recurs.<\/p>\n\n\n\n<div class=\"wp-block-getwid-table-of-contents alignwide is-style-default\"><ul class=\"wp-block-getwid-table-of-contents__list\"><li><a href=\"#g96b90c5d949e\">Preparaci\u00f3 del projecte JClic per publicar-lo a Internet<\/a><\/li><li><a href=\"#g8439d7965be1\">Si el vostre centre educatiu utilitza Moodle<\/a><\/li><li><a href=\"#gd2ac6ad59064\">Si el vostre centre educatiu utilitza una plataforma compatible amb SCORM<\/a><\/li><li><a href=\"#ga00a7eddf2b5\">Si sou docent del Servei d&#8217;Educaci\u00f3 de Catalunya<\/a><\/li><li><a href=\"#gbf8187c81cb8\">Si el vostre centre o administraci\u00f3 educativa us ofereix un servei de publicaci\u00f3 de recursos a Internet<\/a><\/li><li><a href=\"#g6f98725fef04\">Si no us encaixa cap d&#8217;aquestes alternatives i busqueu un espai d&#8217;allotjament de recursos web gratu\u00eft<\/a><\/li><\/ul><\/div>\n\n\n\n<h2 class=\"wp-block-heading alignwide\" id=\"g96b90c5d949e\">Preparaci\u00f3 del projecte JClic per publicar-lo a Internet<\/h2>\n\n\n\n<p>El primer que heu de fer \u00e9s <strong>exportar el vostre paquet d&#8217;activitats al format HTML5\/SCORM<\/strong> des del vostre ordinador amb el <a href=\"https:\/\/projectes.xtec.cat\/clic\/ca\/download\/\">JClic Author<\/a>. Aix\u00f2 crear\u00e0 dos objectes:<\/p>\n\n\n\n<ul class=\"wp-block-list\" style=\"margin-top:var(--wp--preset--spacing--20);margin-right:var(--wp--preset--spacing--40);margin-bottom:var(--wp--preset--spacing--20);margin-left:var(--wp--preset--spacing--40)\">\n<li style=\"padding-top:var(--wp--preset--spacing--30);padding-right:0;padding-bottom:var(--wp--preset--spacing--30);padding-left:0\"><strong>Un fitxer de tipus <a href=\"https:\/\/ca.wikipedia.org\/wiki\/SCORM\">SCORM<\/a> al directori &#8220;JClic\/scorm&#8221;<\/strong><br>En la majoria dels casos, aquest fitxer \u00e9s el que haureu de pujar a la plataforma on vulgueu publicar les activitats. \u00c9s un fitxer amb el mateix nom del projecte, per\u00f2 acabat en <kbd><mark style=\"background-color:var(--ast-global-color-4)\" class=\"has-inline-color\">.scorm.zip<\/mark><\/kbd>.<\/li>\n\n\n\n<li style=\"padding-top:var(--wp--preset--spacing--30);padding-bottom:var(--wp--preset--spacing--30)\"><strong>Una carpeta amb el nom del projecte dins del directori &#8220;JClic\/export&#8221;<\/strong><br>Alguna de les opcions que s&#8217;expliquen tot seguit requereix pujar al servidor tots els fitxers que hi ha en aquesta carpeta. El fitxer principal s&#8217;anomena sempre <kbd><mark style=\"background-color:var(--ast-global-color-4)\" class=\"has-inline-color\">index.html<\/mark><\/kbd>.<\/li>\n<\/ul>\n\n\n\n<p>Un cop tingueu a punt el fitxer &#8220;scorm.zip&#8221; i la carpeta, valoreu quina \u00e9s l&#8217;opci\u00f3 que us pot anar millor per publicar les activitats a Internet i utilitzar-les amb els vostres alumnes:<\/p>\n\n\n\n<h2 class=\"wp-block-heading alignwide\" id=\"g8439d7965be1\">Si el vostre centre educatiu utilitza Moodle<\/h2>\n\n\n\n<p>En aquest cas podeu <strong>pujar o enlla\u00e7ar les activitats a la vostra aula virtual de Moodle<\/strong> i configurar-les per tal que li apareguin a l&#8217;alumnat quan us interessi.<\/p>\n\n\n\n<p>Els principals avantatges d&#8217;utilitzar Moodle s\u00f3n:<\/p>\n\n\n\n<ul class=\"wp-block-list\" style=\"margin-top:var(--wp--preset--spacing--20);margin-right:var(--wp--preset--spacing--40);margin-bottom:var(--wp--preset--spacing--20);margin-left:var(--wp--preset--spacing--40)\">\n<li>Les activitats es publiquen directament a Internet, per\u00f2 amb acc\u00e9s restringit a les persones autoritzades a entrar en l&#8217;aula virtual.<\/li>\n\n\n\n<li>No cal gestionar identificadors i contrasenyes per als alumnes: de tot aix\u00f2 ja se n&#8217;encarrega Moodle.<\/li>\n\n\n\n<li>Al qualificador del curs es pot veure en tot moment qui ha fet les activitats i qui no, i consultar els resultats obtinguts en fer-les.<\/li>\n\n\n\n<li>Les activitats JClic s&#8217;integren en un entorn (l&#8217;aula virtual de Moodle) on hi pot haver altres recursos molt diversos, passant aix\u00ed a formar part d&#8217;un escenari de treball m\u00e9s ampli.<\/li>\n\n\n\n<li>Podeu aprofitar les m\u00faltiples opcions de Moodle per a personalitzar el tipus d&#8217;activitats que es mostren a cada alumne\/a, establir calendaris i restriccions d&#8217;acc\u00e9s, aplicar t\u00e8cniques de gamificaci\u00f3, etc.<\/li>\n<\/ul>\n\n\n\n<p>El m\u00e9s recomanable \u00e9s que tingueu instal\u00b7lat el <a href=\"https:\/\/moodle.org\/plugins\/mod_jclic\" data-type=\"link\" data-id=\"https:\/\/moodle.org\/plugins\/mod_jclic\"><strong>m\u00f2dul &#8220;JClic&#8221; per a Moodle<\/strong><\/a>, que recull molta informaci\u00f3 sobre la realitzaci\u00f3 de les activitats per part dels alumnes: temps emprat, encerts, errors, puntuaci\u00f3 obtinguda, etc. Per saber si teniu aquest m\u00f2dul instal\u00b7lat, mireu si en afegir nous recursos a l&#8217;aula virtual us apareix un tipus d&#8217;activitat anomenat &#8220;<strong>JClic<\/strong>&#8220;.<\/p>\n\n\n\n<p>Si el vostre Moodle encara no t\u00e9 instal\u00b7lat el m\u00f2dul de JClic, sempre podeu utilitzar el tipus d&#8217;activitat &#8220;<strong><a href=\"https:\/\/docs.moodle.org\/all\/es\/SCORM\">Paquet SCORM<\/a><\/strong>&#8220;. Aquesta opci\u00f3 \u00e9s m\u00e9s limitada, ja que no permet recollir els detalls de cada activitat sin\u00f3 nom\u00e9s un indicador num\u00e8ric amb la puntuaci\u00f3 mitjana obtinguda per cada alumne\/a.<\/p>\n\n\n\n<h2 class=\"wp-block-heading alignwide\" id=\"gd2ac6ad59064\">Si el vostre centre educatiu utilitza una plataforma compatible amb SCORM<\/h2>\n\n\n\n<p>En aquest cas haur\u00edeu de poder pujar-hi directament el fitxer &#8220;scorm.zip&#8221; que heu generat a l&#8217;inici.<\/p>\n\n\n\n<p>Els principals avantatges d&#8217;utilitzar les activitats en format SCORM s\u00f3n:<\/p>\n\n\n\n<ul class=\"wp-block-list\" style=\"margin-top:var(--wp--preset--spacing--20);margin-right:var(--wp--preset--spacing--40);margin-bottom:var(--wp--preset--spacing--20);margin-left:var(--wp--preset--spacing--40)\">\n<li>Les activitats estaran protegides (nom\u00e9s hi podr\u00e0 accedir l&#8217;alumnat i altres persones autoritzades per la plataforma)<\/li>\n\n\n\n<li>Podreu veure qui ha intentat fer les activitats almenys una vegada.<\/li>\n\n\n\n<li>Podreu recollir la puntuaci\u00f3 assolida per cada alumne\/a en fer les activitats.<\/li>\n<\/ul>\n\n\n\n<p>Tingueu en compte que, ara com ara, <strong>Google Classroom i Microsoft Teams no s\u00f3n compatibles amb el format <a href=\"https:\/\/ca.wikipedia.org\/wiki\/SCORM\" data-type=\"link\" data-id=\"https:\/\/ca.wikipedia.org\/wiki\/SCORM\">SCORM<\/a><\/strong>.<\/p>\n\n\n\n<h2 class=\"wp-block-heading alignwide\" id=\"ga00a7eddf2b5\">Si sou docent del Servei d&#8217;Educaci\u00f3 de Catalunya<\/h2>\n\n\n\n<p>En aquest cas segur que teniu un identificador de la <a href=\"https:\/\/xtec.gencat.cat\/ca\/inici\">Xarxa Telem\u00e0tica Educativa de Catalunya<\/a> (XTEC). Aix\u00f2 us permet disposar d&#8217;una <a href=\"https:\/\/projectes.xtec.cat\/clic\/ca\/users\/\" data-type=\"page\" data-id=\"8209\"><strong>biblioteca personal de projectes<\/strong><\/a> on publicar les vostres activitats JClic.<\/p>\n\n\n\n<p>Un cop publicades, la plataforma ofereix diferents maneres de fer les activitats accessibles a l&#8217;alumnat: compartint l&#8217;URL, incrustant-les en un blog o al Nodes del centre, enlla\u00e7ant-les des de Classroom o Teams, difonent-les a les xarxes socials, etc.<\/p>\n\n\n\n<p>Tingueu en compte que tots els projectes publicats a la biblioteca personal <strong>s\u00f3n d&#8217;acc\u00e9s p\u00fablic<\/strong>: qualsevol que en conegui l&#8217;adre\u00e7a les podr\u00e0 veure, i fins i tot descarregar-se-les. No hi poseu mai fotografies o dades personals sense autoritzaci\u00f3!<\/p>\n\n\n\n<p>La biblioteca personal de projectes <strong>no recull els resultats de les activitats fetes pels alumnes<\/strong>. Per fer aix\u00f2 necessitareu un entorn virtual d&#8217;aprenentage com ara Moodle.<\/p>\n\n\n\n<h2 class=\"wp-block-heading alignwide\" id=\"gbf8187c81cb8\">Si el vostre centre o administraci\u00f3 educativa us ofereix un servei de publicaci\u00f3 de recursos a Internet<\/h2>\n\n\n\n<p>Algunes institucions educatives, com ara <a href=\"https:\/\/www.educa2.madrid.org\/educamadrid\/\" data-type=\"link\" data-id=\"https:\/\/www.educa2.madrid.org\/educamadrid\/\">EducaMadrid<\/a>, ofereixen als seus docents la possibilitat de tenir un espai web personal on publicar recursos educatius. Si la vostra instituci\u00f3 us ofereix aquesta possibilitat, nom\u00e9s caldr\u00e0 que hi pugeu la <strong>carpeta<\/strong> que es genera en exportar el projecte JClic, seguint les instruccions espec\u00edfiques de cada plataforma.<\/p>\n\n\n\n<p>Aix\u00f2 nom\u00e9s es pot fer si el sistema de publicaci\u00f3 mostra directament els fitxers a Internet. Solucions d&#8217;emmagatzematge com ara <em>Google Drive<\/em>, <em>Dropbox<\/em>, <em>OneDrive<\/em>, etc. no us serviran perqu\u00e8 no permeten accedir directament als documents, sin\u00f3 que els mostren incrustats en una p\u00e0gina web de la plataforma. Hi ha aplicacions intermedi\u00e0ries que prometen fer-ho, com ara &#8220;<em>Drive to web<\/em>&#8220;, per\u00f2 no s\u00f3n gens recomanables perqu\u00e8 normalment funcionen en servidors ubicats a pa\u00efsos sense garanties legals de protecci\u00f3 de dades: us podrien robar les credencials d&#8217;acc\u00e9s al compte de Drive (i, de pas, les del vostre correu electr\u00f2nic i resta de serveis associats), o deixar de funcionar en qualsevol moment.<\/p>\n\n\n\n<h2 class=\"wp-block-heading alignwide\" id=\"g6f98725fef04\">Si no us encaixa cap d&#8217;aquestes alternatives i busqueu un espai d&#8217;allotjament de recursos web gratu\u00eft<\/h2>\n\n\n\n<p>Hi ha algunes opcions per publicar recursos a Internet gratu\u00eftament, per\u00f2 heu de tenir en compte dues coses:<\/p>\n\n\n\n<p>1 &#8211; Aquests serveis depenen d&#8217;empreses privades o institucions que en qualsevol moment poden deixar de ser gratu\u00eftes, mostrar publicitat, recollir dades personals o simplement desapar\u00e8ixer d&#8217;un dia per l&#8217;altre.<\/p>\n\n\n\n<p>2 &#8211; Els materials que hi publiqueu seran d&#8217;acc\u00e9s obert a tothom que en conegui l&#8217;adre\u00e7a. No hi poseu mai activitats amb fotografies o dades personals!<\/p>\n\n\n\n<p>Aquests s\u00f3n alguns dels serveis que actualment ofereixen espai gratu\u00eft d&#8217;allotjament de recursos web:<\/p>\n\n\n\n<div class=\"wp-block-columns alignwide are-vertically-aligned-top is-layout-flex wp-container-core-columns-is-layout-1 wp-block-columns-is-layout-flex\" style=\"margin-top:var(--wp--preset--spacing--20);margin-bottom:var(--wp--preset--spacing--20);padding-top:0;padding-right:0;padding-bottom:0;padding-left:0\">\n<div class=\"wp-block-column is-vertically-aligned-top roundedBox is-layout-flow wp-container-core-column-is-layout-1 wp-block-column-is-layout-flow\" style=\"padding-top:var(--wp--preset--spacing--40);padding-right:var(--wp--preset--spacing--40);padding-bottom:var(--wp--preset--spacing--40);padding-left:var(--wp--preset--spacing--40)\">\n<div class=\"wp-block-group is-nowrap is-layout-flex wp-container-core-group-is-layout-1 wp-block-group-is-layout-flex\" style=\"padding-top:var(--wp--preset--spacing--30);padding-bottom:var(--wp--preset--spacing--30)\">\n<figure class=\"wp-block-image alignleft size-full is-resized\"><img decoding=\"async\" src=\"https:\/\/projectes.xtec.cat\/clic\/wp-content\/uploads\/usu2636\/netlify.svg\" alt=\"Logo Netlify\" class=\"wp-image-9608\" style=\"width:46px\"\/><\/figure>\n\n\n\n<h3 class=\"wp-block-heading\" id=\"gf3aabbaee819\">Netlify<\/h3>\n<\/div>\n\n\n\n<p>Netlify \u00e9s un servei d&#8217;allotjament de continguts web molt potent, amb molt\u00edssimes opcions que permeten desenvolupar projectes de tota mena. Ofereix una <a href=\"https:\/\/www.netlify.com\/pricing\/\">modalitat d&#8217;\u00fas gratu\u00eft<\/a> per a projectes personals que segurament ser\u00e0 suficient per publicar les vostres activitats JClic.<\/p>\n\n\n\n<p>El proc\u00e9s per publicar un projecte JClic a Netlify \u00e9s molt senzill:<\/p>\n\n\n\n<p>1 &#8211;&nbsp;<a href=\"https:\/\/app.netlify.com\/signup\">Registreu-vos<\/a>&nbsp;al servei facilitant un correu electr\u00f2nic i una contrasenya.<\/p>\n\n\n\n<p>2 &#8211; Accediu a Netlify amb l&#8217;usuari creat i activeu la pestanya&nbsp;<strong>Sites<\/strong>. A la part inferior de la p\u00e0gina es mostra un requadre amb el text&nbsp;<em>&#8220;Want to deploy a new site without connecting to Git? Drag and drop your site output folder here or browse to upload&#8221;<\/em>. Aqu\u00ed \u00e9s on cal arrossegar l&#8217;arxiu de tipus &#8220;scorm.zip&#8221; del que parl\u00e0vem a l&#8217;inici.<\/p>\n\n\n\n<p>Amb aquesta operaci\u00f3 el vostre projecte quedar\u00e0 autom\u00e0ticament publicat a Internet, accessible mitjan\u00e7ant un URL del tipus&nbsp;<code>https:\/\/<em>nom_assignat<\/em>.netlify.app<\/code>&nbsp;que podreu compartir amb qualsevol altre usuari d&#8217;Internet. (&#8220;<em>nom_assignat<\/em>&#8221; \u00e9s una expressi\u00f3 aleat\u00f2ria que us mostrar\u00e0 Netlify un cop publicat el projecte)<\/p>\n<\/div>\n\n\n\n<div class=\"wp-block-column is-vertically-aligned-top roundedBox is-layout-flow wp-container-core-column-is-layout-2 wp-block-column-is-layout-flow\" style=\"padding-top:var(--wp--preset--spacing--40);padding-right:var(--wp--preset--spacing--40);padding-bottom:var(--wp--preset--spacing--40);padding-left:var(--wp--preset--spacing--40)\">\n<div class=\"wp-block-group is-nowrap is-layout-flex wp-container-core-group-is-layout-2 wp-block-group-is-layout-flex\" style=\"padding-top:var(--wp--preset--spacing--30);padding-bottom:var(--wp--preset--spacing--30)\">\n<figure class=\"wp-block-image alignleft size-full is-resized\"><img decoding=\"async\" src=\"https:\/\/projectes.xtec.cat\/clic\/wp-content\/uploads\/usu2636\/cloudflare.svg\" alt=\"Logo Cloudflare\" class=\"wp-image-9609\" style=\"width:46px\"\/><\/figure>\n\n\n\n<h3 class=\"wp-block-heading\" id=\"g09e7274bcc56\">Cloudflare<\/h3>\n<\/div>\n\n\n\n<p><a href=\"https:\/\/www.cloudflare.com\/\">Cloudflare<\/a> \u00e9s una gran plataforma de distribuci\u00f3 de continguts que tamb\u00e9 ofereix un <a href=\"https:\/\/www.cloudflare.com\/plans\/developer-platform\/\" data-type=\"link\" data-id=\"https:\/\/www.cloudflare.com\/plans\/developer-platform\/\">pla gratu\u00eft d&#8217;allotjament de p\u00e0gines<\/a> (vegeu la pestanya <em>Cloudflare pages<\/em>)<\/p>\n\n\n\n<p>Els passos a seguir per publicar un projecte JClic a Cloudflare s\u00f3n:<\/p>\n\n\n\n<p>1 &#8211; <a href=\"https:\/\/dash.cloudflare.com\/sign-up\/pages\">Registreu-vos<\/a> al servei facilitant un correu electr\u00f2nic i una contrasenya.<\/p>\n\n\n\n<p>2 &#8211; Accediu al <a href=\"https:\/\/dash.cloudflare.com\/\">tauler de control del servei<\/a> i aneu a la secci\u00f3 <strong><em>Workers and pages<\/em><\/strong>.<\/p>\n\n\n\n<p>3 &#8211; Seleccioneu la pestanya <strong>Pages<\/strong> i feu clic al bot\u00f3 <strong>Upload assets<\/strong> que hi ha a l&#8217;apartat <strong>Create using direct upload<\/strong>.<\/p>\n\n\n\n<p>4 &#8211; Us demanar\u00e0 escollir un nom curt per al vostre projecte. Aix\u00f2 donar\u00e0 lloc a un URL del tipus: &#8220;https:\/\/<em>nomescollit<\/em>.pages.dev&#8221;<\/p>\n\n\n\n<p>5 &#8211; Finalment, us demanar\u00e0 que pugeu un <strong>fitxer ZIP<\/strong> o b\u00e9 que arrossegueu una carpeta a la zona de pujades. Pugeu-hi el fitxer &#8220;scorm.zip&#8221; que heu creat a l&#8217;inici.<br>El proc\u00e9s pot trigar una estona. Quan acabi, feu clic al bot\u00f3 <strong>Deploy site<\/strong> i ja podreu fer \u00fas del vostre lloc web personal.<br><br>NOTA: pot ser que el servidor amb el nom sol\u00b7licitat trigui uns minuts a crear-se. Tingueu paci\u00e8ncia!<\/p>\n<\/div>\n\n\n\n<div class=\"wp-block-column roundedBox is-layout-flow wp-container-core-column-is-layout-3 wp-block-column-is-layout-flow\" style=\"padding-top:var(--wp--preset--spacing--40);padding-right:var(--wp--preset--spacing--40);padding-bottom:var(--wp--preset--spacing--40);padding-left:var(--wp--preset--spacing--40)\">\n<div class=\"wp-block-group is-nowrap is-layout-flex wp-container-core-group-is-layout-3 wp-block-group-is-layout-flex\" style=\"padding-top:var(--wp--preset--spacing--30);padding-bottom:var(--wp--preset--spacing--30)\">\n<figure class=\"wp-block-image alignleft size-full is-resized\"><img decoding=\"async\" src=\"https:\/\/projectes.xtec.cat\/clic\/wp-content\/uploads\/usu2636\/github-mark.svg\" alt=\"Logo de GitHub\" class=\"wp-image-9629\" style=\"width:46px\"\/><\/figure>\n\n\n\n<h3 class=\"wp-block-heading\" id=\"g09e7274bcc56\">GitHub<\/h3>\n<\/div>\n\n\n\n<p><a href=\"https:\/\/github.com\">GitHub<\/a> \u00e9s el magatzem de projectes de programari lliure m\u00e9s gran del m\u00f3n, amb milions de repositoris de codi. Entre les funcionalitats que ofereix hi ha <em><a href=\"https:\/\/pages.github.com\/\">Github Pages<\/a><\/em>, que permet crear p\u00e0gines web per a projectes o organitzacions.<\/p>\n\n\n\n<p>Aquesta opci\u00f3 \u00e9s la m\u00e9s complexa i potent de les tres. Per utilitzar-la correctament conv\u00e9 estar familiaritzat amb el funcionament del <a href=\"https:\/\/git-scm.com\/\">sistema GIT de control de versions<\/a> i amb conceptes b\u00e0sics de programaci\u00f3 i gesti\u00f3 del codi font d&#8217;aplicacions inform\u00e0tiques. Si no \u00e9s el vostre cas, ser\u00e0 millor que utilitzeu una de les altres dues opcions.<\/p>\n\n\n\n<p>Els passos per publicar un projecte JClic a <em>GitHub Pages<\/em> serien:<\/p>\n\n\n\n<p>1 &#8211; <a href=\"https:\/\/github.com\/login\">Registreu-vos<\/a> a la plataforma.<\/p>\n\n\n\n<p>2 &#8211; A la secci\u00f3 <strong>Repositories<\/strong>, feu clic al bot\u00f3 <strong>New<\/strong> per crear-ne un de nou. Poseu-li un nom curt, sense espais ni car\u00e0cters especials. Deixeu les opcions per defecte i feu clic al bot\u00f3 <strong>Create repository<\/strong>.<\/p>\n\n\n\n<p>3 &#8211; A la p\u00e0gina del repositori que acabeu de crear, dins de la secci\u00f3 <strong>Quick setup<\/strong>, feu clic a l&#8217;enlla\u00e7 &#8220;<em><strong>uploading an existing file<\/strong><\/em>&#8220;<\/p>\n\n\n\n<p>4 &#8211; Passareu a una p\u00e0gina amb una zona on es poden arrossegar fitxers. Aqu\u00ed \u00e9s on heu de portar <strong>tots els fitxers de la carpeta<\/strong> on heu exportat el vostre projecte JClic (atenci\u00f3: parlem de la <strong>carpeta d&#8217;exportaci\u00f3<\/strong>, no del fitxer &#8220;scorm.zip&#8221;, que en aquest cas no ens serveix!). Es poden pujar fins a 100 fitxers cada vegada. Si el vostre projecte en t\u00e9 m\u00e9s, haureu d&#8217;afegir-los m\u00e9s endavant.<br>Quan h\u00e0giu acabat, feu clic a <strong>Commit changes<\/strong>.<\/p>\n\n\n\n<p>5 &#8211; Feu clic a la pestanya <strong>Settings<\/strong> del repositori i aneu a la secci\u00f3 <strong>Pages<\/strong>.<\/p>\n\n\n\n<p>6 &#8211; A l&#8217;apartat <strong>Build and deployment<\/strong>, secci\u00f3 <strong>Branch<\/strong>, desplegueu la llista on ara diu <strong>None<\/strong> i seleccioneu <strong>main<\/strong>. Quan la tingueu seleccionada, feu clic al bot\u00f3 <strong>Save<\/strong>.<\/p>\n\n\n\n<p>7 &#8211; Amb aix\u00f2 ja tindreu el vostre projecte publicat. El trobareu a l&#8217;URL:<br><strong>https:\/\/<em>nomusuari<\/em>.github.io\/<em>nomprojecte<\/em><\/strong><br>(canviant <em>nomusuari<\/em> i <em>nomprojecte<\/em> pel vostre identificador de GitHub i el nom que heu donat al repositori en crear-lo)<\/p>\n\n\n\n<p>A partir d&#8217;aqu\u00ed, us aconsellem familiaritzar-vos amb el <a href=\"https:\/\/git-scm.com\/doc\">sistema GIT<\/a> per personalitzar la vostra p\u00e0gina d&#8217;inici, incloure diferents projectes en una mateixa web, actualitzar o fer canvis al contingut publicat, etc.<\/p>\n<\/div>\n<\/div>\n\n\n\n<p><strong>IMPORTANT:<\/strong> Aquests serveis els ofereixen empreses que no tenen cap relaci\u00f3 amb el projecte JClic. La XTEC no es fa responsable del seu \u00fas. Tampoc no en pot garantir el funcionament i no us en pot oferir cap classe de suport. Consulteu les condicions d&#8217;\u00fas i el compliment de la normativa de protecci\u00f3 de dades de cada plataforma abans d&#8217;utilitzar-la!<\/p>\n\n\n\n<div style=\"height:100px\" aria-hidden=\"true\" class=\"wp-block-spacer\"><\/div>\n","protected":false},"excerpt":{"rendered":"<p>Publicaci\u00f3 de projectes JClic a Internet He creat o adaptat unes activitats JClic i ara vull que els meus alumnes puguin fer-les als seus dispositius. Com ho faig? En aquesta p\u00e0gina intentarem explicar quines opcions teniu, aix\u00ed com els avantatges i inconvenients de cadascuna d&#8217;elles. Comen\u00e7arem per les m\u00e9s recomanables, deixant per al final les [&hellip;]<\/p>\n","protected":false},"author":1,"featured_media":9617,"parent":8209,"menu_order":0,"comment_status":"closed","ping_status":"close","template":"","meta":{"site-sidebar-layout":"default","site-content-layout":"","ast-site-content-layout":"default","site-content-style":"default","site-sidebar-style":"default","ast-global-header-display":"","ast-banner-title-visibility":"","ast-main-header-display":"","ast-hfb-above-header-display":"","ast-hfb-below-header-display":"","ast-hfb-mobile-header-display":"","site-post-title":"disabled","ast-breadcrumbs-content":"","ast-featured-img":"disabled","footer-sml-layout":"","theme-transparent-header-meta":"","adv-header-id-meta":"","stick-header-meta":"","header-above-stick-meta":"","header-main-stick-meta":"","header-below-stick-meta":"","astra-migrate-meta-layouts":"set","ast-page-background-enabled":"default","ast-page-background-meta":{"desktop":{"background-color":"","background-image":"","background-repeat":"repeat","background-position":"center center","background-size":"auto","background-attachment":"scroll","background-type":"","background-media":"","overlay-type":"","overlay-color":"","overlay-opacity":"","overlay-gradient":""},"tablet":{"background-color":"","background-image":"","background-repeat":"repeat","background-position":"center center","background-size":"auto","background-attachment":"scroll","background-type":"","background-media":"","overlay-type":"","overlay-color":"","overlay-opacity":"","overlay-gradient":""},"mobile":{"background-color":"","background-image":"","background-repeat":"repeat","background-position":"center center","background-size":"auto","background-attachment":"scroll","background-type":"","background-media":"","overlay-type":"","overlay-color":"","overlay-opacity":"","overlay-gradient":""}},"ast-content-background-meta":{"desktop":{"background-color":"var(--ast-global-color-5)","background-image":"","background-repeat":"repeat","background-position":"center center","background-size":"auto","background-attachment":"scroll","background-type":"","background-media":"","overlay-type":"","overlay-color":"","overlay-opacity":"","overlay-gradient":""},"tablet":{"background-color":"var(--ast-global-color-5)","background-image":"","background-repeat":"repeat","background-position":"center center","background-size":"auto","background-attachment":"scroll","background-type":"","background-media":"","overlay-type":"","overlay-color":"","overlay-opacity":"","overlay-gradient":""},"mobile":{"background-color":"var(--ast-global-color-5)","background-image":"","background-repeat":"repeat","background-position":"center center","background-size":"auto","background-attachment":"scroll","background-type":"","background-media":"","overlay-type":"","overlay-color":"","overlay-opacity":"","overlay-gradient":""}},"footnotes":""},"class_list":["post-9619","page","type-page","status-publish","has-post-thumbnail","hentry"],"post_mailing_queue_ids":[],"_links":{"self":[{"href":"https:\/\/projectes.xtec.cat\/clic\/wp-json\/wp\/v2\/pages\/9619","targetHints":{"allow":["GET"]}}],"collection":[{"href":"https:\/\/projectes.xtec.cat\/clic\/wp-json\/wp\/v2\/pages"}],"about":[{"href":"https:\/\/projectes.xtec.cat\/clic\/wp-json\/wp\/v2\/types\/page"}],"author":[{"embeddable":true,"href":"https:\/\/projectes.xtec.cat\/clic\/wp-json\/wp\/v2\/users\/1"}],"replies":[{"embeddable":true,"href":"https:\/\/projectes.xtec.cat\/clic\/wp-json\/wp\/v2\/comments?post=9619"}],"version-history":[{"count":6,"href":"https:\/\/projectes.xtec.cat\/clic\/wp-json\/wp\/v2\/pages\/9619\/revisions"}],"predecessor-version":[{"id":9639,"href":"https:\/\/projectes.xtec.cat\/clic\/wp-json\/wp\/v2\/pages\/9619\/revisions\/9639"}],"up":[{"embeddable":true,"href":"https:\/\/projectes.xtec.cat\/clic\/wp-json\/wp\/v2\/pages\/8209"}],"wp:featuredmedia":[{"embeddable":true,"href":"https:\/\/projectes.xtec.cat\/clic\/wp-json\/wp\/v2\/media\/9617"}],"wp:attachment":[{"href":"https:\/\/projectes.xtec.cat\/clic\/wp-json\/wp\/v2\/media?parent=9619"}],"curies":[{"name":"wp","href":"https:\/\/api.w.org\/{rel}","templated":true}]}}