{"id":9647,"date":"2024-11-09T19:52:37","date_gmt":"2024-11-09T18:52:37","guid":{"rendered":"https:\/\/projectes.xtec.cat\/clic\/?page_id=9647"},"modified":"2024-11-09T20:31:49","modified_gmt":"2024-11-09T19:31:49","slug":"publicacion-de-proyectos-jclic","status":"publish","type":"page","link":"https:\/\/projectes.xtec.cat\/clic\/es\/users\/publicacion-de-proyectos-jclic\/","title":{"rendered":"Publicaci\u00f3n de proyectos JClic en Internet"},"content":{"rendered":"\n<h1 class=\"wp-block-heading alignwide\" id=\"ga1380b0d9689\">Publicaci\u00f3n de proyectos JClic en Internet<\/h1>\n\n\n\n<p><em>He creado o adaptado unas actividades JClic y ahora quiero que mis alumnos puedan realizarlas en sus dispositivos. \u00bfC\u00f3mo lo hago?<\/em><\/p>\n\n\n\n<p>En esta p\u00e1gina intentaremos explicar qu\u00e9 opciones tiene, as\u00ed como las ventajas e inconvenientes de cada una de ellas. Empezaremos por las m\u00e1s recomendables, dejando para el final las que deber\u00edan utilizarse s\u00f3lo como \u00faltimo recurso.<\/p>\n\n\n\n<div class=\"wp-block-getwid-table-of-contents alignwide is-style-default\"><ul class=\"wp-block-getwid-table-of-contents__list\"><li><a href=\"#g96b90c5d949e\">Preparaci\u00f3n del proyecto JClic para publicarlo en Internet<\/a><\/li><li><a href=\"#g8439d7965be1\">Si tu centro educativo utiliza Moodle<\/a><\/li><li><a href=\"#gd2ac6ad59064\">Si tu centro educativo utiliza una plataforma compatible con SCORM<\/a><\/li><li><a href=\"#ga00a7eddf2b5\">Si eres docente del Servei d&#8217;Educaci\u00f3 de Catalunya<\/a><\/li><li><a href=\"#gbf8187c81cb8\">Si tu centro o administraci\u00f3n educativa te ofrece un servicio de publicaci\u00f3n de recursos en Internet<\/a><\/li><li><a href=\"#g6f98725fef04\">Si no te encaja ninguna de estas alternativas y buscas un espacio de alojamiento de recursos web gratuito<\/a><\/li><\/ul><\/div>\n\n\n\n<h2 class=\"wp-block-heading alignwide\" id=\"g96b90c5d949e\">Preparaci\u00f3n del proyecto JClic para publicarlo en Internet<\/h2>\n\n\n\n<p>Lo primero que debes hacer es&nbsp;<strong>exportar tu paquete de actividades al formato HTML5\/SCORM<\/strong>&nbsp;desde tu ordenador con&nbsp;<a href=\"https:\/\/projectes-xtec-cat.translate.goog\/clic\/ca\/download\/?_x_tr_sl=ca&amp;_x_tr_tl=es&amp;_x_tr_hl=ca&amp;_x_tr_pto=wapp\">JClic Author<\/a>&nbsp;. Eso crear\u00e1 dos objetos:<\/p>\n\n\n\n<ul class=\"wp-block-list\" style=\"margin-top:var(--wp--preset--spacing--20);margin-right:var(--wp--preset--spacing--40);margin-bottom:var(--wp--preset--spacing--20);margin-left:var(--wp--preset--spacing--40)\">\n<li><strong>Un archivo de tipo&nbsp;<a href=\"https:\/\/es.wikipedia.org\/wiki\/SCORM\">SCORM<\/a>&nbsp;en el directorio \u201cJClic\/scorm\u201d<\/strong><br>En la mayor\u00eda de los casos, este archivo ser\u00e1 el que tendr\u00e1s que subir a la plataforma donde vas a publicar las actividades. El archivo lleva el nombre del proyecto y termina en <code>.scorm.zip<\/code><\/li>\n\n\n\n<li><strong>Una carpeta con el nombre del proyecto dentro del directorio \u201cJClic\/export\u201d<\/strong><br>Alguna de las opciones que se explican a continuaci\u00f3n requiere subir al servidor todos los archivos que hay en esa carpeta. El archivo principal se llama siempre <code>index.html<\/code>.<\/li>\n<\/ul>\n\n\n\n<p>Cuando tengas listo el archivo \u201cscorm.zip\u201d y la carpeta, valora cu\u00e1l es la opci\u00f3n que puede ir mejor para publicar las actividades en Internet y utilizarlas con tus alumnos:<\/p>\n\n\n\n<h2 class=\"wp-block-heading alignwide\" id=\"g8439d7965be1\">Si tu centro educativo utiliza Moodle<\/h2>\n\n\n\n<p>En este caso puedes&nbsp;<strong>subir o enlazar las actividades a tu aula virtual de Moodle<\/strong>&nbsp;y configurarlas para que le aparezcan a tus alumnos cuando a ti te interese.<\/p>\n\n\n\n<p>Las principales ventajas de utilizar Moodle son:<\/p>\n\n\n\n<ul class=\"wp-block-list\" style=\"margin-top:var(--wp--preset--spacing--20);margin-right:var(--wp--preset--spacing--40);margin-bottom:var(--wp--preset--spacing--20);margin-left:var(--wp--preset--spacing--40)\">\n<li>Las actividades se publican directamente en Internet pero con acceso restringido a las personas autorizadas a entrar en el aula virtual.<\/li>\n\n\n\n<li>No es necesario gestionar identificadores y contrase\u00f1as para los alumnos: de todo esto se encarga Moodle.<\/li>\n\n\n\n<li>En el calificador del curso podr\u00e1s ver en todo momento qui\u00e9n ha realizado las actividades y qui\u00e9n no, y consultar los resultados obtenidos al realizarlas.<\/li>\n\n\n\n<li>Las actividades JClic se integran en un entorno (el aula virtual de Moodle) donde pueden existir otros recursos muy diversos, pasando as\u00ed a formar parte de un escenario de trabajo m\u00e1s amplio.<\/li>\n\n\n\n<li>Puedes aprovechar las m\u00faltiples opciones de Moodle para personalizar el tipo de actividades que se mostrar\u00e1n a cada alumno\/a, establecer calendarios y restricciones de acceso, aplicar t\u00e9cnicas de gamificaci\u00f3n, etc.<\/li>\n<\/ul>\n\n\n\n<p>Lo m\u00e1s recomendable es que tengas instalado el&nbsp;<a href=\"https:\/\/moodle.org\/plugins\/mod_jclic\"><strong>m\u00f3dulo de \u201cJClic\u201d para Moodle<\/strong><\/a>, que recoge mucha informaci\u00f3n sobre la realizaci\u00f3n de las actividades por parte de los alumnos: tiempo empleado, aciertos, errores, puntuaci\u00f3n obtenida, etc. Para saber si tienes este m\u00f3dulo instalado, comprueba si al a\u00f1adir nuevos recursos en el aula virtual te aparece un tipo de actividad llamado &#8220;<strong>JClic<\/strong>&#8220;.<\/p>\n\n\n\n<p>Si tu Moodle todav\u00eda no tiene instalado el m\u00f3dulo de JClic, siempre puedes utilizar el tipo de actividad &#8220;<strong>Paquete SCORM<\/strong>&#8220;. Esta opci\u00f3n es m\u00e1s limitada, puesto que no permite recoger los detalles de cada actividad sino \u00fanicamente un indicador num\u00e9rico con la puntuaci\u00f3n media obtenida por cada alumno\/a.<\/p>\n\n\n\n<h2 class=\"wp-block-heading alignwide\" id=\"gd2ac6ad59064\">Si tu centro educativo utiliza una plataforma compatible con SCORM<\/h2>\n\n\n\n<p>En este caso deber\u00edas poder subir directamente el archivo \u201cscorm.zip\u201d que has generado al inicio.<\/p>\n\n\n\n<p>Las principales ventajas de utilizar las actividades en formato SCORM son:<\/p>\n\n\n\n<ul class=\"wp-block-list\">\n<li>Las actividades estar\u00e1n protegidas (solamente podr\u00e1n acceder tus alumnos y otras personas autorizadas por la plataforma)<\/li>\n\n\n\n<li>Podr\u00e1s ver qui\u00e9n ha intentado realizar las actividades al menos una vez.<\/li>\n\n\n\n<li>Podr\u00e1s obtener la puntuaci\u00f3n alcanzada por cada alumno\/a al realizar las actividades.<\/li>\n<\/ul>\n\n\n\n<p>Ten en cuenta que, por ahora, <strong>Google Classroom Y Microsoft Teams no son compatibles con el formato <a href=\"https:\/\/es.wikipedia.org\/wiki\/SCORM\" data-type=\"link\" data-id=\"https:\/\/ca.wikipedia.org\/wiki\/SCORM\">SCORM<\/a><\/strong>.<\/p>\n\n\n\n<h2 class=\"wp-block-heading alignwide\" id=\"ga00a7eddf2b5\">Si eres docente del <em>Servei d&#8217;Educaci\u00f3 de Catalunya<\/em><\/h2>\n\n\n\n<p>En este caso seguro que tienes un identificador de la <a href=\"https:\/\/xtec.gencat.cat\/ca\/inici\">Red Telem\u00e1tica Educativa de Catalu\u00f1a<\/a> (XTEC). Esto te permite disponer de una <a href=\"https:\/\/projectes.xtec.cat\/clic\/es\/users\/\" data-type=\"link\" data-id=\"https:\/\/projectes.xtec.cat\/clic\/es\/users\/\"><strong>biblioteca personal de proyectos<\/strong><\/a> donde podr\u00e1s publicar tus actividades JClic.<\/p>\n\n\n\n<p>Una vez publicadas, la plataforma ofrece diferentes formas de realizar las actividades accesibles al alumnado: compartiendo la URL, incrust\u00e1ndolas en un blog o en la p\u00e1gina web del centro, enlaz\u00e1ndolas desde Classroom o Teams, difundi\u00e9ndolas en las redes sociales, etc.<\/p>\n\n\n\n<p>Ten en cuenta que todos los proyectos publicados en la biblioteca personal son de acceso p\u00fablico: cualquiera que conozca la direcci\u00f3n podr\u00e1 verlas, e incluso descarg\u00e1rselas. \u00a1Nunca publiques fotograf\u00edas o datos personales sin autorizaci\u00f3n!<\/p>\n\n\n\n<p>La biblioteca personal de proyectos <strong>no recoge los resultados de las actividades realizadas por los alumnos<\/strong>. Para ello necesitar\u00e1s un entorno virtual de aprendizaje, como Moodle.<\/p>\n\n\n\n<h2 class=\"wp-block-heading alignwide\" id=\"gbf8187c81cb8\">Si tu centro o administraci\u00f3n educativa te ofrece un servicio de publicaci\u00f3n de recursos en Internet<\/h2>\n\n\n\n<p>Algunas instituciones educativas, como&nbsp;<a href=\"https:\/\/www.educa2.madrid.org\/educamadrid\/\">EducaMadrid<\/a>&nbsp;, ofrecen a sus docentes la posibilidad de tener un espacio web personal donde publicar recursos educativos. Si su instituci\u00f3n te ofrece esta posibilidad, puedes subir la&nbsp;<strong>carpeta<\/strong>&nbsp;que se genera al exportar el proyecto JClic siguiendo las instrucciones espec\u00edficas de cada plataforma.<\/p>\n\n\n\n<p>Esto \u00fanicamente se puede hacer si el sistema de publicaci\u00f3n muestra directamente los archivos en Internet. Soluciones de almacenamiento como&nbsp;<em>Google Drive<\/em>,&nbsp;<em>Dropbox<\/em>,&nbsp;<em>OneDrive<\/em>, etc. no te servir\u00e1n porque no permiten acceder directamente a los documentos, sino que los muestran incrustados en una p\u00e1gina web de la plataforma. Hay aplicaciones intermediarias que prometen hacerlo, como \u201c<em>Drive to web<\/em>\u201d, pero no son nada recomendables porque normalmente funcionan en servidores ubicados en pa\u00edses sin garant\u00edas legales de protecci\u00f3n de datos: podr\u00edan robarle las credenciales de acceso a tu cuenta de Drive (y, de paso, las de tu correo electr\u00f3nico y resto de servicios asociados), o dejar de funcionar en cualquier momento.<\/p>\n\n\n\n<h2 class=\"wp-block-heading alignwide\" id=\"g6f98725fef04\">Si no te encaja ninguna de estas alternativas y buscas un espacio de alojamiento de recursos web gratuito<\/h2>\n\n\n\n<p>Hay algunas opciones para publicar recursos en Internet gratuitamente, pero antes de utilizarlas debes tener en cuenta dos cosas:<\/p>\n\n\n\n<p>1 &#8211; Estos servicios dependen de empresas privadas o instituciones que en cualquier momento pueden dejar de ser gratuitas, mostrar publicidad, recoger datos personales o simplemente desaparecer de un d\u00eda para otro.<\/p>\n\n\n\n<p>2 &#8211; Los materiales que publiques ser\u00e1n de acceso abierto a todo aquel que conozca su direcci\u00f3n. \u00a1Nunca publiques actividades con fotograf\u00edas o datos personales!<\/p>\n\n\n\n<p>\u00c9stos son algunos de los servicios que actualmente ofrecen espacio gratuito de alojamiento de recursos web:<\/p>\n\n\n\n<div class=\"wp-block-columns alignwide are-vertically-aligned-top is-layout-flex wp-container-core-columns-is-layout-1 wp-block-columns-is-layout-flex\" style=\"margin-top:var(--wp--preset--spacing--20);margin-bottom:var(--wp--preset--spacing--20);padding-top:0;padding-right:0;padding-bottom:0;padding-left:0\">\n<div class=\"wp-block-column is-vertically-aligned-top roundedBox is-layout-flow wp-container-core-column-is-layout-1 wp-block-column-is-layout-flow\" style=\"padding-top:var(--wp--preset--spacing--40);padding-right:var(--wp--preset--spacing--40);padding-bottom:var(--wp--preset--spacing--40);padding-left:var(--wp--preset--spacing--40)\">\n<div class=\"wp-block-group is-nowrap is-layout-flex wp-container-core-group-is-layout-1 wp-block-group-is-layout-flex\" style=\"padding-top:var(--wp--preset--spacing--30);padding-bottom:var(--wp--preset--spacing--30)\">\n<figure class=\"wp-block-image alignleft size-full is-resized\"><img decoding=\"async\" src=\"https:\/\/projectes.xtec.cat\/clic\/wp-content\/uploads\/usu2636\/netlify.svg\" alt=\"Logo Netlify\" class=\"wp-image-9608\" style=\"width:46px\"\/><\/figure>\n\n\n\n<h3 class=\"wp-block-heading\" id=\"gf3aabbaee819\">Netlify<\/h3>\n<\/div>\n\n\n\n<p>Netlify es un servicio de alojamiento de contenidos web muy potente, con much\u00edsimas opciones que permiten desarrollar proyectos de todo tipo. Ofrece una <a href=\"https:\/\/www.netlify.com\/pricing\/\">modalidad de uso gratuito<\/a> para proyectos personales que seguramente te ser\u00e1 suficiente para publicar tus actividades JClic.<\/p>\n\n\n\n<p>El proceso para publicar un proyecto JClic en Netlify es muy sencillo:<\/p>\n\n\n\n<p>1 &#8211;&nbsp;<a href=\"https:\/\/app.netlify.com\/signup\">Reg\u00edstrate<\/a> en el servicio facilitando un correo electr\u00f3nico y una contrase\u00f1a.<\/p>\n\n\n\n<p>2 &#8211; Accede a Netlify con el usuario creado y activa la pesta\u00f1a <strong>Sites<\/strong>. En la parte inferior de la p\u00e1gina se muestra un recuadro con el texto \u201c<em>Want to deploy a new site without connecting to Git? Drag and drop your site output folder here or browse to upload<\/em>\u201d. Aqu\u00ed es donde hay que arrastrar el archivo de tipo \u201cscorm.zip\u201d del que habl\u00e1bamos al inicio.<\/p>\n\n\n\n<p>Con esta operaci\u00f3n vuestro proyecto quedar\u00e1 autom\u00e1ticamente publicado en Internet, accesible mediante un URL del tipo:&nbsp;<code><strong>https:\/\/<em>nombre_asignado<\/em>.netlify.app<\/strong><\/code>&nbsp;que podr\u00e1s compartir con cualquier otro usuario de Internet. (&#8220;<em>nombre_assignado<\/em>&#8221; es una expresi\u00f3n aleatoria que te mostrar\u00e1 Netlify una vez finalizada la publicaci\u00f3n del proyecto)<\/p>\n<\/div>\n\n\n\n<div class=\"wp-block-column is-vertically-aligned-top roundedBox is-layout-flow wp-container-core-column-is-layout-2 wp-block-column-is-layout-flow\" style=\"padding-top:var(--wp--preset--spacing--40);padding-right:var(--wp--preset--spacing--40);padding-bottom:var(--wp--preset--spacing--40);padding-left:var(--wp--preset--spacing--40)\">\n<div class=\"wp-block-group is-nowrap is-layout-flex wp-container-core-group-is-layout-2 wp-block-group-is-layout-flex\" style=\"padding-top:var(--wp--preset--spacing--30);padding-bottom:var(--wp--preset--spacing--30)\">\n<figure class=\"wp-block-image alignleft size-full is-resized\"><img decoding=\"async\" src=\"https:\/\/projectes.xtec.cat\/clic\/wp-content\/uploads\/usu2636\/cloudflare.svg\" alt=\"Logo Cloudflare\" class=\"wp-image-9609\" style=\"width:46px\"\/><\/figure>\n\n\n\n<h3 class=\"wp-block-heading\" id=\"g09e7274bcc56\">Cloudflare<\/h3>\n<\/div>\n\n\n\n<p><a href=\"https:\/\/www.cloudflare.com\/\">Cloudflare<\/a>&nbsp;es una gran plataforma de distribuci\u00f3n de contenidos que tambi\u00e9n ofrece un&nbsp;<a href=\"https:\/\/www.cloudflare.com\/plans\/developer-platform\/\">plan gratuito de alojamiento de p\u00e1ginas<\/a>&nbsp;(en la pesta\u00f1a&nbsp;<em>Cloudflare pages<\/em>)<\/p>\n\n\n\n<p>Los pasos a seguir para publicar un proyecto JClic en Cloudflare son:<\/p>\n\n\n\n<p>1 \u2013&nbsp;<a href=\"https:\/\/dash.cloudflare.com\/sign-up\/pages\">Reg\u00edstrate<\/a>&nbsp;en el servicio facilitando un correo electr\u00f3nico y una contrase\u00f1a.<\/p>\n\n\n\n<p>2 \u2013 Accede al&nbsp;<a href=\"https:\/\/dash.cloudflare.com\/\">panel de control del servicio<\/a>&nbsp;y despl\u00e1zate a la secci\u00f3n&nbsp;<strong><em>Workers and pages<\/em><\/strong>.<\/p>\n\n\n\n<p>3 \u2013 Selecciona la pesta\u00f1a&nbsp;<strong>Pages<\/strong>&nbsp;y haz clic en el bot\u00f3n&nbsp;<strong>Upload assets<\/strong>&nbsp;que hay en el apartado&nbsp;<strong>Create using direct upload<\/strong>.<\/p>\n\n\n\n<p>4 \u2013 Te pedir\u00e1 escoger un nombre corto para tu proyecto. Esto dar\u00e1 lugar a una URL del tipo: \u201chttps:\/\/<em>nombre_elegido<\/em>.pages.dev\u201d<\/p>\n\n\n\n<p>5 \u2013 Por \u00faltimo, te pedir\u00e1 que subas un&nbsp;<strong>archivo ZIP<\/strong>&nbsp;o que arrastres una carpeta a la zona de subidas. Sube ah\u00ed el archivo \u201cscorm.zip\u201d que tienes preparado.<br>El proceso puede tardar un rato. Cuando termine, haz clic en el bot\u00f3n&nbsp;<strong>Deploy site<\/strong>&nbsp;y ya podr\u00e1s hacer uso de tu sitio web personal.<br><br>Puede que el servidor con el nombre solicitado tarde unos minutos en crearse. \u00a1Ten paciencia!<\/p>\n<\/div>\n\n\n\n<div class=\"wp-block-column roundedBox is-layout-flow wp-container-core-column-is-layout-3 wp-block-column-is-layout-flow\" style=\"padding-top:var(--wp--preset--spacing--40);padding-right:var(--wp--preset--spacing--40);padding-bottom:var(--wp--preset--spacing--40);padding-left:var(--wp--preset--spacing--40)\">\n<div class=\"wp-block-group is-nowrap is-layout-flex wp-container-core-group-is-layout-3 wp-block-group-is-layout-flex\" style=\"padding-top:var(--wp--preset--spacing--30);padding-bottom:var(--wp--preset--spacing--30)\">\n<figure class=\"wp-block-image alignleft size-full is-resized\"><img decoding=\"async\" src=\"https:\/\/projectes.xtec.cat\/clic\/wp-content\/uploads\/usu2636\/github-mark.svg\" alt=\"Logo de GitHub\" class=\"wp-image-9629\" style=\"width:46px\"\/><\/figure>\n\n\n\n<h3 class=\"wp-block-heading\" id=\"g09e7274bcc56\">GitHub<\/h3>\n<\/div>\n\n\n\n<p><a href=\"https:\/\/github.com\/\">GitHub<\/a>&nbsp;es el mayor almac\u00e9n de proyectos de software libre del mundo, con millones de repositorios de c\u00f3digo. Entre las funcionalidades que ofrece se encuentra&nbsp;<em><a href=\"https:\/\/pages.github.com\/\">Github Pages<\/a><\/em>, que permite crear p\u00e1ginas web para proyectos u organizaciones.<\/p>\n\n\n\n<p>Esta opci\u00f3n es la m\u00e1s compleja y potente de las tres. Para su correcta utilizaci\u00f3n conviene estar familiarizado con el funcionamiento del&nbsp;<a href=\"https:\/\/git-scm.com\/\">sistema GIT de control de versiones<\/a>&nbsp;y con conceptos b\u00e1sicos de programaci\u00f3n y gesti\u00f3n del c\u00f3digo fuente de aplicaciones inform\u00e1ticas. Si no es tu caso, ser\u00e1 mejor que utilices alguna de las otras dos opciones.<\/p>\n\n\n\n<p>Los pasos para publicar un proyecto JClic en&nbsp;<em>GitHub Pages<\/em>&nbsp;ser\u00edan:<\/p>\n\n\n\n<p>1 \u2013&nbsp;<a href=\"https:\/\/github.com\/login\">Registrarse<\/a>&nbsp;en la plataforma.<\/p>\n\n\n\n<p>2 \u2013 En la secci\u00f3n&nbsp;<strong>Repositories<\/strong>, haz clic en el bot\u00f3n&nbsp;<strong>New<\/strong>&nbsp;para crear uno nuevo. As\u00edgnale un nombre corto, sin espacios ni caracteres especiales. Deja las opciones predeterminadas y haz clic en el bot\u00f3n&nbsp;<strong>Create repository<\/strong>.<\/p>\n\n\n\n<p>3 \u2013 En la p\u00e1gina del repositorio que acabas de crear, busca la secci\u00f3n&nbsp;<strong>Quick setup<\/strong>&nbsp;y haz clic en el enlace \u201c<em><strong>uploading an existing file<\/strong><\/em>\u201c.<\/p>\n\n\n\n<p>4 \u2013 Pasar\u00e1s a una p\u00e1gina con una zona donde se pueden arrastrar archivos. Ah\u00ed es donde debes arrastrar&nbsp;<strong>todos los archivos de la carpeta<\/strong>&nbsp;que has creado con la exportaci\u00f3n de tu proyecto JClic (atenci\u00f3n: hablamos de la&nbsp;<strong>carpeta de exportaci\u00f3n<\/strong>, no del archivo \u201cscorm.zip\u201d, que en este caso no nos sirve!). Se pueden subir hasta 100 archivos cada vez. Si tu proyecto tiene m\u00e1s, tendr\u00e1s que a\u00f1adirlos m\u00e1s adelante.<br>Cuando hayas terminado, haz clic en&nbsp;<strong>Commit changes<\/strong>.<\/p>\n\n\n\n<p>5 \u2013 Haz clic en la pesta\u00f1a&nbsp;<strong>Settings<\/strong>&nbsp;del repositorio y ves a la secci\u00f3n&nbsp;<strong>Pages<\/strong>.<\/p>\n\n\n\n<p>6 \u2013 En el apartado&nbsp;<strong>Build and deployment<\/strong>, secci\u00f3n&nbsp;<strong>Branch<\/strong>, despliega la lista donde ahora dice&nbsp;<strong>None<\/strong>&nbsp;y selecciona&nbsp;<strong>main<\/strong>. Cuando la tengas seleccionada, haz clic en el bot\u00f3n&nbsp;<strong>Save<\/strong>&nbsp;.<\/p>\n\n\n\n<p>7 \u2013 Con esto ya tendr\u00e1s tu proyecto publicado. Lo encontrar\u00e1s en la URL:<br><strong>https:\/\/<em>nombreusuario<\/em>.github.io\/<em>nombreproyecto<\/em><\/strong><br>(cambiando&nbsp;<em>nombreusuario<\/em>&nbsp;y&nbsp;<em>nombreproyecto<\/em>&nbsp;por tu identificador de GitHub y el nombre dado al repositorio en el momento de crearlo)<\/p>\n\n\n\n<p>A partir de aqu\u00ed, te aconsejamos familiarizarte con el&nbsp;<a href=\"https:\/\/git-scm.com\/doc\">sistema GIT<\/a>&nbsp;para personalizar la p\u00e1gina de inicio de tu web, incluir diferentes proyectos en un mismo espacio, actualizar o realizar cambios al contenido publicado, etc.<\/p>\n<\/div>\n<\/div>\n\n\n\n<p><strong>IMPORTANTE:<\/strong> Estos servicios los ofrecen empresas que no tienen ninguna relaci\u00f3n con el proyecto JClic. XTEC no se hace responsable de su uso. Tampoco puede garantizar su funcionamiento y no puede ofrecer ninguna clase de soporte. \u00a1Consulta las condiciones de uso y el cumplimiento de la normativa de protecci\u00f3n de datos de cada plataforma antes de utilizarla!<\/p>\n\n\n\n<div style=\"height:100px\" aria-hidden=\"true\" class=\"wp-block-spacer\"><\/div>\n","protected":false},"excerpt":{"rendered":"<p>Publicaci\u00f3n de proyectos JClic en Internet He creado o adaptado unas actividades JClic y ahora quiero que mis alumnos puedan realizarlas en sus dispositivos. \u00bfC\u00f3mo lo hago? En esta p\u00e1gina intentaremos explicar qu\u00e9 opciones tiene, as\u00ed como las ventajas e inconvenientes de cada una de ellas. Empezaremos por las m\u00e1s recomendables, dejando para el final [&hellip;]<\/p>\n","protected":false},"author":1,"featured_media":9617,"parent":8232,"menu_order":0,"comment_status":"closed","ping_status":"close","template":"","meta":{"site-sidebar-layout":"default","site-content-layout":"","ast-site-content-layout":"default","site-content-style":"default","site-sidebar-style":"default","ast-global-header-display":"","ast-banner-title-visibility":"","ast-main-header-display":"","ast-hfb-above-header-display":"","ast-hfb-below-header-display":"","ast-hfb-mobile-header-display":"","site-post-title":"disabled","ast-breadcrumbs-content":"","ast-featured-img":"disabled","footer-sml-layout":"","theme-transparent-header-meta":"","adv-header-id-meta":"","stick-header-meta":"","header-above-stick-meta":"","header-main-stick-meta":"","header-below-stick-meta":"","astra-migrate-meta-layouts":"set","ast-page-background-enabled":"default","ast-page-background-meta":{"desktop":{"background-color":"","background-image":"","background-repeat":"repeat","background-position":"center center","background-size":"auto","background-attachment":"scroll","background-type":"","background-media":"","overlay-type":"","overlay-color":"","overlay-opacity":"","overlay-gradient":""},"tablet":{"background-color":"","background-image":"","background-repeat":"repeat","background-position":"center center","background-size":"auto","background-attachment":"scroll","background-type":"","background-media":"","overlay-type":"","overlay-color":"","overlay-opacity":"","overlay-gradient":""},"mobile":{"background-color":"","background-image":"","background-repeat":"repeat","background-position":"center center","background-size":"auto","background-attachment":"scroll","background-type":"","background-media":"","overlay-type":"","overlay-color":"","overlay-opacity":"","overlay-gradient":""}},"ast-content-background-meta":{"desktop":{"background-color":"var(--ast-global-color-5)","background-image":"","background-repeat":"repeat","background-position":"center center","background-size":"auto","background-attachment":"scroll","background-type":"","background-media":"","overlay-type":"","overlay-color":"","overlay-opacity":"","overlay-gradient":""},"tablet":{"background-color":"var(--ast-global-color-5)","background-image":"","background-repeat":"repeat","background-position":"center center","background-size":"auto","background-attachment":"scroll","background-type":"","background-media":"","overlay-type":"","overlay-color":"","overlay-opacity":"","overlay-gradient":""},"mobile":{"background-color":"var(--ast-global-color-5)","background-image":"","background-repeat":"repeat","background-position":"center center","background-size":"auto","background-attachment":"scroll","background-type":"","background-media":"","overlay-type":"","overlay-color":"","overlay-opacity":"","overlay-gradient":""}},"footnotes":""},"class_list":["post-9647","page","type-page","status-publish","has-post-thumbnail","hentry"],"post_mailing_queue_ids":[],"_links":{"self":[{"href":"https:\/\/projectes.xtec.cat\/clic\/wp-json\/wp\/v2\/pages\/9647","targetHints":{"allow":["GET"]}}],"collection":[{"href":"https:\/\/projectes.xtec.cat\/clic\/wp-json\/wp\/v2\/pages"}],"about":[{"href":"https:\/\/projectes.xtec.cat\/clic\/wp-json\/wp\/v2\/types\/page"}],"author":[{"embeddable":true,"href":"https:\/\/projectes.xtec.cat\/clic\/wp-json\/wp\/v2\/users\/1"}],"replies":[{"embeddable":true,"href":"https:\/\/projectes.xtec.cat\/clic\/wp-json\/wp\/v2\/comments?post=9647"}],"version-history":[{"count":1,"href":"https:\/\/projectes.xtec.cat\/clic\/wp-json\/wp\/v2\/pages\/9647\/revisions"}],"predecessor-version":[{"id":9648,"href":"https:\/\/projectes.xtec.cat\/clic\/wp-json\/wp\/v2\/pages\/9647\/revisions\/9648"}],"up":[{"embeddable":true,"href":"https:\/\/projectes.xtec.cat\/clic\/wp-json\/wp\/v2\/pages\/8232"}],"wp:featuredmedia":[{"embeddable":true,"href":"https:\/\/projectes.xtec.cat\/clic\/wp-json\/wp\/v2\/media\/9617"}],"wp:attachment":[{"href":"https:\/\/projectes.xtec.cat\/clic\/wp-json\/wp\/v2\/media?parent=9647"}],"curies":[{"name":"wp","href":"https:\/\/api.w.org\/{rel}","templated":true}]}}