{"id":11272,"date":"2024-06-06T09:27:46","date_gmt":"2024-06-06T07:27:46","guid":{"rendered":"https:\/\/projectes.xtec.cat\/conv2\/?page_id=11272"},"modified":"2024-10-21T13:31:13","modified_gmt":"2024-10-21T11:31:13","slug":"comunitats-daprenentatge","status":"publish","type":"page","link":"https:\/\/projectes.xtec.cat\/conv2\/comunitats-daprenentatge\/","title":{"rendered":"COMUNITATS D&#8217;APRENENTATGE"},"content":{"rendered":"\n<p>Les&nbsp;<strong>comunitats d\u2019aprenentatge<\/strong>&nbsp;s\u00f3n un projecte de transformaci\u00f3 social i cultural basat en l\u2019aplicaci\u00f3 d\u2019aquelles actuacions educatives d\u2019\u00e8xit (AEE) de les quals s\u2019ha demostrat cient\u00edficament que milloren el rendiment educatiu i la conviv\u00e8ncia. Les comunitats d&#8217;aprenentatge impliquen totes les persones que influeixen en l&#8217;\u00e8xit educatiu dels estudiants, incloent-hi mestres, professors, familiars, membres d&#8217;associacions i organitzacions ve\u00efnals i locals i persones volunt\u00e0ries.<\/p>\n\n\n\n<div class=\"wp-block-columns is-layout-flex wp-container-core-columns-is-layout-1 wp-block-columns-is-layout-flex\">\n<div class=\"wp-block-column is-layout-flow wp-block-column-is-layout-flow\">\n<figure class=\"wp-block-image size-large\"><a href=\"https:\/\/projectes.xtec.cat\/conv2\/wp-content\/uploads\/usu3025\/2024\/10\/CdA-Infografia.png\"><img loading=\"lazy\" decoding=\"async\" width=\"724\" height=\"1024\" src=\"https:\/\/projectes.xtec.cat\/conv2\/wp-content\/uploads\/usu3025\/2024\/10\/CdA-Infografia-724x1024.png\" alt=\"\" class=\"wp-image-12554\" srcset=\"https:\/\/projectes.xtec.cat\/conv2\/wp-content\/uploads\/usu3025\/2024\/10\/CdA-Infografia-724x1024.png 724w, https:\/\/projectes.xtec.cat\/conv2\/wp-content\/uploads\/usu3025\/2024\/10\/CdA-Infografia-212x300.png 212w, https:\/\/projectes.xtec.cat\/conv2\/wp-content\/uploads\/usu3025\/2024\/10\/CdA-Infografia-768x1086.png 768w, https:\/\/projectes.xtec.cat\/conv2\/wp-content\/uploads\/usu3025\/2024\/10\/CdA-Infografia-1086x1536.png 1086w, https:\/\/projectes.xtec.cat\/conv2\/wp-content\/uploads\/usu3025\/2024\/10\/CdA-Infografia.png 1414w\" sizes=\"auto, (max-width: 724px) 100vw, 724px\" \/><\/a><\/figure>\n<\/div>\n\n\n\n<div class=\"wp-block-column is-layout-flow wp-block-column-is-layout-flow\">\n<p>El mitj\u00e0 que tenen les comunitats d\u2019aprenentatge per aconseguir els objectius proposats \u00e9s l\u2019aplicaci\u00f3 de les actuacions educatives d\u2019\u00e8xit.<br>Les <strong>actuacions educatives d\u2019\u00e8xit (AEE)<\/strong> es defineixen com aquelles pr\u00e0ctiques educatives que la comunitat cient\u00edfica internacional ha demostrat que contribueixen a millorar l&#8217;aprenentatge de l&#8217;alumnat i la conviv\u00e8ncia al centre educatiu.<br>S\u00f3n actuacions universals i transferibles a tota mena de contextos i que ofereixen \u00e8xit, igualtat i efic\u00e0cia. La seva implementaci\u00f3 exigeix rigor, const\u00e0ncia i comprom\u00eds.<\/p>\n\n\n\n<ul class=\"wp-block-list\">\n<li>Formaci\u00f3 de familiars<\/li>\n\n\n\n<li>Participaci\u00f3 educativa de la comunitat<\/li>\n\n\n\n<li>Grups interactius<\/li>\n\n\n\n<li>Tert\u00falies dial\u00f2giques<\/li>\n\n\n\n<li>Model dial\u00f2gic de prevenci\u00f3 i resoluci\u00f3 de conflictes<\/li>\n\n\n\n<li>Formaci\u00f3 dial\u00f2gica del professorat<\/li>\n<\/ul>\n\n\n\n<p>M\u00e9s informaci\u00f3 al <a href=\"https:\/\/espai.educacio.gencat.cat\/Centres\/Innovacio-pedagogica\/Programes\/xarxa-comunitats\/Pagines\/default.aspx\" data-type=\"link\" data-id=\"https:\/\/espai.educacio.gencat.cat\/Centres\/Innovacio-pedagogica\/Programes\/xarxa-comunitats\/Pagines\/default.aspx\">Portal de Centres<\/a><\/p>\n<\/div>\n<\/div>\n\n\n\n<div class=\"wp-block-columns has-ast-global-color-4-background-color has-background has-medium-font-size is-layout-flex wp-container-core-columns-is-layout-2 wp-block-columns-is-layout-flex\">\n<div class=\"wp-block-column has-border-color has-background is-layout-flow wp-block-column-is-layout-flow\" style=\"border-color:#b3c8bc;border-width:3px;background-color:#fffcf2\">\n<p class=\"has-text-align-center\"><a href=\"https:\/\/projectes.xtec.cat\/conv2\/bases-teoriques-i-cientifiques-de-les-comunitats-daprenentatge\/\">Bases te\u00f2riques i cient\u00edfiques de les Comunitats d&#8217;Aprenentatge<\/a><\/p>\n<\/div>\n\n\n\n<div class=\"wp-block-column has-border-color has-background is-layout-flow wp-block-column-is-layout-flow\" style=\"border-color:#b3c8bc;border-width:3px;background-color:#fffcf2\">\n<p class=\"has-text-align-center\">Grups interactius<\/p>\n<\/div>\n\n\n\n<div class=\"wp-block-column has-border-color has-background is-layout-flow wp-block-column-is-layout-flow\" style=\"border-color:#b3c8bc;border-width:3px;background-color:#fffcf2\">\n<p class=\"has-text-align-center\">Tert\u00falies dial\u00f2giques<\/p>\n<\/div>\n\n\n\n<div class=\"wp-block-column has-border-color has-background is-layout-flow wp-block-column-is-layout-flow\" style=\"border-color:#b3c8bc;border-width:3px;background-color:#fffcf2\">\n<p class=\"has-text-align-center\">Participaci\u00f3 de les fam\u00edlies<\/p>\n<\/div>\n\n\n\n<div class=\"wp-block-column has-border-color has-background is-layout-flow wp-block-column-is-layout-flow\" style=\"border-color:#b3c8bc;border-width:3px;background-color:#fffcf2\">\n<p class=\"has-text-align-center\">Comissions mixtes<\/p>\n<\/div>\n<\/div>\n\n\n\n<hr class=\"wp-block-separator has-alpha-channel-opacity\"\/>\n\n\n\n<div class=\"wp-block-columns has-ast-global-color-4-background-color has-background is-layout-flex wp-container-core-columns-is-layout-3 wp-block-columns-is-layout-flex\">\n<div class=\"wp-block-column has-border-color has-background is-layout-flow wp-block-column-is-layout-flow\" style=\"border-color:#b3c8bc;border-width:3px;background-color:#fffcf2\">\n<p class=\"has-text-align-center\">El proc\u00e9s de transformaci\u00f3 en Comunitat d&#8217;Aprenentatge<\/p>\n<\/div>\n\n\n\n<div class=\"wp-block-column has-border-color has-background is-layout-flow wp-block-column-is-layout-flow\" style=\"border-color:#b3c8bc;border-width:3px;background-color:#fffcf2\">\n<p class=\"has-text-align-center\">Model de prevenci\u00f3 i resoluci\u00f3 de conflictes<\/p>\n<\/div>\n\n\n\n<div class=\"wp-block-column has-border-color has-background is-layout-flow wp-block-column-is-layout-flow\" style=\"border-color:#b3c8bc;border-width:3px;background-color:#fffcf2\">\n<p class=\"has-text-align-center\">Biblioteca tutoritzada<\/p>\n<\/div>\n\n\n\n<div class=\"wp-block-column has-border-color has-background is-layout-flow wp-block-column-is-layout-flow\" style=\"border-color:#b3c8bc;border-width:3px;background-color:#fffcf2\">\n<p class=\"has-text-align-center\">Altres<\/p>\n<\/div>\n\n\n\n<div class=\"wp-block-column is-layout-flow wp-block-column-is-layout-flow\"><\/div>\n<\/div>\n","protected":false},"excerpt":{"rendered":"<p>Les&nbsp;comunitats d\u2019aprenentatge&nbsp;s\u00f3n un projecte de transformaci\u00f3 social i cultural basat en l\u2019aplicaci\u00f3 d\u2019aquelles actuacions educatives d\u2019\u00e8xit (AEE) de les quals s\u2019ha demostrat cient\u00edficament que milloren el rendiment educatiu i la conviv\u00e8ncia. Les comunitats d&#8217;aprenentatge impliquen totes les persones que influeixen en l&#8217;\u00e8xit educatiu dels estudiants, incloent-hi mestres, professors, familiars, membres d&#8217;associacions i organitzacions ve\u00efnals i [&hellip;]<\/p>\n","protected":false},"author":3,"featured_media":0,"parent":0,"menu_order":0,"comment_status":"closed","ping_status":"close","template":"","meta":{"site-sidebar-layout":"default","site-content-layout":"","ast-site-content-layout":"default","site-content-style":"default","site-sidebar-style":"default","ast-global-header-display":"","ast-banner-title-visibility":"","ast-main-header-display":"","ast-hfb-above-header-display":"","ast-hfb-below-header-display":"","ast-hfb-mobile-header-display":"","site-post-title":"","ast-breadcrumbs-content":"","ast-featured-img":"","footer-sml-layout":"","theme-transparent-header-meta":"","adv-header-id-meta":"","stick-header-meta":"","header-above-stick-meta":"","header-main-stick-meta":"","header-below-stick-meta":"","astra-migrate-meta-layouts":"set","ast-page-background-enabled":"default","ast-page-background-meta":{"desktop":{"background-color":"var(--ast-global-color-4)","background-image":"","background-repeat":"repeat","background-position":"center center","background-size":"auto","background-attachment":"scroll","background-type":"","background-media":"","overlay-type":"","overlay-color":"","overlay-opacity":"","overlay-gradient":""},"tablet":{"background-color":"","background-image":"","background-repeat":"repeat","background-position":"center center","background-size":"auto","background-attachment":"scroll","background-type":"","background-media":"","overlay-type":"","overlay-color":"","overlay-opacity":"","overlay-gradient":""},"mobile":{"background-color":"","background-image":"","background-repeat":"repeat","background-position":"center center","background-size":"auto","background-attachment":"scroll","background-type":"","background-media":"","overlay-type":"","overlay-color":"","overlay-opacity":"","overlay-gradient":""}},"ast-content-background-meta":{"desktop":{"background-color":"var(--ast-global-color-5)","background-image":"","background-repeat":"repeat","background-position":"center center","background-size":"auto","background-attachment":"scroll","background-type":"","background-media":"","overlay-type":"","overlay-color":"","overlay-opacity":"","overlay-gradient":""},"tablet":{"background-color":"var(--ast-global-color-5)","background-image":"","background-repeat":"repeat","background-position":"center center","background-size":"auto","background-attachment":"scroll","background-type":"","background-media":"","overlay-type":"","overlay-color":"","overlay-opacity":"","overlay-gradient":""},"mobile":{"background-color":"var(--ast-global-color-5)","background-image":"","background-repeat":"repeat","background-position":"center center","background-size":"auto","background-attachment":"scroll","background-type":"","background-media":"","overlay-type":"","overlay-color":"","overlay-opacity":"","overlay-gradient":""}},"footnotes":""},"class_list":["post-11272","page","type-page","status-publish","hentry"],"post_mailing_queue_ids":[],"_links":{"self":[{"href":"https:\/\/projectes.xtec.cat\/conv2\/wp-json\/wp\/v2\/pages\/11272","targetHints":{"allow":["GET"]}}],"collection":[{"href":"https:\/\/projectes.xtec.cat\/conv2\/wp-json\/wp\/v2\/pages"}],"about":[{"href":"https:\/\/projectes.xtec.cat\/conv2\/wp-json\/wp\/v2\/types\/page"}],"author":[{"embeddable":true,"href":"https:\/\/projectes.xtec.cat\/conv2\/wp-json\/wp\/v2\/users\/3"}],"replies":[{"embeddable":true,"href":"https:\/\/projectes.xtec.cat\/conv2\/wp-json\/wp\/v2\/comments?post=11272"}],"version-history":[{"count":6,"href":"https:\/\/projectes.xtec.cat\/conv2\/wp-json\/wp\/v2\/pages\/11272\/revisions"}],"predecessor-version":[{"id":12555,"href":"https:\/\/projectes.xtec.cat\/conv2\/wp-json\/wp\/v2\/pages\/11272\/revisions\/12555"}],"wp:attachment":[{"href":"https:\/\/projectes.xtec.cat\/conv2\/wp-json\/wp\/v2\/media?parent=11272"}],"curies":[{"name":"wp","href":"https:\/\/api.w.org\/{rel}","templated":true}]}}

<p>Les&nbsp;<strong>comunitats d’aprenentatge</strong>&nbsp;són un projecte de transformació social i cultural basat en l’aplicació d’aquelles actuacions educatives d’èxit (AEE) de les quals s’ha demostrat científicament que milloren el rendiment educatiu i la convivència. Les comunitats d&#8217;aprenentatge impliquen totes les persones que influeixen en l&#8217;èxit educatiu dels estudiants, incloent-hi mestres, professors, familiars, membres d&#8217;associacions i organitzacions veïnals i locals i persones voluntàries.</p>



<div class="wp-block-columns is-layout-flex wp-container-core-columns-is-layout-1 wp-block-columns-is-layout-flex">
<div class="wp-block-column is-layout-flow wp-block-column-is-layout-flow">
<figure class="wp-block-image size-large"><a href="https://projectes.xtec.cat/conv2/wp-content/uploads/usu3025/2024/10/CdA-Infografia.png"><img loading="lazy" decoding="async" width="724" height="1024" src="https://projectes.xtec.cat/conv2/wp-content/uploads/usu3025/2024/10/CdA-Infografia-724x1024.png" alt="" class="wp-image-12554" srcset="https://projectes.xtec.cat/conv2/wp-content/uploads/usu3025/2024/10/CdA-Infografia-724x1024.png 724w, https://projectes.xtec.cat/conv2/wp-content/uploads/usu3025/2024/10/CdA-Infografia-212x300.png 212w, https://projectes.xtec.cat/conv2/wp-content/uploads/usu3025/2024/10/CdA-Infografia-768x1086.png 768w, https://projectes.xtec.cat/conv2/wp-content/uploads/usu3025/2024/10/CdA-Infografia-1086x1536.png 1086w, https://projectes.xtec.cat/conv2/wp-content/uploads/usu3025/2024/10/CdA-Infografia.png 1414w" sizes="auto, (max-width: 724px) 100vw, 724px" /></a></figure>
</div>



<div class="wp-block-column is-layout-flow wp-block-column-is-layout-flow">
<p>El mitjà que tenen les comunitats d’aprenentatge per aconseguir els objectius proposats és l’aplicació de les actuacions educatives d’èxit.<br>Les <strong>actuacions educatives d’èxit (AEE)</strong> es defineixen com aquelles pràctiques educatives que la comunitat científica internacional ha demostrat que contribueixen a millorar l&#8217;aprenentatge de l&#8217;alumnat i la convivència al centre educatiu.<br>Són actuacions universals i transferibles a tota mena de contextos i que ofereixen èxit, igualtat i eficàcia. La seva implementació exigeix rigor, constància i compromís.</p>



<ul class="wp-block-list">
<li>Formació de familiars</li>



<li>Participació educativa de la comunitat</li>



<li>Grups interactius</li>



<li>Tertúlies dialògiques</li>



<li>Model dialògic de prevenció i resolució de conflictes</li>



<li>Formació dialògica del professorat</li>
</ul>



<p>Més informació al <a href="https://espai.educacio.gencat.cat/Centres/Innovacio-pedagogica/Programes/xarxa-comunitats/Pagines/default.aspx" data-type="link" data-id="https://espai.educacio.gencat.cat/Centres/Innovacio-pedagogica/Programes/xarxa-comunitats/Pagines/default.aspx">Portal de Centres</a></p>
</div>
</div>



<div class="wp-block-columns has-ast-global-color-4-background-color has-background has-medium-font-size is-layout-flex wp-container-core-columns-is-layout-2 wp-block-columns-is-layout-flex">
<div class="wp-block-column has-border-color has-background is-layout-flow wp-block-column-is-layout-flow" style="border-color:#b3c8bc;border-width:3px;background-color:#fffcf2">
<p class="has-text-align-center"><a href="https://projectes.xtec.cat/conv2/bases-teoriques-i-cientifiques-de-les-comunitats-daprenentatge/">Bases teòriques i científiques de les Comunitats d&#8217;Aprenentatge</a></p>
</div>



<div class="wp-block-column has-border-color has-background is-layout-flow wp-block-column-is-layout-flow" style="border-color:#b3c8bc;border-width:3px;background-color:#fffcf2">
<p class="has-text-align-center">Grups interactius</p>
</div>



<div class="wp-block-column has-border-color has-background is-layout-flow wp-block-column-is-layout-flow" style="border-color:#b3c8bc;border-width:3px;background-color:#fffcf2">
<p class="has-text-align-center">Tertúlies dialògiques</p>
</div>



<div class="wp-block-column has-border-color has-background is-layout-flow wp-block-column-is-layout-flow" style="border-color:#b3c8bc;border-width:3px;background-color:#fffcf2">
<p class="has-text-align-center">Participació de les famílies</p>
</div>



<div class="wp-block-column has-border-color has-background is-layout-flow wp-block-column-is-layout-flow" style="border-color:#b3c8bc;border-width:3px;background-color:#fffcf2">
<p class="has-text-align-center">Comissions mixtes</p>
</div>
</div>



<hr class="wp-block-separator has-alpha-channel-opacity"/>



<div class="wp-block-columns has-ast-global-color-4-background-color has-background is-layout-flex wp-container-core-columns-is-layout-3 wp-block-columns-is-layout-flex">
<div class="wp-block-column has-border-color has-background is-layout-flow wp-block-column-is-layout-flow" style="border-color:#b3c8bc;border-width:3px;background-color:#fffcf2">
<p class="has-text-align-center">El procés de transformació en Comunitat d&#8217;Aprenentatge</p>
</div>



<div class="wp-block-column has-border-color has-background is-layout-flow wp-block-column-is-layout-flow" style="border-color:#b3c8bc;border-width:3px;background-color:#fffcf2">
<p class="has-text-align-center">Model de prevenció i resolució de conflictes</p>
</div>



<div class="wp-block-column has-border-color has-background is-layout-flow wp-block-column-is-layout-flow" style="border-color:#b3c8bc;border-width:3px;background-color:#fffcf2">
<p class="has-text-align-center">Biblioteca tutoritzada</p>
</div>



<div class="wp-block-column has-border-color has-background is-layout-flow wp-block-column-is-layout-flow" style="border-color:#b3c8bc;border-width:3px;background-color:#fffcf2">
<p class="has-text-align-center">Altres</p>
</div>



<div class="wp-block-column is-layout-flow wp-block-column-is-layout-flow"></div>
</div>

<p>Les&nbsp;comunitats d’aprenentatge&nbsp;són un projecte de transformació social i cultural basat en l’aplicació d’aquelles actuacions educatives d’èxit (AEE) de les quals s’ha demostrat científicament que milloren el rendiment educatiu i la convivència. Les comunitats d&#8217;aprenentatge impliquen totes les persones que influeixen en l&#8217;èxit educatiu dels estudiants, incloent-hi mestres, professors, familiars, membres d&#8217;associacions i organitzacions veïnals i [&hellip;]</p>
