{"id":11537,"date":"2024-07-17T10:39:51","date_gmt":"2024-07-17T08:39:51","guid":{"rendered":"https:\/\/projectes.xtec.cat\/conv2\/?page_id=11537"},"modified":"2025-01-15T14:25:57","modified_gmt":"2025-01-15T13:25:57","slug":"3-5-el-dialeg-entre-el-jo-i-el-nosaltres","status":"publish","type":"page","link":"https:\/\/projectes.xtec.cat\/conv2\/modul-1-de-la-prevencio-al-concepte-de-provencio\/modul-3-educacio-socioemocional\/3-5-el-dialeg-entre-el-jo-i-el-nosaltres\/","title":{"rendered":"3.5 El di\u00e0leg entre el jo i el nosaltres"},"content":{"rendered":"\n<pre class=\"wp-block-preformatted\">Sovint quan en el centre educatiu destinem un espai al treball i desenvolupament emocional, posem el focus en un mateix. Naturalment, per tal de vivenciar i reflexionar sobre les emocions, cal centrar-nos en el \u201cjo\u201d. Per\u00f2 \u00e9s important, tamb\u00e9 portar la reflexi\u00f3 al grup, al \u201cnosaltres\u201d. Som \u00e9ssers socials i necessitem que el grup estigui b\u00e9 per estar jo b\u00e9, s\u00ed un membre del grup est\u00e0 en malestar, podem afirmar que el grup no es troba en benestar, per tant, el benestar en el grup \u00e9s una responsabilitat compartida de tots els seus membres. En conseq\u00fc\u00e8ncia, cal fer arribar a l\u2019alumnat el concepte que un no est\u00e0 b\u00e9 per si sol, sin\u00f3 que estem b\u00e9, quan les persones que ens envolten estan b\u00e9, i \u00e9s un cercle que es retroalimenta, i en el qual cadasc\u00fa de nosaltres t\u00e9 molt a aportar individualment. <\/pre>\n\n\n\n<pre class=\"wp-block-preformatted\">Per tant, us aconsellem, que en cadascuna de les din\u00e0miques que porteu a l\u2019aula, fomenteu  la seg\u00fcent gradaci\u00f3 en les preguntes de reflexi\u00f3 que els fem al nostre alumnat:<br><br><em>Com t\u2019ha fet sentir aquesta situaci\u00f3? <br>Com us ha fet sentir a cadasc\u00fa de vosaltres aquesta situaci\u00f3?<br>Com sentir-nos d\u2019aquesta manera com a grup?<br>Volem tenir aquestes viv\u00e8ncies en el nostre grup?<br>Com podem fer-ho, per tal que no passi, o b\u00e9, per adonar-nos-en abans i posar mesures com a grup?<\/em><\/pre>\n\n\n\n<pre class=\"wp-block-preformatted\">Aquest \u00e9s un exemple, per\u00f2 tamb\u00e9 podeu parlar dels valors. <em>Quins s\u00f3n els valors que et guien? Quins s\u00f3n els valors que volem que ens gui\u00efn com a grup?<\/em> I d\u2019aquesta manera interpel\u00b7lar l\u2019alumnat com a grup.<\/pre>\n\n\n\n<pre class=\"wp-block-preformatted\">Els centres educatius s\u00f3n un laboratori de socialitzaci\u00f3. Els nostres infants passen un m\u00ednim de 6 hores en unes aules m\u00e9s aviat redu\u00efdes amb unes r\u00e0tios for\u00e7a elevades, s\u00f3n espais de relaci\u00f3 constant on hi ha pocs moments de descans. A les aules aprenen a conviure. Les din\u00e0miques d\u2019educaci\u00f3 socioemocional per si sola, no s\u00f3n una font d\u2019aprenentatge de conviv\u00e8ncia . Per aprendre a conviure \u00e9s necessari tot all\u00f2 que hem desplegat al llarg d\u2019aquest curs: consci\u00e8ncia del docent com a model davant dels seus alumnes, la import\u00e0ncia del modelatge docent;  posar el focus i la intenci\u00f3 en la creaci\u00f3 de grups que aprenguin a gestionar de forma positiva el conflicte i, finalment, quan tenim el grup en seguretat i confian\u00e7a, treballar certs aspectes que veiem que s\u00f3n necessaris per anar-los acompanyant en el seu cam\u00ed de creixement, i aleshores introdu\u00efm din\u00e0miques d\u2019educaci\u00f3 socioemocional. \u00c9s molt important que tots els docents que entren en una aula tinguin aquesta mirada i aquesta intenci\u00f3, no \u00fanicament els tutors\/es, ja que la conviv\u00e8ncia, el canvi d\u2019actituds i valors, \u00e9s una responsabilitat de tots i totes les figures que acompanyen els infants en el seu creixement i \u00e9s quelcom que cal treballar de forma sostinguda en el temps, m\u00e9s enll\u00e0 d\u2019activitats concretes i puntuals. <\/pre>\n\n\n","protected":false},"excerpt":{"rendered":"<p>Sovint quan en el centre educatiu destinem un espai al treball i desenvolupament emocional, posem el focus en un mateix. Naturalment, per tal de vivenciar i reflexionar sobre les emocions, cal centrar-nos en el \u201cjo\u201d. Per\u00f2 \u00e9s important, tamb\u00e9 portar la reflexi\u00f3 al grup, al \u201cnosaltres\u201d. Som \u00e9ssers socials i necessitem que el grup estigui [&hellip;]<\/p>\n","protected":false},"author":8,"featured_media":0,"parent":11468,"menu_order":5,"comment_status":"closed","ping_status":"closed","template":"","meta":{"site-sidebar-layout":"default","site-content-layout":"","ast-site-content-layout":"default","site-content-style":"default","site-sidebar-style":"default","ast-global-header-display":"","ast-banner-title-visibility":"","ast-main-header-display":"","ast-hfb-above-header-display":"","ast-hfb-below-header-display":"","ast-hfb-mobile-header-display":"","site-post-title":"","ast-breadcrumbs-content":"","ast-featured-img":"","footer-sml-layout":"","theme-transparent-header-meta":"","adv-header-id-meta":"","stick-header-meta":"","header-above-stick-meta":"","header-main-stick-meta":"","header-below-stick-meta":"","astra-migrate-meta-layouts":"set","ast-page-background-enabled":"default","ast-page-background-meta":{"desktop":{"background-color":"var(--ast-global-color-4)","background-image":"","background-repeat":"repeat","background-position":"center center","background-size":"auto","background-attachment":"scroll","background-type":"","background-media":"","overlay-type":"","overlay-color":"","overlay-opacity":"","overlay-gradient":""},"tablet":{"background-color":"","background-image":"","background-repeat":"repeat","background-position":"center center","background-size":"auto","background-attachment":"scroll","background-type":"","background-media":"","overlay-type":"","overlay-color":"","overlay-opacity":"","overlay-gradient":""},"mobile":{"background-color":"","background-image":"","background-repeat":"repeat","background-position":"center center","background-size":"auto","background-attachment":"scroll","background-type":"","background-media":"","overlay-type":"","overlay-color":"","overlay-opacity":"","overlay-gradient":""}},"ast-content-background-meta":{"desktop":{"background-color":"var(--ast-global-color-5)","background-image":"","background-repeat":"repeat","background-position":"center center","background-size":"auto","background-attachment":"scroll","background-type":"","background-media":"","overlay-type":"","overlay-color":"","overlay-opacity":"","overlay-gradient":""},"tablet":{"background-color":"var(--ast-global-color-5)","background-image":"","background-repeat":"repeat","background-position":"center center","background-size":"auto","background-attachment":"scroll","background-type":"","background-media":"","overlay-type":"","overlay-color":"","overlay-opacity":"","overlay-gradient":""},"mobile":{"background-color":"var(--ast-global-color-5)","background-image":"","background-repeat":"repeat","background-position":"center center","background-size":"auto","background-attachment":"scroll","background-type":"","background-media":"","overlay-type":"","overlay-color":"","overlay-opacity":"","overlay-gradient":""}},"footnotes":""},"class_list":["post-11537","page","type-page","status-publish","hentry"],"post_mailing_queue_ids":[],"_links":{"self":[{"href":"https:\/\/projectes.xtec.cat\/conv2\/wp-json\/wp\/v2\/pages\/11537","targetHints":{"allow":["GET"]}}],"collection":[{"href":"https:\/\/projectes.xtec.cat\/conv2\/wp-json\/wp\/v2\/pages"}],"about":[{"href":"https:\/\/projectes.xtec.cat\/conv2\/wp-json\/wp\/v2\/types\/page"}],"author":[{"embeddable":true,"href":"https:\/\/projectes.xtec.cat\/conv2\/wp-json\/wp\/v2\/users\/8"}],"replies":[{"embeddable":true,"href":"https:\/\/projectes.xtec.cat\/conv2\/wp-json\/wp\/v2\/comments?post=11537"}],"version-history":[{"count":6,"href":"https:\/\/projectes.xtec.cat\/conv2\/wp-json\/wp\/v2\/pages\/11537\/revisions"}],"predecessor-version":[{"id":12644,"href":"https:\/\/projectes.xtec.cat\/conv2\/wp-json\/wp\/v2\/pages\/11537\/revisions\/12644"}],"up":[{"embeddable":true,"href":"https:\/\/projectes.xtec.cat\/conv2\/wp-json\/wp\/v2\/pages\/11468"}],"wp:attachment":[{"href":"https:\/\/projectes.xtec.cat\/conv2\/wp-json\/wp\/v2\/media?parent=11537"}],"curies":[{"name":"wp","href":"https:\/\/api.w.org\/{rel}","templated":true}]}}