{"id":9534,"date":"2024-01-18T12:55:23","date_gmt":"2024-01-18T11:55:23","guid":{"rendered":"https:\/\/projectes.xtec.cat\/convivenciapositiva\/?page_id=9534"},"modified":"2025-07-02T08:28:26","modified_gmt":"2025-07-02T06:28:26","slug":"c1-m2-2-2-comprendre-lassetjament-escolar-i-el-ciberassetjament","status":"publish","type":"page","link":"https:\/\/projectes.xtec.cat\/conv2\/curs-1-prevencio-de-lassetjament-escolar-sensibilitzacio-i-observacio-conscient\/curs-1-modul-2-la-sensibilitzacio-estrategia-de-prevencio-de-lassetjament-escolar\/c1-m2-2-2-comprendre-lassetjament-escolar-i-el-ciberassetjament\/","title":{"rendered":"2.2 Comprendre l&#8217;assetjament escolar i el ciberassetjament"},"content":{"rendered":"\n<pre class=\"wp-block-preformatted\">Les activitats que es poden dur a terme per a millorar la comprensi\u00f3 de l\u2019assetjament escolar poden ser molt diverses: organitzar xerrades informatives, preparar sessions de tutoria tem\u00e0tiques, assistir a formacions, participar en tallers\u2026<\/pre>\n\n\n\n<figure class=\"wp-block-image aligncenter\"><a href=\"https:\/\/projectes.xtec.cat\/conv2\/wp-content\/uploads\/usu3025\/2024\/01\/Comprendre-lassetjament-scaled-1.jpg\"><img loading=\"lazy\" decoding=\"async\" width=\"2560\" height=\"583\" src=\"https:\/\/projectes.xtec.cat\/conv2\/wp-content\/uploads\/usu3025\/2024\/01\/Comprendre-lassetjament-scaled-1.jpg\" alt=\"\" class=\"wp-image-9988\" srcset=\"https:\/\/projectes.xtec.cat\/conv2\/wp-content\/uploads\/usu3025\/2024\/01\/Comprendre-lassetjament-scaled-1.jpg 2560w, https:\/\/projectes.xtec.cat\/conv2\/wp-content\/uploads\/usu3025\/2024\/01\/Comprendre-lassetjament-scaled-1-300x68.jpg 300w, https:\/\/projectes.xtec.cat\/conv2\/wp-content\/uploads\/usu3025\/2024\/01\/Comprendre-lassetjament-scaled-1-1024x233.jpg 1024w, https:\/\/projectes.xtec.cat\/conv2\/wp-content\/uploads\/usu3025\/2024\/01\/Comprendre-lassetjament-scaled-1-768x175.jpg 768w, https:\/\/projectes.xtec.cat\/conv2\/wp-content\/uploads\/usu3025\/2024\/01\/Comprendre-lassetjament-scaled-1-1536x350.jpg 1536w, https:\/\/projectes.xtec.cat\/conv2\/wp-content\/uploads\/usu3025\/2024\/01\/Comprendre-lassetjament-scaled-1-2048x466.jpg 2048w\" sizes=\"auto, (max-width: 2560px) 100vw, 2560px\" \/><\/a><\/figure>\n\n\n\n<figure class=\"wp-block-image aligncenter is-resized\"><a href=\"https:\/\/projectes.xtec.cat\/conv2\/wp-content\/uploads\/usu3025\/2024\/01\/imatges-nens-assetjament-1920-x-800-px.jpg\"><img loading=\"lazy\" decoding=\"async\" width=\"1024\" height=\"427\" src=\"https:\/\/projectes.xtec.cat\/conv2\/wp-content\/uploads\/usu3025\/2024\/01\/imatges-nens-assetjament-1920-x-800-px-1024x427.jpg\" alt=\"\" class=\"wp-image-9873\" style=\"width:785px;height:auto\" srcset=\"https:\/\/projectes.xtec.cat\/conv2\/wp-content\/uploads\/usu3025\/2024\/01\/imatges-nens-assetjament-1920-x-800-px-1024x427.jpg 1024w, https:\/\/projectes.xtec.cat\/conv2\/wp-content\/uploads\/usu3025\/2024\/01\/imatges-nens-assetjament-1920-x-800-px-300x125.jpg 300w, https:\/\/projectes.xtec.cat\/conv2\/wp-content\/uploads\/usu3025\/2024\/01\/imatges-nens-assetjament-1920-x-800-px-768x320.jpg 768w, https:\/\/projectes.xtec.cat\/conv2\/wp-content\/uploads\/usu3025\/2024\/01\/imatges-nens-assetjament-1920-x-800-px-1536x640.jpg 1536w, https:\/\/projectes.xtec.cat\/conv2\/wp-content\/uploads\/usu3025\/2024\/01\/imatges-nens-assetjament-1920-x-800-px.jpg 1920w\" sizes=\"auto, (max-width: 1024px) 100vw, 1024px\" \/><\/a><\/figure>\n\n\n\n<pre class=\"wp-block-preformatted\">Tots aquests coneixements previs s\u00f3n fonamentals a l\u2019hora de fer prevenci\u00f3, ja que s\u00f3n el punt de partida. Aquesta \u00e9s una <strong>tasca transversal<\/strong>&nbsp;que s\u2019ha de realitzar de forma continuada des del centre educatiu amb el suport de diferents institucions, entitats i les fam\u00edlies.<\/pre>\n\n\n\n<figure class=\"wp-block-image alignleft is-resized\"><a class=\"media\" href=\"https:\/\/ateneu.xtec.cat\/wikiform\/wikiexport\/_detail\/cmd\/eif\/prae\/modul_2\/salud-mental.png?id=cmd%3Aeif%3Aprae%3Amodul_2%3Aapartat_2\" target=\"_blank\" rel=\"noopener\"><img decoding=\"async\" src=\"https:\/\/ateneu.xtec.cat\/wikiform\/wikiexport\/_media\/cmd\/eif\/prae\/modul_2\/salud-mental.png?w=200&amp;tok=69a40d\" alt=\"\" style=\"width:131px;height:auto\"\/><\/a><\/figure>\n\n\n\n<pre class=\"wp-block-preformatted\">Un dels altres aspectes a treballar poden ser les&nbsp;<strong>conseq\u00fc\u00e8ncies psicol\u00f2giques<\/strong>&nbsp;davant la viol\u00e8ncia en tots els rols. Quan treballem sobre les conseq\u00fc\u00e8ncies el que fem \u00e9s mirar el futur de les persones implicades en casos de bullying.<\/pre>\n\n\n\n<figure class=\"wp-block-image alignleft is-resized\"><a href=\"https:\/\/projectes.xtec.cat\/conv2\/wp-content\/uploads\/usu3025\/2024\/01\/rol-agressor.jpg\"><img loading=\"lazy\" decoding=\"async\" width=\"150\" height=\"150\" src=\"https:\/\/projectes.xtec.cat\/conv2\/wp-content\/uploads\/usu3025\/2024\/01\/rol-agressor-150x150.jpg\" alt=\"\" class=\"wp-image-9662\" style=\"width:126px;height:auto\"\/><\/a><\/figure>\n\n\n\n<pre class=\"wp-block-preformatted\">Per exemple, quan mirem al&nbsp;<strong>rol agressor<\/strong>&nbsp;podem revisar la relaci\u00f3 entre bullying i altres tipus de relacions violentes com el mobbing a la feina o la viol\u00e8ncia de g\u00e8nere en el context de parella. De fet, hi ha una relaci\u00f3 estad\u00edstica entre el rol d\u2019agressor en la inf\u00e0ncia i la viv\u00e8ncia conflictiva en l\u2019adultesa.<\/pre>\n\n\n\n<figure class=\"wp-block-image alignleft is-resized\"><a href=\"https:\/\/projectes.xtec.cat\/conv2\/wp-content\/uploads\/usu3025\/2024\/01\/rol-victima.jpg\"><img loading=\"lazy\" decoding=\"async\" width=\"451\" height=\"472\" src=\"https:\/\/projectes.xtec.cat\/conv2\/wp-content\/uploads\/usu3025\/2024\/01\/rol-victima.jpg\" alt=\"\" class=\"wp-image-9656\" style=\"width:125px;height:auto\" srcset=\"https:\/\/projectes.xtec.cat\/conv2\/wp-content\/uploads\/usu3025\/2024\/01\/rol-victima.jpg 451w, https:\/\/projectes.xtec.cat\/conv2\/wp-content\/uploads\/usu3025\/2024\/01\/rol-victima-287x300.jpg 287w\" sizes=\"auto, (max-width: 451px) 100vw, 451px\" \/><\/a><\/figure>\n\n\n\n<pre class=\"wp-block-preformatted\">Tamb\u00e9 es pot mirar el&nbsp;<strong>rol de v\u00edctima<\/strong>&nbsp;i valorar les conseq\u00fc\u00e8ncies en la&nbsp;<strong>salut mental i emocional<\/strong>, obrir la porta a parlar del benestar en el futur i, fins i tot, fer servir la tem\u00e0tica com a excusa per treballar sobre temptatives de su\u00efcidi.<\/pre>\n\n\n\n<pre class=\"wp-block-preformatted\">Quan realitzem aquests tipus de tasques a l\u2019aula, a part de fer-ho amb molta cura i <strong>tenir present que no hi ha d\u2019haver cap cas actiu al grup<\/strong>, sempre podem buscar recursos que no \u00fanicament treballin en aula sin\u00f3 tamb\u00e9 amb l\u2019<strong>entorn<\/strong>, es poden fer propostes engrescadores m\u00e9s enll\u00e0 dels debats. Podeu fer \u00fas d\u2019obres de teatre o contes on es veuen l\u2019origen i les conseq\u00fc\u00e8ncies que t\u00e9 la viol\u00e8ncia en les persones.<\/pre>\n\n\n\n<h2 class=\"wp-block-heading has-background\" style=\"background-color:#1ca7a8\"><strong><em>2.2.1 Proposta din\u00e0mica d&#8217;aula<\/em><\/strong><\/h2>\n\n\n\n<div class=\"wp-block-buttons is-content-justification-center is-layout-flex wp-container-core-buttons-is-layout-1 wp-block-buttons-is-layout-flex\">\n<div class=\"wp-block-button\"><a class=\"wp-block-button__link has-background wp-element-button\" href=\"https:\/\/drive.google.com\/file\/d\/1OTGvXufl1qrPI5Sb5BUcwOfKlzokHHGB\/view?usp=sharing\" style=\"background-color:#1ca7a8\">Con\u00e8ixer l&#8217;assetjament escolar<\/a><\/div>\n\n\n\n<div class=\"wp-block-button\"><a class=\"wp-block-button__link has-background wp-element-button\" href=\"https:\/\/drive.google.com\/file\/d\/1qkEYDfhYOuFW9SzOpCC86ZqE3YqHjZLe\/view?usp=drive_link\" style=\"background-color:#1ca7a8\">Conflicte, viol\u00e8ncia, maltractament<\/a><\/div>\n<\/div>\n\n\n\n<div style=\"height:26px\" aria-hidden=\"true\" class=\"wp-block-spacer\"><\/div>\n\n\n\n<h2 class=\"wp-block-heading has-background\" style=\"background-color:#1ca7a8\"><strong><em>2.2.2 Banc de recursos<\/em><\/strong><\/h2>\n\n\n\n<pre class=\"wp-block-preformatted\"><span style=\"font-weight: 400;\">S\u00f3n molt recomanables els <\/span><b>llibres de la saga \u201cWonder\u201d<\/b><span style=\"font-weight: 400;\">, on es veu el relat des de diferents punts de vista: <\/span><a href=\"http:\/\/guiavisualwonder.grupiref.org\/\"><span style=\"font-weight: 400;\">http:\/\/guiavisualwonder.grupiref.org\/<\/span><\/a><span style=\"font-weight: 400;\">&nbsp; o la novel\u00b7la <\/span><b>Invisible<\/b><span style=\"font-weight: 400;\"> d\u2019Eloy Moreno, amb tres formats i les seves guies per treballar a l\u2019aula a <\/span><a href=\"https:\/\/eloymoreno.com\/wp-content\/uploads\/2023\/01\/GUIA-INVISIBLE-INFANTIL-CAT.pdf\"><span style=\"font-weight: 400;\">Infantil i Prim\u00e0ria<\/span><\/a><span style=\"font-weight: 400;\"> i <\/span><a href=\"https:\/\/eloymoreno.com\/wp-content\/uploads\/2020\/03\/GUIA-INVISIBLE.pdf\"><span style=\"font-weight: 400;\">Secund\u00e0ria<\/span><\/a><span style=\"font-weight: 400;\">.<\/span><\/pre>\n\n\n\n<figure class=\"wp-block-image aligncenter\"><a href=\"https:\/\/projectes.xtec.cat\/conv2\/wp-content\/uploads\/usu3025\/2024\/01\/llibres-wonder-i-invisibles-sensibilitzacio.jpg\"><img loading=\"lazy\" decoding=\"async\" width=\"1024\" height=\"307\" src=\"https:\/\/projectes.xtec.cat\/conv2\/wp-content\/uploads\/usu3025\/2024\/01\/llibres-wonder-i-invisibles-sensibilitzacio-1024x307.jpg\" alt=\"\" class=\"wp-image-9710\" srcset=\"https:\/\/projectes.xtec.cat\/conv2\/wp-content\/uploads\/usu3025\/2024\/01\/llibres-wonder-i-invisibles-sensibilitzacio-1024x307.jpg 1024w, https:\/\/projectes.xtec.cat\/conv2\/wp-content\/uploads\/usu3025\/2024\/01\/llibres-wonder-i-invisibles-sensibilitzacio-300x90.jpg 300w, https:\/\/projectes.xtec.cat\/conv2\/wp-content\/uploads\/usu3025\/2024\/01\/llibres-wonder-i-invisibles-sensibilitzacio-768x230.jpg 768w, https:\/\/projectes.xtec.cat\/conv2\/wp-content\/uploads\/usu3025\/2024\/01\/llibres-wonder-i-invisibles-sensibilitzacio-1536x460.jpg 1536w, https:\/\/projectes.xtec.cat\/conv2\/wp-content\/uploads\/usu3025\/2024\/01\/llibres-wonder-i-invisibles-sensibilitzacio.jpg 1805w\" sizes=\"auto, (max-width: 1024px) 100vw, 1024px\" \/><\/a><\/figure>\n\n\n\n<div class=\"wp-block-media-text has-media-on-the-right is-stacked-on-mobile\" style=\"grid-template-columns:auto 45%\"><div class=\"wp-block-media-text__content\">\n<p><a href=\"https:\/\/xtec.gencat.cat\/ca\/centres\/projeducatiu\/convivencia\/aquiproubullying\/moduls-formatius\/\">M\u00f2duls formatius #aquiproubullying. Activitats de sensibilitzaci\u00f3 per a l&#8217;alumnat, docents i fam\u00edlies a l&#8217;XTEC.<\/a><\/p>\n<\/div><figure class=\"wp-block-media-text__media\"><img loading=\"lazy\" decoding=\"async\" width=\"1024\" height=\"538\" src=\"https:\/\/projectes.xtec.cat\/conv2\/wp-content\/uploads\/usu3025\/2024\/09\/Imatges-moduls-formatius-xtec-1-1024x538.jpg\" alt=\"\" class=\"wp-image-12347 size-full\" srcset=\"https:\/\/projectes.xtec.cat\/conv2\/wp-content\/uploads\/usu3025\/2024\/09\/Imatges-moduls-formatius-xtec-1-1024x538.jpg 1024w, https:\/\/projectes.xtec.cat\/conv2\/wp-content\/uploads\/usu3025\/2024\/09\/Imatges-moduls-formatius-xtec-1-300x158.jpg 300w, https:\/\/projectes.xtec.cat\/conv2\/wp-content\/uploads\/usu3025\/2024\/09\/Imatges-moduls-formatius-xtec-1-768x404.jpg 768w, https:\/\/projectes.xtec.cat\/conv2\/wp-content\/uploads\/usu3025\/2024\/09\/Imatges-moduls-formatius-xtec-1-1536x808.jpg 1536w, https:\/\/projectes.xtec.cat\/conv2\/wp-content\/uploads\/usu3025\/2024\/09\/Imatges-moduls-formatius-xtec-1.jpg 1801w\" sizes=\"auto, (max-width: 1024px) 100vw, 1024px\" \/><\/figure><\/div>\n\n\n\n<div class=\"wp-block-media-text has-media-on-the-right is-stacked-on-mobile\" style=\"grid-template-columns:auto 45%\"><div class=\"wp-block-media-text__content\">\n<p><a href=\"https:\/\/bullying.cat\/recursos\/\">Repositori Bullying. Recursos i materials espec\u00edfics per a prevenir conductes de maltractament i victimitzaci\u00f3.<\/a><\/p>\n<\/div><figure class=\"wp-block-media-text__media\"><img loading=\"lazy\" decoding=\"async\" width=\"1024\" height=\"449\" src=\"https:\/\/projectes.xtec.cat\/conv2\/wp-content\/uploads\/usu3025\/2024\/09\/Imatge-repositori-bullying-1024x449.jpg\" alt=\"\" class=\"wp-image-12349 size-full\" srcset=\"https:\/\/projectes.xtec.cat\/conv2\/wp-content\/uploads\/usu3025\/2024\/09\/Imatge-repositori-bullying-1024x449.jpg 1024w, https:\/\/projectes.xtec.cat\/conv2\/wp-content\/uploads\/usu3025\/2024\/09\/Imatge-repositori-bullying-300x132.jpg 300w, https:\/\/projectes.xtec.cat\/conv2\/wp-content\/uploads\/usu3025\/2024\/09\/Imatge-repositori-bullying-768x337.jpg 768w, https:\/\/projectes.xtec.cat\/conv2\/wp-content\/uploads\/usu3025\/2024\/09\/Imatge-repositori-bullying-1536x674.jpg 1536w, https:\/\/projectes.xtec.cat\/conv2\/wp-content\/uploads\/usu3025\/2024\/09\/Imatge-repositori-bullying.jpg 1843w\" sizes=\"auto, (max-width: 1024px) 100vw, 1024px\" \/><\/figure><\/div>\n\n\n\n<div class=\"wp-block-media-text has-media-on-the-right is-stacked-on-mobile\" style=\"grid-template-columns:auto 45%\"><div class=\"wp-block-media-text__content\">\n<p><a href=\"https:\/\/pdabullying.com\/ca\/llistat-de-recursos\">PDA Bullying. Banc de recursos (SEER)<\/a><\/p>\n<\/div><figure class=\"wp-block-media-text__media\"><img loading=\"lazy\" decoding=\"async\" width=\"1024\" height=\"528\" src=\"https:\/\/projectes.xtec.cat\/conv2\/wp-content\/uploads\/usu3025\/2024\/09\/Imatge-banc-recursos-PDA-Bullying-1024x528.jpg\" alt=\"\" class=\"wp-image-12350 size-full\" srcset=\"https:\/\/projectes.xtec.cat\/conv2\/wp-content\/uploads\/usu3025\/2024\/09\/Imatge-banc-recursos-PDA-Bullying-1024x528.jpg 1024w, https:\/\/projectes.xtec.cat\/conv2\/wp-content\/uploads\/usu3025\/2024\/09\/Imatge-banc-recursos-PDA-Bullying-300x155.jpg 300w, https:\/\/projectes.xtec.cat\/conv2\/wp-content\/uploads\/usu3025\/2024\/09\/Imatge-banc-recursos-PDA-Bullying-768x396.jpg 768w, https:\/\/projectes.xtec.cat\/conv2\/wp-content\/uploads\/usu3025\/2024\/09\/Imatge-banc-recursos-PDA-Bullying-1536x793.jpg 1536w, https:\/\/projectes.xtec.cat\/conv2\/wp-content\/uploads\/usu3025\/2024\/09\/Imatge-banc-recursos-PDA-Bullying.jpg 1781w\" sizes=\"auto, (max-width: 1024px) 100vw, 1024px\" \/><\/figure><\/div>\n\n\n\n<div class=\"wp-block-media-text has-media-on-the-right is-stacked-on-mobile\" style=\"grid-template-columns:auto 45%\"><div class=\"wp-block-media-text__content\">\n<p><a href=\"https:\/\/libresdebullying.wordpress.com\/2012\/12\/09\/suecia-la-experiencia-de-friends\/\">V\u00eddeos subtitulats de l&#8217;ONG Friends<\/a><\/p>\n<\/div><figure class=\"wp-block-media-text__media\"><img loading=\"lazy\" decoding=\"async\" width=\"1024\" height=\"638\" src=\"https:\/\/projectes.xtec.cat\/conv2\/wp-content\/uploads\/usu3025\/2024\/09\/Imatge-Suecia-Friends-videos-1024x638.jpg\" alt=\"\" class=\"wp-image-12352 size-full\" srcset=\"https:\/\/projectes.xtec.cat\/conv2\/wp-content\/uploads\/usu3025\/2024\/09\/Imatge-Suecia-Friends-videos-1024x638.jpg 1024w, https:\/\/projectes.xtec.cat\/conv2\/wp-content\/uploads\/usu3025\/2024\/09\/Imatge-Suecia-Friends-videos-300x187.jpg 300w, https:\/\/projectes.xtec.cat\/conv2\/wp-content\/uploads\/usu3025\/2024\/09\/Imatge-Suecia-Friends-videos-768x479.jpg 768w, https:\/\/projectes.xtec.cat\/conv2\/wp-content\/uploads\/usu3025\/2024\/09\/Imatge-Suecia-Friends-videos.jpg 1475w\" sizes=\"auto, (max-width: 1024px) 100vw, 1024px\" \/><\/figure><\/div>\n\n\n\n<div class=\"wp-block-media-text has-media-on-the-right is-stacked-on-mobile\" style=\"grid-template-columns:auto 45%\"><div class=\"wp-block-media-text__content\">\n<p><a href=\"https:\/\/www.caib.es\/sites\/convivexit\/ca\/assetjament\/\">Conviv\u00e8xit. Institut per a la conviv\u00e8ncia i l&#8217;\u00e8xit escolar (Govern Illes Balears)<\/a><\/p>\n<\/div><figure class=\"wp-block-media-text__media\"><img loading=\"lazy\" decoding=\"async\" width=\"1024\" height=\"489\" src=\"https:\/\/projectes.xtec.cat\/conv2\/wp-content\/uploads\/usu3025\/2024\/09\/Imatge-convivexit-1024x489.jpg\" alt=\"\" class=\"wp-image-12353 size-full\" srcset=\"https:\/\/projectes.xtec.cat\/conv2\/wp-content\/uploads\/usu3025\/2024\/09\/Imatge-convivexit-1024x489.jpg 1024w, https:\/\/projectes.xtec.cat\/conv2\/wp-content\/uploads\/usu3025\/2024\/09\/Imatge-convivexit-300x143.jpg 300w, https:\/\/projectes.xtec.cat\/conv2\/wp-content\/uploads\/usu3025\/2024\/09\/Imatge-convivexit-768x366.jpg 768w, https:\/\/projectes.xtec.cat\/conv2\/wp-content\/uploads\/usu3025\/2024\/09\/Imatge-convivexit-1536x733.jpg 1536w, https:\/\/projectes.xtec.cat\/conv2\/wp-content\/uploads\/usu3025\/2024\/09\/Imatge-convivexit.jpg 1855w\" sizes=\"auto, (max-width: 1024px) 100vw, 1024px\" \/><\/figure><\/div>\n\n\n\n<div class=\"wp-block-media-text has-media-on-the-right is-stacked-on-mobile\" style=\"grid-template-columns:auto 45%\"><div class=\"wp-block-media-text__content\">\n<p><a href=\"https:\/\/www.ccma.cat\/tv3\/sx3\/assetjament\/tema\/assetjament\/\">Recursos SX3  de TV3 sobre assetjament escolar<\/a><\/p>\n<\/div><figure class=\"wp-block-media-text__media\"><img loading=\"lazy\" decoding=\"async\" width=\"1024\" height=\"674\" src=\"https:\/\/projectes.xtec.cat\/conv2\/wp-content\/uploads\/usu3025\/2024\/09\/Imatge-recursos-sx3-1024x674.jpg\" alt=\"\" class=\"wp-image-12354 size-full\" srcset=\"https:\/\/projectes.xtec.cat\/conv2\/wp-content\/uploads\/usu3025\/2024\/09\/Imatge-recursos-sx3-1024x674.jpg 1024w, https:\/\/projectes.xtec.cat\/conv2\/wp-content\/uploads\/usu3025\/2024\/09\/Imatge-recursos-sx3-300x197.jpg 300w, https:\/\/projectes.xtec.cat\/conv2\/wp-content\/uploads\/usu3025\/2024\/09\/Imatge-recursos-sx3-768x505.jpg 768w, https:\/\/projectes.xtec.cat\/conv2\/wp-content\/uploads\/usu3025\/2024\/09\/Imatge-recursos-sx3.jpg 1439w\" sizes=\"auto, (max-width: 1024px) 100vw, 1024px\" \/><\/figure><\/div>\n","protected":false},"excerpt":{"rendered":"<p>Les activitats que es poden dur a terme per a millorar la comprensi\u00f3 de l\u2019assetjament escolar poden ser molt diverses: organitzar xerrades informatives, preparar sessions de tutoria tem\u00e0tiques, assistir a formacions, participar en tallers\u2026 Tots aquests coneixements previs s\u00f3n fonamentals a l\u2019hora de fer prevenci\u00f3, ja que s\u00f3n el punt de partida. Aquesta \u00e9s una [&hellip;]<\/p>\n","protected":false},"author":4,"featured_media":0,"parent":9530,"menu_order":2,"comment_status":"closed","ping_status":"closed","template":"","meta":{"site-sidebar-layout":"default","site-content-layout":"","ast-site-content-layout":"default","site-content-style":"default","site-sidebar-style":"default","ast-global-header-display":"","ast-banner-title-visibility":"","ast-main-header-display":"","ast-hfb-above-header-display":"","ast-hfb-below-header-display":"","ast-hfb-mobile-header-display":"","site-post-title":"","ast-breadcrumbs-content":"","ast-featured-img":"","footer-sml-layout":"","theme-transparent-header-meta":"","adv-header-id-meta":"","stick-header-meta":"","header-above-stick-meta":"","header-main-stick-meta":"","header-below-stick-meta":"","astra-migrate-meta-layouts":"set","ast-page-background-enabled":"default","ast-page-background-meta":{"desktop":{"background-color":"var(--ast-global-color-4)","background-image":"","background-repeat":"repeat","background-position":"center center","background-size":"auto","background-attachment":"scroll","background-type":"","background-media":"","overlay-type":"","overlay-color":"","overlay-opacity":"","overlay-gradient":""},"tablet":{"background-color":"","background-image":"","background-repeat":"repeat","background-position":"center center","background-size":"auto","background-attachment":"scroll","background-type":"","background-media":"","overlay-type":"","overlay-color":"","overlay-opacity":"","overlay-gradient":""},"mobile":{"background-color":"","background-image":"","background-repeat":"repeat","background-position":"center center","background-size":"auto","background-attachment":"scroll","background-type":"","background-media":"","overlay-type":"","overlay-color":"","overlay-opacity":"","overlay-gradient":""}},"ast-content-background-meta":{"desktop":{"background-color":"var(--ast-global-color-5)","background-image":"","background-repeat":"repeat","background-position":"center center","background-size":"auto","background-attachment":"scroll","background-type":"","background-media":"","overlay-type":"","overlay-color":"","overlay-opacity":"","overlay-gradient":""},"tablet":{"background-color":"var(--ast-global-color-5)","background-image":"","background-repeat":"repeat","background-position":"center center","background-size":"auto","background-attachment":"scroll","background-type":"","background-media":"","overlay-type":"","overlay-color":"","overlay-opacity":"","overlay-gradient":""},"mobile":{"background-color":"var(--ast-global-color-5)","background-image":"","background-repeat":"repeat","background-position":"center center","background-size":"auto","background-attachment":"scroll","background-type":"","background-media":"","overlay-type":"","overlay-color":"","overlay-opacity":"","overlay-gradient":""}},"footnotes":""},"class_list":["post-9534","page","type-page","status-publish","hentry"],"post_mailing_queue_ids":[],"_links":{"self":[{"href":"https:\/\/projectes.xtec.cat\/conv2\/wp-json\/wp\/v2\/pages\/9534","targetHints":{"allow":["GET"]}}],"collection":[{"href":"https:\/\/projectes.xtec.cat\/conv2\/wp-json\/wp\/v2\/pages"}],"about":[{"href":"https:\/\/projectes.xtec.cat\/conv2\/wp-json\/wp\/v2\/types\/page"}],"author":[{"embeddable":true,"href":"https:\/\/projectes.xtec.cat\/conv2\/wp-json\/wp\/v2\/users\/4"}],"replies":[{"embeddable":true,"href":"https:\/\/projectes.xtec.cat\/conv2\/wp-json\/wp\/v2\/comments?post=9534"}],"version-history":[{"count":5,"href":"https:\/\/projectes.xtec.cat\/conv2\/wp-json\/wp\/v2\/pages\/9534\/revisions"}],"predecessor-version":[{"id":12844,"href":"https:\/\/projectes.xtec.cat\/conv2\/wp-json\/wp\/v2\/pages\/9534\/revisions\/12844"}],"up":[{"embeddable":true,"href":"https:\/\/projectes.xtec.cat\/conv2\/wp-json\/wp\/v2\/pages\/9530"}],"wp:attachment":[{"href":"https:\/\/projectes.xtec.cat\/conv2\/wp-json\/wp\/v2\/media?parent=9534"}],"curies":[{"name":"wp","href":"https:\/\/api.w.org\/{rel}","templated":true}]}}