{"id":9572,"date":"2024-01-18T13:20:08","date_gmt":"2024-01-18T12:20:08","guid":{"rendered":"https:\/\/projectes.xtec.cat\/convivenciapositiva\/?page_id=9572"},"modified":"2024-09-30T09:31:29","modified_gmt":"2024-09-30T07:31:29","slug":"3-1-dequeparlem","status":"publish","type":"page","link":"https:\/\/projectes.xtec.cat\/conv2\/curs-1-prevencio-de-lassetjament-escolar-sensibilitzacio-i-observacio-conscient\/modul-3-lobservacio-conscient-estrategia-de-prevencio-de-lassetjament-escolar\/3-1-dequeparlem\/","title":{"rendered":"3.1 De qu\u00e8 parlem?"},"content":{"rendered":"\n<pre class=\"wp-block-preformatted\"><strong>Qu\u00e8 entenem per observaci\u00f3 conscient?<\/strong><\/pre>\n\n\n\n<figure class=\"wp-block-image aligncenter\"><a href=\"https:\/\/projectes.xtec.cat\/conv2\/wp-content\/uploads\/usu3025\/2024\/01\/Observacio-conscient-3-scaled-1.jpg\"><img loading=\"lazy\" decoding=\"async\" width=\"2560\" height=\"341\" src=\"https:\/\/projectes.xtec.cat\/conv2\/wp-content\/uploads\/usu3025\/2024\/01\/Observacio-conscient-3-scaled-1.jpg\" alt=\"\" class=\"wp-image-9985\" srcset=\"https:\/\/projectes.xtec.cat\/conv2\/wp-content\/uploads\/usu3025\/2024\/01\/Observacio-conscient-3-scaled-1.jpg 2560w, https:\/\/projectes.xtec.cat\/conv2\/wp-content\/uploads\/usu3025\/2024\/01\/Observacio-conscient-3-scaled-1-300x40.jpg 300w, https:\/\/projectes.xtec.cat\/conv2\/wp-content\/uploads\/usu3025\/2024\/01\/Observacio-conscient-3-scaled-1-1024x136.jpg 1024w, https:\/\/projectes.xtec.cat\/conv2\/wp-content\/uploads\/usu3025\/2024\/01\/Observacio-conscient-3-scaled-1-768x102.jpg 768w, https:\/\/projectes.xtec.cat\/conv2\/wp-content\/uploads\/usu3025\/2024\/01\/Observacio-conscient-3-scaled-1-1536x205.jpg 1536w, https:\/\/projectes.xtec.cat\/conv2\/wp-content\/uploads\/usu3025\/2024\/01\/Observacio-conscient-3-scaled-1-2048x273.jpg 2048w\" sizes=\"auto, (max-width: 2560px) 100vw, 2560px\" \/><\/a><\/figure>\n\n\n\n<pre class=\"wp-block-preformatted\">L\u2019observaci\u00f3 conscient suposa tenir una&nbsp;<strong>mirada atenta<\/strong>&nbsp;i constant d\u2019all\u00f2 que est\u00e0 passant al voltant, per aix\u00ed activar l\u2019alarma si es reconeixen indicadors que fan sospitar d\u2019alguna situaci\u00f3 poc saludable.<\/pre>\n\n\n\n<figure class=\"wp-block-image aligncenter\"><a href=\"https:\/\/projectes.xtec.cat\/conv2\/wp-content\/uploads\/usu3025\/2024\/01\/observacio-conscient.jpg\"><img loading=\"lazy\" decoding=\"async\" width=\"1024\" height=\"522\" src=\"https:\/\/projectes.xtec.cat\/conv2\/wp-content\/uploads\/usu3025\/2024\/01\/observacio-conscient-1024x522.jpg\" alt=\"\" class=\"wp-image-9753\" srcset=\"https:\/\/projectes.xtec.cat\/conv2\/wp-content\/uploads\/usu3025\/2024\/01\/observacio-conscient-1024x522.jpg 1024w, https:\/\/projectes.xtec.cat\/conv2\/wp-content\/uploads\/usu3025\/2024\/01\/observacio-conscient-300x153.jpg 300w, https:\/\/projectes.xtec.cat\/conv2\/wp-content\/uploads\/usu3025\/2024\/01\/observacio-conscient-768x391.jpg 768w, https:\/\/projectes.xtec.cat\/conv2\/wp-content\/uploads\/usu3025\/2024\/01\/observacio-conscient-1536x782.jpg 1536w, https:\/\/projectes.xtec.cat\/conv2\/wp-content\/uploads\/usu3025\/2024\/01\/observacio-conscient.jpg 1765w\" sizes=\"auto, (max-width: 1024px) 100vw, 1024px\" \/><\/a><\/figure>\n\n\n\n<pre class=\"wp-block-preformatted\">En el <a class=\"urlextern\" title=\"https:\/\/educacio.gencat.cat\/ca\/departament\/publicacions\/protocols\/actuacio-davant-violencia-ambit-educatiu\/\" href=\"https:\/\/educacio.gencat.cat\/ca\/departament\/publicacions\/protocols\/actuacio-davant-violencia-ambit-educatiu\/\" target=\"_blank\" rel=\"nofollow noopener\">Protocol d\u2019actuaci\u00f3 davant de qualsevol tipus de viol\u00e8ncia en l\u2019\u00e0mbit educatiu<\/a>&nbsp;es poden trobar&nbsp;<strong>indicadors de sospita<\/strong> o coneixement de diversos tipus de viol\u00e8ncia, i en concret, els indicadors d\u2019assetjament i\/o ciberassetjament escolar. (vegeu annex 7.1.4. Indicadors de coneixement o sospita de diversos tipus de viol\u00e8ncia).<\/pre>\n\n\n\n<pre class=\"wp-block-preformatted\">Aquests indicadors estan classificats segons si s\u00f3n de tipus f\u00edsics, conductuals, en relaci\u00f3 amb l'\u00fas d\u2019eines tecnol\u00f2giques, emocionals o relacionals.<\/pre>\n\n\n\n<figure class=\"wp-block-image aligncenter\"><a class=\"media\" href=\"https:\/\/ateneu.xtec.cat\/wikiform\/wikiexport\/_detail\/cmd\/eif\/prae\/modul_3\/indicadors_fisics.png?id=cmd%3Aeif%3Aprae%3Amodul_3%3Aapartat_1\" target=\"_blank\" rel=\"noopener\"><img decoding=\"async\" src=\"https:\/\/ateneu.xtec.cat\/wikiform\/wikiexport\/_media\/cmd\/eif\/prae\/modul_3\/indicadors_fisics.png?w=800&amp;tok=8dcd0d\" alt=\"\"\/><\/a><\/figure>\n\n\n\n<figure class=\"wp-block-image aligncenter\"><a class=\"media\" href=\"https:\/\/ateneu.xtec.cat\/wikiform\/wikiexport\/_detail\/cmd\/eif\/prae\/modul_3\/indicadors_emocionals.png?id=cmd%3Aeif%3Aprae%3Amodul_3%3Aapartat_1\" target=\"_blank\" rel=\"noopener\"><img decoding=\"async\" src=\"https:\/\/ateneu.xtec.cat\/wikiform\/wikiexport\/_media\/cmd\/eif\/prae\/modul_3\/indicadors_emocionals.png?w=800&amp;tok=c7f360\" alt=\"\"\/><\/a><\/figure>\n\n\n\n<figure class=\"wp-block-image aligncenter\"><a class=\"media\" href=\"https:\/\/ateneu.xtec.cat\/wikiform\/wikiexport\/_detail\/cmd\/eif\/prae\/modul_3\/indicadors_us_eines_digitals.png?id=cmd%3Aeif%3Aprae%3Amodul_3%3Aapartat_1\" target=\"_blank\" rel=\"noopener\"><img decoding=\"async\" src=\"https:\/\/ateneu.xtec.cat\/wikiform\/wikiexport\/_media\/cmd\/eif\/prae\/modul_3\/indicadors_us_eines_digitals.png?w=800&amp;tok=1bd04f\" alt=\"\"\/><\/a><\/figure>\n\n\n\n<div class=\"wp-block-media-text is-stacked-on-mobile\" style=\"grid-template-columns:15% auto\"><figure class=\"wp-block-media-text__media\"><img loading=\"lazy\" decoding=\"async\" width=\"451\" height=\"472\" src=\"https:\/\/projectes.xtec.cat\/conv2\/wp-content\/uploads\/usu3025\/2024\/09\/rol-victima-1.jpg\" alt=\"\" class=\"wp-image-12271 size-full\" srcset=\"https:\/\/projectes.xtec.cat\/conv2\/wp-content\/uploads\/usu3025\/2024\/09\/rol-victima-1.jpg 451w, https:\/\/projectes.xtec.cat\/conv2\/wp-content\/uploads\/usu3025\/2024\/09\/rol-victima-1-287x300.jpg 287w\" sizes=\"auto, (max-width: 451px) 100vw, 451px\" \/><\/figure><div class=\"wp-block-media-text__content\">\n<pre class=\"wp-block-preformatted\">Com que l\u2019alumnat en rol de v\u00edctima es troba en una&nbsp;<strong>posici\u00f3 d\u2019indefensi\u00f3<\/strong>&nbsp;enfront de qui l\u2019intimida, aix\u00f2 li dificulta poder compartir el que est\u00e0 vivint, per tant, \u00e9s molt important que aquests indicadors siguin coneguts pel personal docent, per\u00f2 tamb\u00e9 per l\u2019alumnat i el resta de membres de la comunitat educativa.<\/pre>\n<\/div><\/div>\n\n\n\n<div class=\"wp-block-media-text is-stacked-on-mobile\" style=\"grid-template-columns:15% auto\"><figure class=\"wp-block-media-text__media\"><img loading=\"lazy\" decoding=\"async\" width=\"497\" height=\"493\" src=\"https:\/\/projectes.xtec.cat\/conv2\/wp-content\/uploads\/usu3025\/2024\/01\/Activacio-situacio-alerta.jpg\" alt=\"\" class=\"wp-image-9759 size-full\" srcset=\"https:\/\/projectes.xtec.cat\/conv2\/wp-content\/uploads\/usu3025\/2024\/01\/Activacio-situacio-alerta.jpg 497w, https:\/\/projectes.xtec.cat\/conv2\/wp-content\/uploads\/usu3025\/2024\/01\/Activacio-situacio-alerta-300x298.jpg 300w, https:\/\/projectes.xtec.cat\/conv2\/wp-content\/uploads\/usu3025\/2024\/01\/Activacio-situacio-alerta-150x150.jpg 150w\" sizes=\"auto, (max-width: 497px) 100vw, 497px\" \/><\/figure><div class=\"wp-block-media-text__content\">\n<pre class=\"wp-block-preformatted\">\u00c9s essencial tenir estructurada l\u2019estrat\u00e8gia de centre amb relaci\u00f3 a la detecci\u00f3 preventiva continuada per tal&nbsp;<strong>d\u2019activar una situaci\u00f3 d\u2019alerta<\/strong>&nbsp;quan algun membre de la comunitat educativa en sigui coneixedor.<\/pre>\n<\/div><\/div>\n\n\n\n<p><\/p>\n\n\n\n<figure class=\"wp-block-image aligncenter\"><a href=\"https:\/\/projectes.xtec.cat\/conv2\/wp-content\/uploads\/usu3025\/2024\/01\/Que-hem-dobservar.jpg\"><img loading=\"lazy\" decoding=\"async\" width=\"1024\" height=\"459\" src=\"https:\/\/projectes.xtec.cat\/conv2\/wp-content\/uploads\/usu3025\/2024\/01\/Que-hem-dobservar-1024x459.jpg\" alt=\"\" class=\"wp-image-9762\" srcset=\"https:\/\/projectes.xtec.cat\/conv2\/wp-content\/uploads\/usu3025\/2024\/01\/Que-hem-dobservar-1024x459.jpg 1024w, https:\/\/projectes.xtec.cat\/conv2\/wp-content\/uploads\/usu3025\/2024\/01\/Que-hem-dobservar-300x134.jpg 300w, https:\/\/projectes.xtec.cat\/conv2\/wp-content\/uploads\/usu3025\/2024\/01\/Que-hem-dobservar-768x344.jpg 768w, https:\/\/projectes.xtec.cat\/conv2\/wp-content\/uploads\/usu3025\/2024\/01\/Que-hem-dobservar-1536x688.jpg 1536w, https:\/\/projectes.xtec.cat\/conv2\/wp-content\/uploads\/usu3025\/2024\/01\/Que-hem-dobservar.jpg 1739w\" sizes=\"auto, (max-width: 1024px) 100vw, 1024px\" \/><\/a><\/figure>\n","protected":false},"excerpt":{"rendered":"<p>Qu\u00e8 entenem per observaci\u00f3 conscient? L\u2019observaci\u00f3 conscient suposa tenir una&nbsp;mirada atenta&nbsp;i constant d\u2019all\u00f2 que est\u00e0 passant al voltant, per aix\u00ed activar l\u2019alarma si es reconeixen indicadors que fan sospitar d\u2019alguna situaci\u00f3 poc saludable. En el Protocol d\u2019actuaci\u00f3 davant de qualsevol tipus de viol\u00e8ncia en l\u2019\u00e0mbit educatiu&nbsp;es poden trobar&nbsp;indicadors de sospita o coneixement de diversos tipus [&hellip;]<\/p>\n","protected":false},"author":4,"featured_media":0,"parent":9569,"menu_order":1,"comment_status":"closed","ping_status":"closed","template":"","meta":{"site-sidebar-layout":"default","site-content-layout":"","ast-site-content-layout":"default","site-content-style":"default","site-sidebar-style":"default","ast-global-header-display":"","ast-banner-title-visibility":"","ast-main-header-display":"","ast-hfb-above-header-display":"","ast-hfb-below-header-display":"","ast-hfb-mobile-header-display":"","site-post-title":"","ast-breadcrumbs-content":"","ast-featured-img":"","footer-sml-layout":"","theme-transparent-header-meta":"","adv-header-id-meta":"","stick-header-meta":"","header-above-stick-meta":"","header-main-stick-meta":"","header-below-stick-meta":"","astra-migrate-meta-layouts":"set","ast-page-background-enabled":"default","ast-page-background-meta":{"desktop":{"background-color":"var(--ast-global-color-4)","background-image":"","background-repeat":"repeat","background-position":"center center","background-size":"auto","background-attachment":"scroll","background-type":"","background-media":"","overlay-type":"","overlay-color":"","overlay-opacity":"","overlay-gradient":""},"tablet":{"background-color":"","background-image":"","background-repeat":"repeat","background-position":"center center","background-size":"auto","background-attachment":"scroll","background-type":"","background-media":"","overlay-type":"","overlay-color":"","overlay-opacity":"","overlay-gradient":""},"mobile":{"background-color":"","background-image":"","background-repeat":"repeat","background-position":"center center","background-size":"auto","background-attachment":"scroll","background-type":"","background-media":"","overlay-type":"","overlay-color":"","overlay-opacity":"","overlay-gradient":""}},"ast-content-background-meta":{"desktop":{"background-color":"var(--ast-global-color-5)","background-image":"","background-repeat":"repeat","background-position":"center center","background-size":"auto","background-attachment":"scroll","background-type":"","background-media":"","overlay-type":"","overlay-color":"","overlay-opacity":"","overlay-gradient":""},"tablet":{"background-color":"var(--ast-global-color-5)","background-image":"","background-repeat":"repeat","background-position":"center center","background-size":"auto","background-attachment":"scroll","background-type":"","background-media":"","overlay-type":"","overlay-color":"","overlay-opacity":"","overlay-gradient":""},"mobile":{"background-color":"var(--ast-global-color-5)","background-image":"","background-repeat":"repeat","background-position":"center center","background-size":"auto","background-attachment":"scroll","background-type":"","background-media":"","overlay-type":"","overlay-color":"","overlay-opacity":"","overlay-gradient":""}},"footnotes":""},"class_list":["post-9572","page","type-page","status-publish","hentry"],"post_mailing_queue_ids":[],"_links":{"self":[{"href":"https:\/\/projectes.xtec.cat\/conv2\/wp-json\/wp\/v2\/pages\/9572","targetHints":{"allow":["GET"]}}],"collection":[{"href":"https:\/\/projectes.xtec.cat\/conv2\/wp-json\/wp\/v2\/pages"}],"about":[{"href":"https:\/\/projectes.xtec.cat\/conv2\/wp-json\/wp\/v2\/types\/page"}],"author":[{"embeddable":true,"href":"https:\/\/projectes.xtec.cat\/conv2\/wp-json\/wp\/v2\/users\/4"}],"replies":[{"embeddable":true,"href":"https:\/\/projectes.xtec.cat\/conv2\/wp-json\/wp\/v2\/comments?post=9572"}],"version-history":[{"count":3,"href":"https:\/\/projectes.xtec.cat\/conv2\/wp-json\/wp\/v2\/pages\/9572\/revisions"}],"predecessor-version":[{"id":12381,"href":"https:\/\/projectes.xtec.cat\/conv2\/wp-json\/wp\/v2\/pages\/9572\/revisions\/12381"}],"up":[{"embeddable":true,"href":"https:\/\/projectes.xtec.cat\/conv2\/wp-json\/wp\/v2\/pages\/9569"}],"wp:attachment":[{"href":"https:\/\/projectes.xtec.cat\/conv2\/wp-json\/wp\/v2\/media?parent=9572"}],"curies":[{"name":"wp","href":"https:\/\/api.w.org\/{rel}","templated":true}]}}