{"id":9574,"date":"2024-01-18T13:20:33","date_gmt":"2024-01-18T12:20:33","guid":{"rendered":"https:\/\/projectes.xtec.cat\/convivenciapositiva\/?page_id=9574"},"modified":"2025-12-18T12:48:03","modified_gmt":"2025-12-18T11:48:03","slug":"3-2-observacio-del-benestar","status":"publish","type":"page","link":"https:\/\/projectes.xtec.cat\/conv2\/curs-1-prevencio-de-lassetjament-escolar-sensibilitzacio-i-observacio-conscient\/modul-3-lobservacio-conscient-estrategia-de-prevencio-de-lassetjament-escolar\/3-2-observacio-del-benestar\/","title":{"rendered":"3.2 Observaci\u00f3 del benestar"},"content":{"rendered":"\n<pre class=\"wp-block-preformatted\">Quan es parla d\u2019<strong>observar el benestar<\/strong>, es parla fonamentalment d\u2019acollir la&nbsp;<strong>salut integral<\/strong> de qui forma&nbsp;part de la comunitat educativa. Des d\u2019aquesta perspectiva de salut, s\u2019ha de poder revisar no \u00fanicament les relacions saludables, sin\u00f3 endinsar-se en la salut de cada persona apostant per l\u2019observaci\u00f3 de les seves dimensions de salut: f\u00edsica, salut mental, salut emocional i salut espiritual (OMS).&nbsp;<\/pre>\n\n\n\n<figure class=\"wp-block-image alignleft is-resized\"><a href=\"https:\/\/projectes.xtec.cat\/conv2\/wp-content\/uploads\/usu3025\/2024\/01\/Creences.jpg\"><img loading=\"lazy\" decoding=\"async\" width=\"432\" height=\"500\" src=\"https:\/\/projectes.xtec.cat\/conv2\/wp-content\/uploads\/usu3025\/2024\/01\/Creences.jpg\" alt=\"\" class=\"wp-image-9715\" style=\"width:75px;height:auto\" srcset=\"https:\/\/projectes.xtec.cat\/conv2\/wp-content\/uploads\/usu3025\/2024\/01\/Creences.jpg 432w, https:\/\/projectes.xtec.cat\/conv2\/wp-content\/uploads\/usu3025\/2024\/01\/Creences-259x300.jpg 259w\" sizes=\"auto, (max-width: 432px) 100vw, 432px\" \/><\/a><\/figure>\n\n\n\n<p>En aquest sentit, \u00e9s necessari involucrar la&nbsp;<strong>comissi\u00f3 de conviv\u00e8ncia<\/strong>&nbsp;conjuntament amb el coordinador o coordinadora de coeducaci\u00f3, conviv\u00e8ncia i benestar de l\u2019alumnat en l\u2019observaci\u00f3 del benestar dins del centre educatiu, entre altres moltes tasques relacionades amb el seguiment i l\u2019avaluaci\u00f3 anual del projecte de conviv\u00e8ncia.<\/p>\n\n\n\n<pre class=\"wp-block-preformatted\">Les diferents estrat\u00e8gies d\u2019observaci\u00f3 de benestar al centre educatiu s\u2019han de programar en els 3 \u00e0mbits recollits al Projecte de Conviv\u00e8ncia:&nbsp;<strong>aula, centre i entorn<\/strong>.<\/pre>\n\n\n\n<h2 class=\"wp-block-heading has-background\" style=\"background-color:#ff8578\"><strong><em>3.2.1 Proposta de din\u00e0mica d&#8217;aula<\/em><\/strong><\/h2>\n\n\n\n<div class=\"wp-block-buttons is-layout-flex wp-block-buttons-is-layout-flex\">\n<div class=\"wp-block-button is-style-fill\"><a class=\"wp-block-button__link has-background wp-element-button\" href=\"https:\/\/docs.google.com\/document\/d\/1gLD-DjspJ41ypNYYdobNg4K34cYp6K5E\/edit?usp=sharing&amp;ouid=111618243243701875186&amp;rtpof=true&amp;sd=true\" style=\"background-color:#ff8578\" target=\"_blank\" rel=\"noreferrer noopener\">La diana<\/a><\/div>\n\n\n\n<div class=\"wp-block-button\"><a class=\"wp-block-button__link has-background wp-element-button\" href=\"https:\/\/docs.google.com\/document\/d\/1iptf6L9Tu34ezwLBfH4CtMOYQAD8XVqz\/edit?usp=sharing&amp;ouid=111618243243701875186&amp;rtpof=true&amp;sd=true\" style=\"background-color:#ff8578\" target=\"_blank\" rel=\"noreferrer noopener\">El term\u00f2metre<\/a><\/div>\n\n\n\n<div class=\"wp-block-button is-style-fill\"><a class=\"wp-block-button__link has-background wp-element-button\" href=\"https:\/\/docs.google.com\/document\/d\/14UvWRzjAMc_tvDWfU4GdfiCltek0vBru\/edit?usp=sharing&amp;ouid=111618243243701875186&amp;rtpof=true&amp;sd=true\" style=\"background-color:#ff8578\" target=\"_blank\" rel=\"noreferrer noopener\">El bar\u00f2metre<\/a><\/div>\n\n\n\n<div class=\"wp-block-button is-style-fill\"><a class=\"wp-block-button__link has-background wp-element-button\" href=\"https:\/\/docs.google.com\/document\/d\/16Ks8wDNpKxziDgre_RnoDWig_oSZGR6O\/edit?usp=sharing&amp;ouid=111618243243701875186&amp;rtpof=true&amp;sd=true\" style=\"background-color:#ff8578\" target=\"_blank\" rel=\"noreferrer noopener\">A favor\/En contra<\/a><\/div>\n\n\n\n<div class=\"wp-block-button is-style-fill\"><a class=\"wp-block-button__link has-background wp-element-button\" href=\"https:\/\/docs.google.com\/document\/d\/1T57tT_fqhtBq-yE3p4QJBADtQ0RsxpUU\/edit?usp=sharing&amp;ouid=111618243243701875186&amp;rtpof=true&amp;sd=true\" style=\"background-color:#ff8578\" target=\"_blank\" rel=\"noreferrer noopener\">Avaluaci\u00f3 figuro anal\u00f2gica<\/a><\/div>\n\n\n\n<div class=\"wp-block-button is-style-fill\"><a class=\"wp-block-button__link has-background wp-element-button\" href=\"https:\/\/docs.google.com\/document\/d\/1lUNM9Ugi1U-XmYyyRvc43YhiXnP3lhDB\/edit?usp=sharing&amp;ouid=111618243243701875186&amp;rtpof=true&amp;sd=true\" style=\"background-color:#ff8578\" target=\"_blank\" rel=\"noreferrer noopener\">El sem\u00e0for<\/a><\/div>\n\n\n\n<div class=\"wp-block-button is-style-fill\"><a class=\"wp-block-button__link has-background wp-element-button\" href=\"https:\/\/docs.google.com\/document\/d\/1I-5tEGWap9NqP-YymPf3iYA7CS5467pg\/edit?usp=sharing&amp;ouid=111618243243701875186&amp;rtpof=true&amp;sd=true\" style=\"background-color:#ff8578\" target=\"_blank\" rel=\"noreferrer noopener\">La b\u00fastia d&#8217;aula<\/a><\/div>\n<\/div>\n\n\n\n<h2 class=\"wp-block-heading has-background\" style=\"background-color:#ff8578\"><strong><em>3.2.2 Banc de recursos<\/em><\/strong><\/h2>\n\n\n\n<figure class=\"wp-block-table\"><table><tbody><tr><td>\n<h3 class=\"li\">Tutories individuals, <a href=\"https:\/\/docs.google.com\/document\/d\/12QG-4tFCeFG6I2eQO2eUUnFMCgvhDn_Gm_vLStaC6co\/edit\">entrevistes a fam\u00edlies.<\/a><\/h3>\n<\/td><td><a href=\"https:\/\/projectes.xtec.cat\/conv2\/wp-content\/uploads\/usu3025\/2024\/01\/Imatge-entrevistes-amb-les-families.jpg\"><img loading=\"lazy\" decoding=\"async\" class=\"aligncenter size-large wp-image-10055\" src=\"https:\/\/projectes.xtec.cat\/conv2\/wp-content\/uploads\/usu3025\/2024\/01\/Imatge-entrevistes-amb-les-families-1024x795.jpg\" alt=\"\" width=\"1024\" height=\"795\" srcset=\"https:\/\/projectes.xtec.cat\/conv2\/wp-content\/uploads\/usu3025\/2024\/01\/Imatge-entrevistes-amb-les-families-1024x795.jpg 1024w, https:\/\/projectes.xtec.cat\/conv2\/wp-content\/uploads\/usu3025\/2024\/01\/Imatge-entrevistes-amb-les-families-300x233.jpg 300w, https:\/\/projectes.xtec.cat\/conv2\/wp-content\/uploads\/usu3025\/2024\/01\/Imatge-entrevistes-amb-les-families-768x596.jpg 768w, https:\/\/projectes.xtec.cat\/conv2\/wp-content\/uploads\/usu3025\/2024\/01\/Imatge-entrevistes-amb-les-families.jpg 1109w\" sizes=\"auto, (max-width: 1024px) 100vw, 1024px\" \/><\/a><\/td><\/tr><tr><td>\n<h3 class=\"li\"><a class=\"urlextern\" title=\"https:\/\/xtec.gencat.cat\/web\/.content\/comunitat\/escolaifamilia\/recursos\/participacio\/eines\/Redissenyar-la-reunio-dinici-de-curs-.pdf\" href=\"https:\/\/xtec.gencat.cat\/web\/.content\/comunitat\/escolaifamilia\/recursos\/participacio\/eines\/Redissenyar-la-reunio-dinici-de-curs-.pdf\" target=\"_blank\" rel=\"nofollow noopener\">Reunions d\u2019inici de curs p<\/a><a class=\"urlextern\" title=\"https:\/\/xtec.gencat.cat\/web\/.content\/comunitat\/escolaifamilia\/recursos\/participacio\/eines\/Redissenyar-la-reunio-dinici-de-curs-.pdf\" href=\"https:\/\/xtec.gencat.cat\/web\/.content\/comunitat\/escolaifamilia\/recursos\/participacio\/eines\/Redissenyar-la-reunio-dinici-de-curs-.pdf\" target=\"_blank\" rel=\"nofollow noopener\">articipatives.<\/a><\/h3>\n<\/td><td><a href=\"https:\/\/projectes.xtec.cat\/conv2\/wp-content\/uploads\/usu3025\/2024\/01\/Imatge-reunions-families-participatives.jpg\"><img loading=\"lazy\" decoding=\"async\" class=\"aligncenter size-large wp-image-10053\" src=\"https:\/\/projectes.xtec.cat\/conv2\/wp-content\/uploads\/usu3025\/2024\/01\/Imatge-reunions-families-participatives-1024x621.jpg\" alt=\"\" width=\"1024\" height=\"621\" srcset=\"https:\/\/projectes.xtec.cat\/conv2\/wp-content\/uploads\/usu3025\/2024\/01\/Imatge-reunions-families-participatives-1024x621.jpg 1024w, https:\/\/projectes.xtec.cat\/conv2\/wp-content\/uploads\/usu3025\/2024\/01\/Imatge-reunions-families-participatives-300x182.jpg 300w, https:\/\/projectes.xtec.cat\/conv2\/wp-content\/uploads\/usu3025\/2024\/01\/Imatge-reunions-families-participatives-768x466.jpg 768w, https:\/\/projectes.xtec.cat\/conv2\/wp-content\/uploads\/usu3025\/2024\/01\/Imatge-reunions-families-participatives.jpg 1149w\" sizes=\"auto, (max-width: 1024px) 100vw, 1024px\" \/><\/a><\/td><\/tr><tr><td>\n<h3>Q\u00fcestionari de satisfacci\u00f3 (aplicat a tota la comunitat educativa).<\/h3>\n<\/td><td><a href=\"https:\/\/projectes.xtec.cat\/conv2\/wp-content\/uploads\/usu3025\/2024\/01\/formulari-google.jpg\"><img loading=\"lazy\" decoding=\"async\" class=\"aligncenter size-full wp-image-10057\" src=\"https:\/\/projectes.xtec.cat\/conv2\/wp-content\/uploads\/usu3025\/2024\/01\/formulari-google.jpg\" alt=\"\" width=\"943\" height=\"657\" srcset=\"https:\/\/projectes.xtec.cat\/conv2\/wp-content\/uploads\/usu3025\/2024\/01\/formulari-google.jpg 943w, https:\/\/projectes.xtec.cat\/conv2\/wp-content\/uploads\/usu3025\/2024\/01\/formulari-google-300x209.jpg 300w, https:\/\/projectes.xtec.cat\/conv2\/wp-content\/uploads\/usu3025\/2024\/01\/formulari-google-768x535.jpg 768w\" sizes=\"auto, (max-width: 943px) 100vw, 943px\" \/><\/a><\/td><\/tr><tr><td>\n<h3><a class=\"urlextern\" title=\"https:\/\/educacio.gencat.cat\/ca\/arees-actuacio\/families\/recursos\/enquestes\/index.html\" href=\"https:\/\/educacio.gencat.cat\/ca\/arees-actuacio\/families\/recursos\/enquestes\/index.html\" target=\"_blank\" rel=\"nofollow noopener\">Enquestes d\u2019autoconeixement<\/a>&nbsp;dirigides a fam\u00edlies amb relaci\u00f3 a diferents aspectes com l\u2019educaci\u00f3 socioemocional, el respecte, prevenci\u00f3 de conductes d\u2019odi i discriminaci\u00f3, \u2026<\/h3>\n<\/td><td><a href=\"https:\/\/projectes.xtec.cat\/conv2\/wp-content\/uploads\/usu3025\/2024\/01\/Imatge-enquestes-dautoconeixement.jpg\"><img loading=\"lazy\" decoding=\"async\" class=\"aligncenter size-large wp-image-10054\" src=\"https:\/\/projectes.xtec.cat\/conv2\/wp-content\/uploads\/usu3025\/2024\/01\/Imatge-enquestes-dautoconeixement-1024x491.jpg\" alt=\"\" width=\"1024\" height=\"491\" srcset=\"https:\/\/projectes.xtec.cat\/conv2\/wp-content\/uploads\/usu3025\/2024\/01\/Imatge-enquestes-dautoconeixement-1024x491.jpg 1024w, https:\/\/projectes.xtec.cat\/conv2\/wp-content\/uploads\/usu3025\/2024\/01\/Imatge-enquestes-dautoconeixement-300x144.jpg 300w, https:\/\/projectes.xtec.cat\/conv2\/wp-content\/uploads\/usu3025\/2024\/01\/Imatge-enquestes-dautoconeixement-768x368.jpg 768w, https:\/\/projectes.xtec.cat\/conv2\/wp-content\/uploads\/usu3025\/2024\/01\/Imatge-enquestes-dautoconeixement-1536x736.jpg 1536w, https:\/\/projectes.xtec.cat\/conv2\/wp-content\/uploads\/usu3025\/2024\/01\/Imatge-enquestes-dautoconeixement.jpg 1789w\" sizes=\"auto, (max-width: 1024px) 100vw, 1024px\" \/><\/a><\/td><\/tr><\/tbody><\/table><\/figure>\n","protected":false},"excerpt":{"rendered":"<p>Quan es parla d\u2019observar el benestar, es parla fonamentalment d\u2019acollir la&nbsp;salut integral de qui forma&nbsp;part de la comunitat educativa. Des d\u2019aquesta perspectiva de salut, s\u2019ha de poder revisar no \u00fanicament les relacions saludables, sin\u00f3 endinsar-se en la salut de cada persona apostant per l\u2019observaci\u00f3 de les seves dimensions de salut: f\u00edsica, salut mental, salut emocional [&hellip;]<\/p>\n","protected":false},"author":4,"featured_media":0,"parent":9569,"menu_order":2,"comment_status":"closed","ping_status":"closed","template":"","meta":{"site-sidebar-layout":"default","site-content-layout":"","ast-site-content-layout":"default","site-content-style":"default","site-sidebar-style":"default","ast-global-header-display":"","ast-banner-title-visibility":"","ast-main-header-display":"","ast-hfb-above-header-display":"","ast-hfb-below-header-display":"","ast-hfb-mobile-header-display":"","site-post-title":"","ast-breadcrumbs-content":"","ast-featured-img":"","footer-sml-layout":"","theme-transparent-header-meta":"","adv-header-id-meta":"","stick-header-meta":"","header-above-stick-meta":"","header-main-stick-meta":"","header-below-stick-meta":"","astra-migrate-meta-layouts":"set","ast-page-background-enabled":"default","ast-page-background-meta":{"desktop":{"background-color":"var(--ast-global-color-4)","background-image":"","background-repeat":"repeat","background-position":"center center","background-size":"auto","background-attachment":"scroll","background-type":"","background-media":"","overlay-type":"","overlay-color":"","overlay-opacity":"","overlay-gradient":""},"tablet":{"background-color":"","background-image":"","background-repeat":"repeat","background-position":"center center","background-size":"auto","background-attachment":"scroll","background-type":"","background-media":"","overlay-type":"","overlay-color":"","overlay-opacity":"","overlay-gradient":""},"mobile":{"background-color":"","background-image":"","background-repeat":"repeat","background-position":"center center","background-size":"auto","background-attachment":"scroll","background-type":"","background-media":"","overlay-type":"","overlay-color":"","overlay-opacity":"","overlay-gradient":""}},"ast-content-background-meta":{"desktop":{"background-color":"var(--ast-global-color-5)","background-image":"","background-repeat":"repeat","background-position":"center center","background-size":"auto","background-attachment":"scroll","background-type":"","background-media":"","overlay-type":"","overlay-color":"","overlay-opacity":"","overlay-gradient":""},"tablet":{"background-color":"var(--ast-global-color-5)","background-image":"","background-repeat":"repeat","background-position":"center center","background-size":"auto","background-attachment":"scroll","background-type":"","background-media":"","overlay-type":"","overlay-color":"","overlay-opacity":"","overlay-gradient":""},"mobile":{"background-color":"var(--ast-global-color-5)","background-image":"","background-repeat":"repeat","background-position":"center center","background-size":"auto","background-attachment":"scroll","background-type":"","background-media":"","overlay-type":"","overlay-color":"","overlay-opacity":"","overlay-gradient":""}},"footnotes":""},"class_list":["post-9574","page","type-page","status-publish","hentry"],"post_mailing_queue_ids":[],"_links":{"self":[{"href":"https:\/\/projectes.xtec.cat\/conv2\/wp-json\/wp\/v2\/pages\/9574","targetHints":{"allow":["GET"]}}],"collection":[{"href":"https:\/\/projectes.xtec.cat\/conv2\/wp-json\/wp\/v2\/pages"}],"about":[{"href":"https:\/\/projectes.xtec.cat\/conv2\/wp-json\/wp\/v2\/types\/page"}],"author":[{"embeddable":true,"href":"https:\/\/projectes.xtec.cat\/conv2\/wp-json\/wp\/v2\/users\/4"}],"replies":[{"embeddable":true,"href":"https:\/\/projectes.xtec.cat\/conv2\/wp-json\/wp\/v2\/comments?post=9574"}],"version-history":[{"count":6,"href":"https:\/\/projectes.xtec.cat\/conv2\/wp-json\/wp\/v2\/pages\/9574\/revisions"}],"predecessor-version":[{"id":12897,"href":"https:\/\/projectes.xtec.cat\/conv2\/wp-json\/wp\/v2\/pages\/9574\/revisions\/12897"}],"up":[{"embeddable":true,"href":"https:\/\/projectes.xtec.cat\/conv2\/wp-json\/wp\/v2\/pages\/9569"}],"wp:attachment":[{"href":"https:\/\/projectes.xtec.cat\/conv2\/wp-json\/wp\/v2\/media?parent=9574"}],"curies":[{"name":"wp","href":"https:\/\/api.w.org\/{rel}","templated":true}]}}