{"id":8435,"date":"2022-04-19T12:34:00","date_gmt":"2022-04-19T10:34:00","guid":{"rendered":"https:\/\/projectes.xtec.cat\/convivenciapositiva\/?page_id=8435"},"modified":"2024-02-19T14:07:54","modified_gmt":"2024-02-19T13:07:54","slug":"formacio-2","status":"publish","type":"page","link":"https:\/\/projectes.xtec.cat\/convivenciapositiva\/formacio-2\/","title":{"rendered":"Formaci\u00f3"},"content":{"rendered":"<p>Formaci\u00f3 que ofereix el Servei d&#8217;Escola i Fam\u00edlies:<\/p>\n<p><a href=\"http:\/\/xtec.gencat.cat\/ca\/formacio\/formaciogeneralprofessorat\/convivencia_families_entorn\/\">Conviv\u00e8ncia, fam\u00edlies i entorn. XTEC<\/a><\/p>\n<ul style=\"list-style-type: circle;\">\n<li>Escola i Fam\u00edlia. Corresponsabilitat i \u00e8xit educatiu<\/li>\n<li>Comunitats d&#8217;aprenentatge (curs de sensibilitzaci\u00f3)<\/li>\n<li>Comunitats d&#8217;aprenentatge (taller d&#8217;actualitzaci\u00f3)<\/li>\n<li>Comunicaci\u00f3 Fam\u00edlies i Escola<\/li>\n<li>Enfocament restauratiu<\/li>\n<li>Enfocament restauratiu i mediaci\u00f3<\/li>\n<li>Prevenci\u00f3 de la viol\u00e8ncia masclista en l&#8217;\u00e0mbit educatiu<\/li>\n<li>Viure (aprendre i ensenyar) els drets de la inf\u00e0ncia a l&#8217;escola<\/li>\n<li><a href=\"https:\/\/projectes.xtec.cat\/convivenciapositiva\/curs-1-prevencio-de-lassetjament-escolar-sensibilitzacio-i-observacio-conscient\/\">Prevenci\u00f3 de l&#8217;assetjament escolar: sensibilitzaci\u00f3 i observaci\u00f3 conscient.<\/a><\/li>\n<\/ul>\n<p><a href=\"http:\/\/xtec.gencat.cat\/ca\/formacio\/formacio-estiu\/convivencia-positiva\/\">Formaci\u00f3 d&#8217;estiu<\/a>:<\/p>\n<ul style=\"list-style-type: circle;\">\n<li>Escola i Fam\u00edlia. Corresponsabilitat i \u00e8xit educatiu<\/li>\n<li>Prevenci\u00f3 de la viol\u00e8ncia masclista en l&#8217;\u00e0mbit educatiu<\/li>\n<\/ul>\n<p>&nbsp;<\/p>\n","protected":false},"excerpt":{"rendered":"<p>Formaci\u00f3 que ofereix el Servei d&#8217;Escola i Fam\u00edlies:<br \/>\n<a href=\"http:\/\/xtec.gencat.cat\/ca\/formacio\/formaciogeneralprofessorat\/convivencia_families_entorn\/\">Conviv\u00e8ncia, fam\u00edlies i entorn. XTEC<\/a><\/p>\n<ul style=\"list-style-type: circle;\">\n<li>Escola i Fam\u00edlia. Corresponsabilitat i \u00e8xit educatiu<\/li>\n<li>Comunitats d&#8217;aprenentatge (curs de sensibilitzaci\u00f3)<\/li>\n<li>Comunitats d&#8217;aprenentatge (taller d&#8217;actualitzaci\u00f3)<\/li>\n<li>Comunicaci\u00f3 Fam\u00edlies i Escola<\/li>\n<li>Enfocament restauratiu<\/li>\n<li>Enfocament restauratiu i mediaci\u00f3<\/li>\n<li>Prevenci\u00f3 de la viol\u00e8ncia masclista en l&#8217;\u00e0mbit educatiu<\/li>\n<li>Viure (aprendre i ensenyar)&hellip;  <a href=\"https:\/\/projectes.xtec.cat\/convivenciapositiva\/formacio-2\/\" title=\"Read Formaci\u00f3\">Llegeix m\u00e9s\u00bb<\/a><br \/>\n","protected":false},"author":4,"featured_media":0,"parent":0,"menu_order":0,"comment_status":"closed","ping_status":"closed","template":"","meta":{"_bbp_topic_count":0,"_bbp_reply_count":0,"_bbp_total_topic_count":0,"_bbp_total_reply_count":0,"_bbp_voice_count":0,"_bbp_anonymous_reply_count":0,"_bbp_topic_count_hidden":0,"_bbp_reply_count_hidden":0,"_bbp_forum_subforum_count":0,"footnotes":""},"class_list":["post-8435","page","type-page","status-publish","hentry"],"post_mailing_queue_ids":[],"_links":{"self":[{"href":"https:\/\/projectes.xtec.cat\/convivenciapositiva\/wp-json\/wp\/v2\/pages\/8435","targetHints":{"allow":["GET"]}}],"collection":[{"href":"https:\/\/projectes.xtec.cat\/convivenciapositiva\/wp-json\/wp\/v2\/pages"}],"about":[{"href":"https:\/\/projectes.xtec.cat\/convivenciapositiva\/wp-json\/wp\/v2\/types\/page"}],"author":[{"embeddable":true,"href":"https:\/\/projectes.xtec.cat\/convivenciapositiva\/wp-json\/wp\/v2\/users\/4"}],"replies":[{"embeddable":true,"href":"https:\/\/projectes.xtec.cat\/convivenciapositiva\/wp-json\/wp\/v2\/comments?post=8435"}],"version-history":[{"count":6,"href":"https:\/\/projectes.xtec.cat\/convivenciapositiva\/wp-json\/wp\/v2\/pages\/8435\/revisions"}],"predecessor-version":[{"id":10204,"href":"https:\/\/projectes.xtec.cat\/convivenciapositiva\/wp-json\/wp\/v2\/pages\/8435\/revisions\/10204"}],"wp:attachment":[{"href":"https:\/\/projectes.xtec.cat\/convivenciapositiva\/wp-json\/wp\/v2\/media?parent=8435"}],"curies":[{"name":"wp","href":"https:\/\/api.w.org\/{rel}","templated":true}]}}

Formació

<p>Formació que ofereix el Servei d&#8217;Escola i Famílies:</p>
<p><a href="http://xtec.gencat.cat/ca/formacio/formaciogeneralprofessorat/convivencia_families_entorn/">Convivència, famílies i entorn. XTEC</a></p>
<ul style="list-style-type: circle;">
<li>Escola i Família. Corresponsabilitat i èxit educatiu</li>
<li>Comunitats d&#8217;aprenentatge (curs de sensibilització)</li>
<li>Comunitats d&#8217;aprenentatge (taller d&#8217;actualització)</li>
<li>Comunicació Famílies i Escola</li>
<li>Enfocament restauratiu</li>
<li>Enfocament restauratiu i mediació</li>
<li>Prevenció de la violència masclista en l&#8217;àmbit educatiu</li>
<li>Viure (aprendre i ensenyar) els drets de la infància a l&#8217;escola</li>
<li><a href="https://projectes.xtec.cat/convivenciapositiva/curs-1-prevencio-de-lassetjament-escolar-sensibilitzacio-i-observacio-conscient/">Prevenció de l&#8217;assetjament escolar: sensibilització i observació conscient.</a></li>
</ul>
<p><a href="http://xtec.gencat.cat/ca/formacio/formacio-estiu/convivencia-positiva/">Formació d&#8217;estiu</a>:</p>
<ul style="list-style-type: circle;">
<li>Escola i Família. Corresponsabilitat i èxit educatiu</li>
<li>Prevenció de la violència masclista en l&#8217;àmbit educatiu</li>
</ul>
<p>&nbsp;</p>

<p>Formació que ofereix el Servei d&#8217;Escola i Famílies:<br />
<a href="http://xtec.gencat.cat/ca/formacio/formaciogeneralprofessorat/convivencia_families_entorn/">Convivència, famílies i entorn. XTEC</a></p>
<ul style="list-style-type: circle;">
<li>Escola i Família. Corresponsabilitat i èxit educatiu</li>
<li>Comunitats d&#8217;aprenentatge (curs de sensibilització)</li>
<li>Comunitats d&#8217;aprenentatge (taller d&#8217;actualització)</li>
<li>Comunicació Famílies i Escola</li>
<li>Enfocament restauratiu</li>
<li>Enfocament restauratiu i mediació</li>
<li>Prevenció de la violència masclista en l&#8217;àmbit educatiu</li>
<li>Viure (aprendre i ensenyar)&hellip;  <a href="https://projectes.xtec.cat/convivenciapositiva/formacio-2/" title="Read Formació">Llegeix més»</a><br />
