{"id":9509,"date":"2024-01-18T12:58:00","date_gmt":"2024-01-18T11:58:00","guid":{"rendered":"https:\/\/projectes.xtec.cat\/convivenciapositiva\/?page_id=9509"},"modified":"2024-06-23T08:23:55","modified_gmt":"2024-06-23T06:23:55","slug":"curs-1-prevencio-de-lassetjament-escolar-sensibilitzacio-i-observacio-conscient","status":"publish","type":"page","link":"https:\/\/projectes.xtec.cat\/convivenciapositiva\/curs-1-prevencio-de-lassetjament-escolar-sensibilitzacio-i-observacio-conscient\/","title":{"rendered":"Curs 1. Prevenci\u00f3 de l&#8217;assetjament escolar: Sensibilitzaci\u00f3 i observaci\u00f3 conscient"},"content":{"rendered":"<p>L\u2019assetjament escolar \u00e9s una de les principals preocupacions de la comunitat educativa quan parlem de conviv\u00e8ncia escolar. Recon\u00e8ixer quines s\u00f3n les estrat\u00e8gies emmarcades en la prevenci\u00f3, la detecci\u00f3 i la intervenci\u00f3 \u00e9s essencial per poder fer-hi front.<\/p>\n<p style=\"text-align: justify;\">Iniciem aquest cicle amb el primer curs que ens acompanyar\u00e0 a reflexionar sobre el fenomen de l\u2019assetjament escolar i el ciberassetjament, per despr\u00e9s definir quins s\u00f3n els rols de les persones implicades i les diferents fases d\u2019abordatge d\u2019un possible cas.<\/p>\n<p style=\"text-align: justify;\">Encetarem la fase preventiva, mitjan\u00e7ant les <strong>estrat\u00e8gies de sensibilitzaci\u00f3 i d\u2019observaci\u00f3 conscient<\/strong>.<\/p>\n<table style=\"width: 100%; border-style: none; border-color: #ffffff;\">\n<tbody>\n<tr>\n<td style=\"width: 33.3333%;\"><a href=\"https:\/\/projectes.xtec.cat\/convivenciapositiva\/curs-1-prevencio-de-lassetjament-escolar-sensibilitzacio-i-observacio-conscient\/c1-modul-1-que-es-lassetjament-i-el-ciberassetjament\/\"><img loading=\"lazy\" decoding=\"async\" class=\"aligncenter size-full wp-image-9889\" src=\"https:\/\/projectes.xtec.cat\/convivenciapositiva\/wp-content\/uploads\/usu2198\/2024\/01\/1.jpg\" alt=\"\" width=\"1080\" height=\"1080\" srcset=\"https:\/\/projectes.xtec.cat\/convivenciapositiva\/wp-content\/uploads\/usu2198\/2024\/01\/1.jpg 1080w, https:\/\/projectes.xtec.cat\/convivenciapositiva\/wp-content\/uploads\/usu2198\/2024\/01\/1-300x300.jpg 300w, https:\/\/projectes.xtec.cat\/convivenciapositiva\/wp-content\/uploads\/usu2198\/2024\/01\/1-1024x1024.jpg 1024w, https:\/\/projectes.xtec.cat\/convivenciapositiva\/wp-content\/uploads\/usu2198\/2024\/01\/1-150x150.jpg 150w, https:\/\/projectes.xtec.cat\/convivenciapositiva\/wp-content\/uploads\/usu2198\/2024\/01\/1-768x768.jpg 768w\" sizes=\"auto, (max-width: 1080px) 100vw, 1080px\" \/><\/a><\/td>\n<td style=\"width: 33.3333%;\"><a href=\"https:\/\/projectes.xtec.cat\/convivenciapositiva\/curs-1-prevencio-de-lassetjament-escolar-sensibilitzacio-i-observacio-conscient\/curs-1-modul-2-la-sensibilitzacio-estrategia-de-prevencio-de-lassetjament-escolar\/\"><img loading=\"lazy\" decoding=\"async\" class=\"aligncenter size-full wp-image-9890\" src=\"https:\/\/projectes.xtec.cat\/convivenciapositiva\/wp-content\/uploads\/usu2198\/2024\/01\/2.jpg\" alt=\"\" width=\"1080\" height=\"1080\" srcset=\"https:\/\/projectes.xtec.cat\/convivenciapositiva\/wp-content\/uploads\/usu2198\/2024\/01\/2.jpg 1080w, https:\/\/projectes.xtec.cat\/convivenciapositiva\/wp-content\/uploads\/usu2198\/2024\/01\/2-300x300.jpg 300w, https:\/\/projectes.xtec.cat\/convivenciapositiva\/wp-content\/uploads\/usu2198\/2024\/01\/2-1024x1024.jpg 1024w, https:\/\/projectes.xtec.cat\/convivenciapositiva\/wp-content\/uploads\/usu2198\/2024\/01\/2-150x150.jpg 150w, https:\/\/projectes.xtec.cat\/convivenciapositiva\/wp-content\/uploads\/usu2198\/2024\/01\/2-768x768.jpg 768w\" sizes=\"auto, (max-width: 1080px) 100vw, 1080px\" \/><\/a><\/td>\n<td style=\"width: 33.3333%;\"><a href=\"https:\/\/projectes.xtec.cat\/convivenciapositiva\/curs-1-prevencio-de-lassetjament-escolar-sensibilitzacio-i-observacio-conscient\/modul-3-lobservacio-conscient-estrategia-de-prevencio-de-lassetjament-escolar\/\"><img loading=\"lazy\" decoding=\"async\" class=\"aligncenter size-full wp-image-9891\" src=\"https:\/\/projectes.xtec.cat\/convivenciapositiva\/wp-content\/uploads\/usu2198\/2024\/01\/3.jpg\" alt=\"\" width=\"1080\" height=\"1080\" srcset=\"https:\/\/projectes.xtec.cat\/convivenciapositiva\/wp-content\/uploads\/usu2198\/2024\/01\/3.jpg 1080w, https:\/\/projectes.xtec.cat\/convivenciapositiva\/wp-content\/uploads\/usu2198\/2024\/01\/3-300x300.jpg 300w, https:\/\/projectes.xtec.cat\/convivenciapositiva\/wp-content\/uploads\/usu2198\/2024\/01\/3-1024x1024.jpg 1024w, https:\/\/projectes.xtec.cat\/convivenciapositiva\/wp-content\/uploads\/usu2198\/2024\/01\/3-150x150.jpg 150w, https:\/\/projectes.xtec.cat\/convivenciapositiva\/wp-content\/uploads\/usu2198\/2024\/01\/3-768x768.jpg 768w\" sizes=\"auto, (max-width: 1080px) 100vw, 1080px\" \/><\/a><\/td>\n<\/tr>\n<\/tbody>\n<\/table>\n<p>Font documental: <em>Material formatiu del Programa d&#8217;Innovaci\u00f3 Pedag\u00f2gica #aquiproubullying per a una millora de la conviv\u00e8ncia positiva.<\/em><\/p>\n<p>Redacci\u00f3: <em>Equip t\u00e8cnic docent del programa #aquiproubullying.<\/em><\/p>\n<p><a title=\"personas iconos\" href=\"https:\/\/www.flaticon.es\/iconos-gratis\/personas\">Icones creades per Freepik &#8211; Flaticon<\/a><\/p>\n","protected":false},"excerpt":{"rendered":"<p>L\u2019assetjament escolar \u00e9s una de les principals preocupacions de la comunitat educativa quan parlem de conviv\u00e8ncia escolar. Recon\u00e8ixer quines s\u00f3n les estrat\u00e8gies emmarcades en la prevenci\u00f3, la detecci\u00f3 i la intervenci\u00f3 \u00e9s essencial per poder fer-hi front.<br \/>\nIniciem aquest cicle amb el primer curs que ens&hellip;  <a href=\"https:\/\/projectes.xtec.cat\/convivenciapositiva\/curs-1-prevencio-de-lassetjament-escolar-sensibilitzacio-i-observacio-conscient\/\" title=\"Read Curs 1. Prevenci\u00f3 de l&#8217;assetjament escolar: Sensibilitzaci\u00f3 i observaci\u00f3 conscient\">Llegeix m\u00e9s\u00bb<\/a><\/p>\n","protected":false},"author":6,"featured_media":0,"parent":0,"menu_order":0,"comment_status":"closed","ping_status":"closed","template":"","meta":{"_bbp_topic_count":0,"_bbp_reply_count":0,"_bbp_total_topic_count":0,"_bbp_total_reply_count":0,"_bbp_voice_count":0,"_bbp_anonymous_reply_count":0,"_bbp_topic_count_hidden":0,"_bbp_reply_count_hidden":0,"_bbp_forum_subforum_count":0,"footnotes":""},"class_list":["post-9509","page","type-page","status-publish","hentry"],"post_mailing_queue_ids":[],"_links":{"self":[{"href":"https:\/\/projectes.xtec.cat\/convivenciapositiva\/wp-json\/wp\/v2\/pages\/9509","targetHints":{"allow":["GET"]}}],"collection":[{"href":"https:\/\/projectes.xtec.cat\/convivenciapositiva\/wp-json\/wp\/v2\/pages"}],"about":[{"href":"https:\/\/projectes.xtec.cat\/convivenciapositiva\/wp-json\/wp\/v2\/types\/page"}],"author":[{"embeddable":true,"href":"https:\/\/projectes.xtec.cat\/convivenciapositiva\/wp-json\/wp\/v2\/users\/6"}],"replies":[{"embeddable":true,"href":"https:\/\/projectes.xtec.cat\/convivenciapositiva\/wp-json\/wp\/v2\/comments?post=9509"}],"version-history":[{"count":8,"href":"https:\/\/projectes.xtec.cat\/convivenciapositiva\/wp-json\/wp\/v2\/pages\/9509\/revisions"}],"predecessor-version":[{"id":10385,"href":"https:\/\/projectes.xtec.cat\/convivenciapositiva\/wp-json\/wp\/v2\/pages\/9509\/revisions\/10385"}],"wp:attachment":[{"href":"https:\/\/projectes.xtec.cat\/convivenciapositiva\/wp-json\/wp\/v2\/media?parent=9509"}],"curies":[{"name":"wp","href":"https:\/\/api.w.org\/{rel}","templated":true}]}}

Curs 1. Prevenció de l&#8217;assetjament escolar: Sensibilització i observació conscient

<p>L’assetjament escolar és una de les principals preocupacions de la comunitat educativa quan parlem de convivència escolar. Reconèixer quines són les estratègies emmarcades en la prevenció, la detecció i la intervenció és essencial per poder fer-hi front.</p>
<p style="text-align: justify;">Iniciem aquest cicle amb el primer curs que ens acompanyarà a reflexionar sobre el fenomen de l’assetjament escolar i el ciberassetjament, per després definir quins són els rols de les persones implicades i les diferents fases d’abordatge d’un possible cas.</p>
<p style="text-align: justify;">Encetarem la fase preventiva, mitjançant les <strong>estratègies de sensibilització i d’observació conscient</strong>.</p>
<table style="width: 100%; border-style: none; border-color: #ffffff;">
<tbody>
<tr>
<td style="width: 33.3333%;"><a href="https://projectes.xtec.cat/convivenciapositiva/curs-1-prevencio-de-lassetjament-escolar-sensibilitzacio-i-observacio-conscient/c1-modul-1-que-es-lassetjament-i-el-ciberassetjament/"><img loading="lazy" decoding="async" class="aligncenter size-full wp-image-9889" src="https://projectes.xtec.cat/convivenciapositiva/wp-content/uploads/usu2198/2024/01/1.jpg" alt="" width="1080" height="1080" srcset="https://projectes.xtec.cat/convivenciapositiva/wp-content/uploads/usu2198/2024/01/1.jpg 1080w, https://projectes.xtec.cat/convivenciapositiva/wp-content/uploads/usu2198/2024/01/1-300x300.jpg 300w, https://projectes.xtec.cat/convivenciapositiva/wp-content/uploads/usu2198/2024/01/1-1024x1024.jpg 1024w, https://projectes.xtec.cat/convivenciapositiva/wp-content/uploads/usu2198/2024/01/1-150x150.jpg 150w, https://projectes.xtec.cat/convivenciapositiva/wp-content/uploads/usu2198/2024/01/1-768x768.jpg 768w" sizes="auto, (max-width: 1080px) 100vw, 1080px" /></a></td>
<td style="width: 33.3333%;"><a href="https://projectes.xtec.cat/convivenciapositiva/curs-1-prevencio-de-lassetjament-escolar-sensibilitzacio-i-observacio-conscient/curs-1-modul-2-la-sensibilitzacio-estrategia-de-prevencio-de-lassetjament-escolar/"><img loading="lazy" decoding="async" class="aligncenter size-full wp-image-9890" src="https://projectes.xtec.cat/convivenciapositiva/wp-content/uploads/usu2198/2024/01/2.jpg" alt="" width="1080" height="1080" srcset="https://projectes.xtec.cat/convivenciapositiva/wp-content/uploads/usu2198/2024/01/2.jpg 1080w, https://projectes.xtec.cat/convivenciapositiva/wp-content/uploads/usu2198/2024/01/2-300x300.jpg 300w, https://projectes.xtec.cat/convivenciapositiva/wp-content/uploads/usu2198/2024/01/2-1024x1024.jpg 1024w, https://projectes.xtec.cat/convivenciapositiva/wp-content/uploads/usu2198/2024/01/2-150x150.jpg 150w, https://projectes.xtec.cat/convivenciapositiva/wp-content/uploads/usu2198/2024/01/2-768x768.jpg 768w" sizes="auto, (max-width: 1080px) 100vw, 1080px" /></a></td>
<td style="width: 33.3333%;"><a href="https://projectes.xtec.cat/convivenciapositiva/curs-1-prevencio-de-lassetjament-escolar-sensibilitzacio-i-observacio-conscient/modul-3-lobservacio-conscient-estrategia-de-prevencio-de-lassetjament-escolar/"><img loading="lazy" decoding="async" class="aligncenter size-full wp-image-9891" src="https://projectes.xtec.cat/convivenciapositiva/wp-content/uploads/usu2198/2024/01/3.jpg" alt="" width="1080" height="1080" srcset="https://projectes.xtec.cat/convivenciapositiva/wp-content/uploads/usu2198/2024/01/3.jpg 1080w, https://projectes.xtec.cat/convivenciapositiva/wp-content/uploads/usu2198/2024/01/3-300x300.jpg 300w, https://projectes.xtec.cat/convivenciapositiva/wp-content/uploads/usu2198/2024/01/3-1024x1024.jpg 1024w, https://projectes.xtec.cat/convivenciapositiva/wp-content/uploads/usu2198/2024/01/3-150x150.jpg 150w, https://projectes.xtec.cat/convivenciapositiva/wp-content/uploads/usu2198/2024/01/3-768x768.jpg 768w" sizes="auto, (max-width: 1080px) 100vw, 1080px" /></a></td>
</tr>
</tbody>
</table>
<p>Font documental: <em>Material formatiu del Programa d&#8217;Innovació Pedagògica #aquiproubullying per a una millora de la convivència positiva.</em></p>
<p>Redacció: <em>Equip tècnic docent del programa #aquiproubullying.</em></p>
<p><a title="personas iconos" href="https://www.flaticon.es/iconos-gratis/personas">Icones creades per Freepik &#8211; Flaticon</a></p>

<p>L’assetjament escolar és una de les principals preocupacions de la comunitat educativa quan parlem de convivència escolar. Reconèixer quines són les estratègies emmarcades en la prevenció, la detecció i la intervenció és essencial per poder fer-hi front.<br />
Iniciem aquest cicle amb el primer curs que ens&hellip;  <a href="https://projectes.xtec.cat/convivenciapositiva/curs-1-prevencio-de-lassetjament-escolar-sensibilitzacio-i-observacio-conscient/" title="Read Curs 1. Prevenció de l&#8217;assetjament escolar: Sensibilització i observació conscient">Llegeix més»</a></p>
