{"id":12237,"date":"2023-03-03T15:12:25","date_gmt":"2023-03-03T14:12:25","guid":{"rendered":"https:\/\/projectes.xtec.cat\/digital\/?page_id=12237"},"modified":"2025-07-28T12:19:54","modified_gmt":"2025-07-28T10:19:54","slug":"competencia-digital-centre","status":"publish","type":"page","link":"https:\/\/projectes.xtec.cat\/digital\/competencia-digital\/competencia-digital-centre\/","title":{"rendered":"Compet\u00e8ncia digital de centre"},"content":{"rendered":"\n<div class=\"wp-block-getwid-section alignfull alignfull\"><div class=\"wp-block-getwid-section__wrapper\"><div class=\"wp-block-getwid-section__inner-wrapper\"><div class=\"wp-block-getwid-section__background-holder\"><div class=\"wp-block-getwid-section__background\"><\/div><div class=\"wp-block-getwid-section__foreground\"><\/div><\/div><div class=\"wp-block-getwid-section__content\"><div class=\"wp-block-getwid-section__inner-content\">\n<p style=\"font-size:22px\">La <strong>compet\u00e8ncia digital de centre<\/strong> inclou la compet\u00e8ncia digital docent, la compet\u00e8ncia digital de l&#8217;alumnat, uns serveis i unes infraestructures digitals operatives, i el disseny i implementaci\u00f3 de l&#8217;estrat\u00e8gia digital per part de la comissi\u00f3 digital.  <\/p>\n\n\n\n<div style=\"height:20px\" aria-hidden=\"true\" class=\"wp-block-spacer\"><\/div>\n\n\n\n<div class=\"wp-block-columns is-layout-flex wp-container-core-columns-is-layout-1 wp-block-columns-is-layout-flex\">\n<div class=\"wp-block-column caixa-link is-layout-flow wp-block-column-is-layout-flow\" id=\"https:\/\/projectes.xtec.cat\/digital\/competencia-digital\/competencia-digital-centre\/estrategia-digital-de-centre\/\">\n<p class=\"has-text-align-left\" style=\"font-size:25px\">Estrat\u00e8gia digital de centre<\/p>\n\n\n\n<figure class=\"wp-block-image aligncenter size-large is-resized\"><img loading=\"lazy\" decoding=\"async\" width=\"300\" height=\"300\" src=\"https:\/\/projectes.xtec.cat\/digital\/wp-content\/uploads\/usu2317\/2023\/03\/workflow.png\" alt=\"\" class=\"wp-image-12740\" style=\"width:84px;height:84px\" srcset=\"https:\/\/projectes.xtec.cat\/digital\/wp-content\/uploads\/usu2317\/2023\/03\/workflow.png 300w, https:\/\/projectes.xtec.cat\/digital\/wp-content\/uploads\/usu2317\/2023\/03\/workflow-150x150.png 150w\" sizes=\"auto, (max-width: 300px) 100vw, 300px\" \/><\/figure>\n<\/div>\n\n\n\n<div class=\"wp-block-column caixa-link is-layout-flow wp-block-column-is-layout-flow\" id=\"https:\/\/projectes.xtec.cat\/digital\/competencia-digital\/competencia-digital-docent\/\">\n<p class=\"has-text-align-left\" style=\"font-size:25px\">Compet\u00e8ncia digital docent<\/p>\n\n\n\n<figure class=\"wp-block-image aligncenter size-large is-resized\"><img loading=\"lazy\" decoding=\"async\" width=\"400\" height=\"400\" src=\"https:\/\/projectes.xtec.cat\/digital\/wp-content\/uploads\/usu2317\/2023\/02\/teacher.png\" alt=\"\" class=\"wp-image-11985\" style=\"width:94px;height:94px\" srcset=\"https:\/\/projectes.xtec.cat\/digital\/wp-content\/uploads\/usu2317\/2023\/02\/teacher.png 400w, https:\/\/projectes.xtec.cat\/digital\/wp-content\/uploads\/usu2317\/2023\/02\/teacher-300x300.png 300w, https:\/\/projectes.xtec.cat\/digital\/wp-content\/uploads\/usu2317\/2023\/02\/teacher-150x150.png 150w\" sizes=\"auto, (max-width: 400px) 100vw, 400px\" \/><\/figure>\n<\/div>\n\n\n\n<div class=\"wp-block-column caixa-link is-layout-flow wp-block-column-is-layout-flow\" id=\"https:\/\/projectes.xtec.cat\/digital\/competencia-digital\/competencia-digital-alumnat\/\">\n<p class=\"has-text-align-left\" style=\"font-size:24px\">Compet\u00e8ncia digital de l&#8217;alumnat<\/p>\n\n\n\n<figure class=\"wp-block-image aligncenter size-large is-resized\"><img loading=\"lazy\" decoding=\"async\" width=\"400\" height=\"400\" src=\"https:\/\/projectes.xtec.cat\/digital\/wp-content\/uploads\/usu2317\/2023\/02\/student-activity.png\" alt=\"\" class=\"wp-image-11823\" style=\"width:107px;height:107px\" srcset=\"https:\/\/projectes.xtec.cat\/digital\/wp-content\/uploads\/usu2317\/2023\/02\/student-activity.png 400w, https:\/\/projectes.xtec.cat\/digital\/wp-content\/uploads\/usu2317\/2023\/02\/student-activity-300x300.png 300w, https:\/\/projectes.xtec.cat\/digital\/wp-content\/uploads\/usu2317\/2023\/02\/student-activity-150x150.png 150w\" sizes=\"auto, (max-width: 400px) 100vw, 400px\" \/><\/figure>\n<\/div>\n\n\n\n<div class=\"wp-block-column caixa-link is-layout-flow wp-block-column-is-layout-flow\" id=\"https:\/\/projectes.xtec.cat\/digital\/serveis-digitals\/\">\n<p class=\"has-text-align-left\" style=\"font-size:25px\">Serveis digitals<\/p>\n\n\n\n<div style=\"height:35px\" aria-hidden=\"true\" class=\"wp-block-spacer\"><\/div>\n\n\n\n<figure class=\"wp-block-image aligncenter size-large is-resized\"><a href=\"https:\/\/projectes.xtec.cat\/digital\/serveis-digitals\/\" target=\"_blank\" rel=\" noreferrer noopener\"><img loading=\"lazy\" decoding=\"async\" width=\"338\" height=\"339\" src=\"https:\/\/projectes.xtec.cat\/digital\/wp-content\/uploads\/usu2317\/2023\/03\/networking-manager-copia.png\" alt=\"un servidor web\" class=\"wp-image-12745\" style=\"width:88px;height:auto\" srcset=\"https:\/\/projectes.xtec.cat\/digital\/wp-content\/uploads\/usu2317\/2023\/03\/networking-manager-copia.png 338w, https:\/\/projectes.xtec.cat\/digital\/wp-content\/uploads\/usu2317\/2023\/03\/networking-manager-copia-300x300.png 300w, https:\/\/projectes.xtec.cat\/digital\/wp-content\/uploads\/usu2317\/2023\/03\/networking-manager-copia-150x150.png 150w\" sizes=\"auto, (max-width: 338px) 100vw, 338px\" \/><\/a><\/figure>\n<\/div>\n\n\n\n<div class=\"wp-block-column caixa-link is-layout-flow wp-block-column-is-layout-flow\" id=\"https:\/\/projectes.xtec.cat\/digital\/equipaments-i-infraestructures\/\">\n<p class=\"has-text-align-left\" style=\"font-size:24px\">Equipaments i infraestructures<\/p>\n\n\n\n<div style=\"height:20px\" aria-hidden=\"true\" class=\"wp-block-spacer\"><\/div>\n\n\n\n<figure class=\"wp-block-image aligncenter size-large is-resized\"><a href=\"https:\/\/projectes.xtec.cat\/digital\/wp-content\/uploads\/usu2317\/2022\/07\/noun-wifi-1160080.svg\"><img decoding=\"async\" src=\"https:\/\/projectes.xtec.cat\/digital\/wp-content\/uploads\/usu2317\/2022\/07\/noun-wifi-1160080.svg\" alt=\"\" class=\"wp-image-9238\" style=\"width:84px;height:60px\"\/><\/a><\/figure>\n<\/div>\n<\/div>\n<\/div><\/div><\/div><\/div><\/div>\n\n\n\n<div class=\"wp-block-getwid-section alignfull alignwide alignwide\"><div class=\"wp-block-getwid-section__wrapper\"><div class=\"wp-block-getwid-section__inner-wrapper\"><div class=\"wp-block-getwid-section__background-holder\"><div class=\"wp-block-getwid-section__background\"><\/div><div class=\"wp-block-getwid-section__foreground\"><\/div><\/div><div class=\"wp-block-getwid-section__content\"><div class=\"wp-block-getwid-section__inner-content\">\n<div style=\"height:20px\" aria-hidden=\"true\" class=\"wp-block-spacer\"><\/div>\n\n\n\n<p style=\"font-size:22px\">Per dissenyar i dinamitzar la compet\u00e8ncia digital de centre, el centre disposa de dues figures principals:<\/p>\n\n\n\n<div style=\"height:10px\" aria-hidden=\"true\" class=\"wp-block-spacer\"><\/div>\n\n\n\n<div class=\"wp-block-columns alignwide is-layout-flex wp-container-core-columns-is-layout-2 wp-block-columns-is-layout-flex\">\n<div class=\"wp-block-column caixa-link is-layout-flow wp-block-column-is-layout-flow\" style=\"flex-basis:50%\" id=\"https:\/\/projectes.xtec.cat\/digital\/perfils\/comissio-digital\/\">\n<h2 class=\"wp-block-heading\" style=\"font-size:26px\">Comissi\u00f3 digital<\/h2>\n\n\n\n<figure class=\"wp-block-image alignleft size-large is-resized\"><a href=\"https:\/\/projectes.xtec.cat\/digital\/wp-content\/uploads\/usu2317\/2022\/07\/group-task.png\"><img loading=\"lazy\" decoding=\"async\" width=\"480\" height=\"480\" src=\"https:\/\/projectes.xtec.cat\/digital\/wp-content\/uploads\/usu2317\/2022\/07\/group-task.png\" alt=\"un grup de persones\" class=\"wp-image-8728\" style=\"width:79px;height:79px\" srcset=\"https:\/\/projectes.xtec.cat\/digital\/wp-content\/uploads\/usu2317\/2022\/07\/group-task.png 480w, https:\/\/projectes.xtec.cat\/digital\/wp-content\/uploads\/usu2317\/2022\/07\/group-task-300x300.png 300w, https:\/\/projectes.xtec.cat\/digital\/wp-content\/uploads\/usu2317\/2022\/07\/group-task-150x150.png 150w\" sizes=\"auto, (max-width: 480px) 100vw, 480px\" \/><\/a><\/figure>\n\n\n\n<p class=\"has-normal-font-size\">El centre ha de tenir<strong> <\/strong>una comissi\u00f3 formada per membres de l\u2019equip directiu, pel coordinador\/a digital, i professorat de diferents nivells, mat\u00e8ries o \u00e0mbits. Durant el Pla d&#8217;educaci\u00f3 digital (2020-23), l&#8217;objectiu principal de la comissi\u00f3 \u00e9s l&#8217;elaboraci\u00f3 i seguiment de l&#8217;Estrat\u00e8gia digital de centre. <\/p>\n<\/div>\n\n\n\n<div class=\"wp-block-column caixa-link is-layout-flow wp-block-column-is-layout-flow\" id=\"https:\/\/projectes.xtec.cat\/digital\/perfils\/coordinacio-digital\/\">\n<h2 class=\"wp-block-heading\" style=\"font-size:26px\">Coordinaci\u00f3 digital <\/h2>\n\n\n\n<figure class=\"wp-block-image alignleft size-large is-resized\"><a href=\"https:\/\/projectes.xtec.cat\/digital\/wp-content\/uploads\/usu2317\/2023\/03\/compass_negre.png\"><img loading=\"lazy\" decoding=\"async\" width=\"480\" height=\"480\" src=\"https:\/\/projectes.xtec.cat\/digital\/wp-content\/uploads\/usu2317\/2023\/03\/compass_negre.png\" alt=\"una br\u00faixola\" class=\"wp-image-12480\" style=\"width:76px;height:76px\" srcset=\"https:\/\/projectes.xtec.cat\/digital\/wp-content\/uploads\/usu2317\/2023\/03\/compass_negre.png 480w, https:\/\/projectes.xtec.cat\/digital\/wp-content\/uploads\/usu2317\/2023\/03\/compass_negre-300x300.png 300w, https:\/\/projectes.xtec.cat\/digital\/wp-content\/uploads\/usu2317\/2023\/03\/compass_negre-150x150.png 150w\" sizes=\"auto, (max-width: 480px) 100vw, 480px\" \/><\/a><\/figure>\n\n\n\n<p>\u00c9s una de les<strong> <\/strong>figures clau en la digitalitzaci\u00f3 del centre. Dinamitza la comissi\u00f3 digital i supervisa el funcionament dels equips i infraestructures.<\/p>\n<\/div>\n<\/div>\n<\/div><\/div><\/div><\/div><\/div>\n\n\n\n<div style=\"height:50px\" aria-hidden=\"true\" class=\"wp-block-spacer\"><\/div>\n\n\n\n<div class=\"wp-block-getwid-section alignfull alignfull\"><div class=\"wp-block-getwid-section__wrapper\"><div class=\"wp-block-getwid-section__inner-wrapper\"><div class=\"wp-block-getwid-section__background-holder\"><div class=\"wp-block-getwid-section__background has-background has-ast-global-color-4-background-color\"><\/div><div class=\"wp-block-getwid-section__foreground\"><\/div><\/div><div class=\"wp-block-getwid-section__content\"><div class=\"wp-block-getwid-section__inner-content\">\n<div style=\"height:30px\" aria-hidden=\"true\" class=\"wp-block-spacer\"><\/div>\n\n\n\n<p style=\"font-size:22px\">Els aspectes m\u00e9s importants que ha de complir un centre digitalment competent s\u00f3n: <\/p>\n\n\n\n<div class=\"wp-block-columns alignwide is-layout-flex wp-container-core-columns-is-layout-3 wp-block-columns-is-layout-flex\">\n<div class=\"wp-block-column is-layout-flow wp-block-column-is-layout-flow\">\n<p class=\"digital-item\"><a href=\"https:\/\/projectes.xtec.cat\/digital\/competencia-digital\/competencia-digital-docent\/\" data-type=\"URL\" data-id=\"https:\/\/projectes.xtec.cat\/digital\/competencia-digital\/competencia-digital-docent\/\"><strong>Docents digitalment competents<\/strong><\/a><br>Proveir d&#8217;assessorament i l&#8217;acompanyament als docents perqu\u00e8 puguin millorar la seva compet\u00e8ncia digital.<\/p>\n\n\n\n<p class=\"digital-item\"><strong><strong><a href=\"https:\/\/projectes.xtec.cat\/digital\/competencia-digital\/competencia-digital-alumnat\/\" data-type=\"URL\" data-id=\"https:\/\/projectes.xtec.cat\/edc-suport\/desplegament-curricular\/\" target=\"_blank\" rel=\"noreferrer noopener\">Desplegament curricular de la compet\u00e8ncia digital de l\u2019alumnat<\/a><\/strong><\/strong><br>L\u2019assoliment de la compet\u00e8ncia digital de l\u2019alumnat \u00e9s un dels objectius principals de l\u2019EDC.<\/p>\n\n\n\n<p class=\"digital-item\"><a href=\"https:\/\/projectes.xtec.cat\/digital\/competencia-digital\/centres-digitalment-competents\/pla-acollida-digital\/\"><strong>Pla d&#8217;acollida digital<\/strong><\/a><br>Integrat amb el Pla d&#8217;acollida del centre, oferir a alumnes, docents i fam\u00edlies la informaci\u00f3 i l&#8217;acompanyament necessari per poder integrar-se<\/p>\n<\/div>\n\n\n\n<div class=\"wp-block-column is-layout-flow wp-block-column-is-layout-flow\">\n<p class=\"digital-item\"><strong><a rel=\"noreferrer noopener\" href=\"https:\/\/espai.educacio.gencat.cat\/Departament\/protecciodadespersonals\/Pagines\/default.aspx\" data-type=\"URL\" data-id=\"https:\/\/espai.educacio.gencat.cat\/Departament\/protecciodadespersonals\/Pagines\/default.aspx\" target=\"_blank\">Gesti\u00f3 dels documents i dades digitals<\/a><\/strong><br>Garantir l&#8217;acc\u00e9s i la seguretat de les dades a tota la comunitat educativa.  <\/p>\n\n\n\n<p class=\"digital-item\"><strong>Acords en l&#8217;\u00e0mbit digital de claustre i consell escolar<\/strong><\/p>\n\n\n\n<p class=\"digital-item\"><strong><a href=\"https:\/\/projectes.xtec.cat\/digital\/competencia-digital\/competencia-digital-centre\/pla-de-comunicacio\/\" data-type=\"URL\" data-id=\"https:\/\/projectes.xtec.cat\/digital\/competencia-digital\/competencia-digital-centre\/pla-de-comunicacio\/\">Pla de Comunicaci\u00f3 digital<\/a><br><\/strong>Disposar de les eines digitals (web, xarxes socials, etc) i els recursos humans per transmetre amb efectivitat la vida del centre a tota la comunitat educativa. <\/p>\n\n\n\n<p class=\"digital-item\"><strong><a href=\"https:\/\/projectes.xtec.cat\/digital\/aules-virtuals\/\" data-type=\"URL\" data-id=\"https:\/\/projectes.xtec.cat\/digital\/aules-virtuals\/\">Aules virtuals<\/a><\/strong><br>Implantar i fer \u00fas freq\u00fcent dels entorns virtuals d&#8217;aprenentatge (per mat\u00e8ries, grup-classe, formacions internes, etc).<\/p>\n<\/div>\n<\/div>\n\n\n\n<div style=\"height:30px\" aria-hidden=\"true\" class=\"wp-block-spacer\"><\/div>\n<\/div><\/div><\/div><\/div><\/div>\n","protected":false},"excerpt":{"rendered":"","protected":false},"author":2,"featured_media":0,"parent":8310,"menu_order":0,"comment_status":"closed","ping_status":"close","template":"","meta":{"site-sidebar-layout":"no-sidebar","site-content-layout":"plain-container","ast-site-content-layout":"normal-width-container","site-content-style":"unboxed","site-sidebar-style":"unboxed","ast-global-header-display":"","ast-banner-title-visibility":"","ast-main-header-display":"","ast-hfb-above-header-display":"","ast-hfb-below-header-display":"","ast-hfb-mobile-header-display":"","site-post-title":"","ast-breadcrumbs-content":"","ast-featured-img":"","footer-sml-layout":"","theme-transparent-header-meta":"","adv-header-id-meta":"","stick-header-meta":"","header-above-stick-meta":"","header-main-stick-meta":"","header-below-stick-meta":"","astra-migrate-meta-layouts":"set","ast-page-background-enabled":"default","ast-page-background-meta":{"desktop":{"background-color":"var(--ast-global-color-4)","background-image":"","background-repeat":"repeat","background-position":"center center","background-size":"auto","background-attachment":"scroll","background-type":"","background-media":"","overlay-type":"","overlay-color":"","overlay-opacity":"","overlay-gradient":""},"tablet":{"background-color":"","background-image":"","background-repeat":"repeat","background-position":"center center","background-size":"auto","background-attachment":"scroll","background-type":"","background-media":"","overlay-type":"","overlay-color":"","overlay-opacity":"","overlay-gradient":""},"mobile":{"background-color":"","background-image":"","background-repeat":"repeat","background-position":"center center","background-size":"auto","background-attachment":"scroll","background-type":"","background-media":"","overlay-type":"","overlay-color":"","overlay-opacity":"","overlay-gradient":""}},"ast-content-background-meta":{"desktop":{"background-color":"var(--ast-global-color-5)","background-image":"","background-repeat":"repeat","background-position":"center center","background-size":"auto","background-attachment":"scroll","background-type":"","background-media":"","overlay-type":"","overlay-color":"","overlay-opacity":"","overlay-gradient":""},"tablet":{"background-color":"var(--ast-global-color-5)","background-image":"","background-repeat":"repeat","background-position":"center center","background-size":"auto","background-attachment":"scroll","background-type":"","background-media":"","overlay-type":"","overlay-color":"","overlay-opacity":"","overlay-gradient":""},"mobile":{"background-color":"var(--ast-global-color-5)","background-image":"","background-repeat":"repeat","background-position":"center center","background-size":"auto","background-attachment":"scroll","background-type":"","background-media":"","overlay-type":"","overlay-color":"","overlay-opacity":"","overlay-gradient":""}},"footnotes":""},"class_list":["post-12237","page","type-page","status-publish","hentry"],"post_mailing_queue_ids":[],"_links":{"self":[{"href":"https:\/\/projectes.xtec.cat\/digital\/wp-json\/wp\/v2\/pages\/12237","targetHints":{"allow":["GET"]}}],"collection":[{"href":"https:\/\/projectes.xtec.cat\/digital\/wp-json\/wp\/v2\/pages"}],"about":[{"href":"https:\/\/projectes.xtec.cat\/digital\/wp-json\/wp\/v2\/types\/page"}],"author":[{"embeddable":true,"href":"https:\/\/projectes.xtec.cat\/digital\/wp-json\/wp\/v2\/users\/2"}],"replies":[{"embeddable":true,"href":"https:\/\/projectes.xtec.cat\/digital\/wp-json\/wp\/v2\/comments?post=12237"}],"version-history":[{"count":6,"href":"https:\/\/projectes.xtec.cat\/digital\/wp-json\/wp\/v2\/pages\/12237\/revisions"}],"predecessor-version":[{"id":36923,"href":"https:\/\/projectes.xtec.cat\/digital\/wp-json\/wp\/v2\/pages\/12237\/revisions\/36923"}],"up":[{"embeddable":true,"href":"https:\/\/projectes.xtec.cat\/digital\/wp-json\/wp\/v2\/pages\/8310"}],"wp:attachment":[{"href":"https:\/\/projectes.xtec.cat\/digital\/wp-json\/wp\/v2\/media?parent=12237"}],"curies":[{"name":"wp","href":"https:\/\/api.w.org\/{rel}","templated":true}]}}