{"id":13821,"date":"2023-03-17T00:57:50","date_gmt":"2023-03-16T23:57:50","guid":{"rendered":"https:\/\/projectes.xtec.cat\/digital\/?page_id=13821"},"modified":"2025-09-23T11:36:05","modified_gmt":"2025-09-23T09:36:05","slug":"asessor-cd","status":"publish","type":"page","link":"https:\/\/projectes.xtec.cat\/digital\/suport-a-la-digitalitzacio\/asessor-cd\/","title":{"rendered":"Assessor\/a CD"},"content":{"rendered":"\n<div class=\"wp-block-columns alignwide is-layout-flex wp-container-core-columns-is-layout-1 wp-block-columns-is-layout-flex\">\n<div class=\"wp-block-column is-layout-flow wp-block-column-is-layout-flow\">\n<p>En cadascun dels serveis territorials i en el Consorci d\u2019Educaci\u00f3 de Barcelona hi ha designat un assessor\/a de cultura digital que t\u00e9 la responsabilitat de donar suport i acompanyament en tots els processos <strong>pedag\u00f2gics<\/strong> relacionats amb la digitalitzaci\u00f3 dels centres.<\/p>\n\n\n\n<p>Podeu trobar el vostre assessor\/a digital a la\u00a0<a href=\"https:\/\/espai.educacio.gencat.cat\/Recursos\/Solucions-suport-TIC\/qui-som\/Assessors-Cultura-Digital\/Pagines\/default.aspx\" target=\"_blank\" rel=\"noreferrer noopener\">llista d\u2019assessors i assesores<\/a>.<\/p>\n<\/div>\n\n\n\n<div class=\"wp-block-column is-layout-flow wp-block-column-is-layout-flow\">\n<figure class=\"wp-block-embed is-type-rich is-provider-gestor-del-servei wp-block-embed-gestor-del-servei wp-embed-aspect-16-9 wp-has-aspect-ratio\"><div class=\"wp-block-embed__wrapper\">\n<div class=\"ast-oembed-container \" style=\"height: 100%;\"><iframe loading=\"lazy\" title=\"AssessorCD final\" width=\"500\" height=\"281\" src=\"https:\/\/www.youtube.com\/embed\/WUhSTIucD64?feature=oembed\" frameborder=\"0\" allow=\"accelerometer; autoplay; clipboard-write; encrypted-media; gyroscope; picture-in-picture; web-share\" referrerpolicy=\"strict-origin-when-cross-origin\" allowfullscreen><\/iframe><\/div>\n<\/div><\/figure>\n\n\n\n<p class=\"has-text-align-center\"><em>Conversa amb Jaume Oliveres i Marisa Vidal<\/em><\/p>\n<\/div>\n<\/div>\n\n\n\n<div style=\"height:100px\" aria-hidden=\"true\" class=\"wp-block-spacer\"><\/div>\n","protected":false},"excerpt":{"rendered":"<p>En cadascun dels serveis territorials i en el Consorci d\u2019Educaci\u00f3 de Barcelona hi ha designat un assessor\/a de cultura digital que t\u00e9 la responsabilitat de donar suport i acompanyament en tots els processos pedag\u00f2gics relacionats amb la digitalitzaci\u00f3 dels centres. Podeu trobar el vostre assessor\/a digital a la\u00a0llista d\u2019assessors i assesores. Conversa amb Jaume Oliveres [&hellip;]<\/p>\n","protected":false},"author":2,"featured_media":0,"parent":13787,"menu_order":0,"comment_status":"closed","ping_status":"close","template":"","meta":{"site-sidebar-layout":"default","site-content-layout":"","ast-site-content-layout":"default","site-content-style":"default","site-sidebar-style":"default","ast-global-header-display":"","ast-banner-title-visibility":"","ast-main-header-display":"","ast-hfb-above-header-display":"","ast-hfb-below-header-display":"","ast-hfb-mobile-header-display":"","site-post-title":"","ast-breadcrumbs-content":"","ast-featured-img":"","footer-sml-layout":"","theme-transparent-header-meta":"","adv-header-id-meta":"","stick-header-meta":"","header-above-stick-meta":"","header-main-stick-meta":"","header-below-stick-meta":"","astra-migrate-meta-layouts":"set","ast-page-background-enabled":"default","ast-page-background-meta":{"desktop":{"background-color":"var(--ast-global-color-4)","background-image":"","background-repeat":"repeat","background-position":"center center","background-size":"auto","background-attachment":"scroll","background-type":"","background-media":"","overlay-type":"","overlay-color":"","overlay-opacity":"","overlay-gradient":""},"tablet":{"background-color":"","background-image":"","background-repeat":"repeat","background-position":"center center","background-size":"auto","background-attachment":"scroll","background-type":"","background-media":"","overlay-type":"","overlay-color":"","overlay-opacity":"","overlay-gradient":""},"mobile":{"background-color":"","background-image":"","background-repeat":"repeat","background-position":"center center","background-size":"auto","background-attachment":"scroll","background-type":"","background-media":"","overlay-type":"","overlay-color":"","overlay-opacity":"","overlay-gradient":""}},"ast-content-background-meta":{"desktop":{"background-color":"var(--ast-global-color-5)","background-image":"","background-repeat":"repeat","background-position":"center center","background-size":"auto","background-attachment":"scroll","background-type":"","background-media":"","overlay-type":"","overlay-color":"","overlay-opacity":"","overlay-gradient":""},"tablet":{"background-color":"var(--ast-global-color-5)","background-image":"","background-repeat":"repeat","background-position":"center center","background-size":"auto","background-attachment":"scroll","background-type":"","background-media":"","overlay-type":"","overlay-color":"","overlay-opacity":"","overlay-gradient":""},"mobile":{"background-color":"var(--ast-global-color-5)","background-image":"","background-repeat":"repeat","background-position":"center center","background-size":"auto","background-attachment":"scroll","background-type":"","background-media":"","overlay-type":"","overlay-color":"","overlay-opacity":"","overlay-gradient":""}},"footnotes":""},"class_list":["post-13821","page","type-page","status-publish","hentry"],"post_mailing_queue_ids":[],"_links":{"self":[{"href":"https:\/\/projectes.xtec.cat\/digital\/wp-json\/wp\/v2\/pages\/13821","targetHints":{"allow":["GET"]}}],"collection":[{"href":"https:\/\/projectes.xtec.cat\/digital\/wp-json\/wp\/v2\/pages"}],"about":[{"href":"https:\/\/projectes.xtec.cat\/digital\/wp-json\/wp\/v2\/types\/page"}],"author":[{"embeddable":true,"href":"https:\/\/projectes.xtec.cat\/digital\/wp-json\/wp\/v2\/users\/2"}],"replies":[{"embeddable":true,"href":"https:\/\/projectes.xtec.cat\/digital\/wp-json\/wp\/v2\/comments?post=13821"}],"version-history":[{"count":4,"href":"https:\/\/projectes.xtec.cat\/digital\/wp-json\/wp\/v2\/pages\/13821\/revisions"}],"predecessor-version":[{"id":37399,"href":"https:\/\/projectes.xtec.cat\/digital\/wp-json\/wp\/v2\/pages\/13821\/revisions\/37399"}],"up":[{"embeddable":true,"href":"https:\/\/projectes.xtec.cat\/digital\/wp-json\/wp\/v2\/pages\/13787"}],"wp:attachment":[{"href":"https:\/\/projectes.xtec.cat\/digital\/wp-json\/wp\/v2\/media?parent=13821"}],"curies":[{"name":"wp","href":"https:\/\/api.w.org\/{rel}","templated":true}]}}

<div class="wp-block-columns alignwide is-layout-flex wp-container-core-columns-is-layout-1 wp-block-columns-is-layout-flex">
<div class="wp-block-column is-layout-flow wp-block-column-is-layout-flow">
<p>En cadascun dels serveis territorials i en el Consorci d’Educació de Barcelona hi ha designat un assessor/a de cultura digital que té la responsabilitat de donar suport i acompanyament en tots els processos <strong>pedagògics</strong> relacionats amb la digitalització dels centres.</p>



<p>Podeu trobar el vostre assessor/a digital a la <a href="https://espai.educacio.gencat.cat/Recursos/Solucions-suport-TIC/qui-som/Assessors-Cultura-Digital/Pagines/default.aspx" target="_blank" rel="noreferrer noopener">llista d’assessors i assesores</a>.</p>
</div>



<div class="wp-block-column is-layout-flow wp-block-column-is-layout-flow">
<figure class="wp-block-embed is-type-rich is-provider-gestor-del-servei wp-block-embed-gestor-del-servei wp-embed-aspect-16-9 wp-has-aspect-ratio"><div class="wp-block-embed__wrapper">
<div class="ast-oembed-container " style="height: 100%;"><iframe loading="lazy" title="AssessorCD final" width="500" height="281" src="https://www.youtube.com/embed/WUhSTIucD64?feature=oembed" frameborder="0" allow="accelerometer; autoplay; clipboard-write; encrypted-media; gyroscope; picture-in-picture; web-share" referrerpolicy="strict-origin-when-cross-origin" allowfullscreen></iframe></div>
</div></figure>



<p class="has-text-align-center"><em>Conversa amb Jaume Oliveres i Marisa Vidal</em></p>
</div>
</div>



<div style="height:100px" aria-hidden="true" class="wp-block-spacer"></div>

<p>En cadascun dels serveis territorials i en el Consorci d’Educació de Barcelona hi ha designat un assessor/a de cultura digital que té la responsabilitat de donar suport i acompanyament en tots els processos pedagògics relacionats amb la digitalització dels centres. Podeu trobar el vostre assessor/a digital a la llista d’assessors i assesores. Conversa amb Jaume Oliveres [&hellip;]</p>
