{"id":14671,"date":"2023-03-28T15:03:18","date_gmt":"2023-03-28T13:03:18","guid":{"rendered":"https:\/\/projectes.xtec.cat\/digital\/?page_id=14671"},"modified":"2025-07-28T13:31:34","modified_gmt":"2025-07-28T11:31:34","slug":"docents","status":"publish","type":"page","link":"https:\/\/projectes.xtec.cat\/digital\/perfils\/docents\/","title":{"rendered":"Docents"},"content":{"rendered":"\n<p>En aquesta p\u00e0gina es pot trobar tota la informaci\u00f3 de l&#8217;\u00e0mbit digital relacionada amb el Pla d&#8217;Educaci\u00f3 digital que necessita un docent. <\/p>\n\n\n\n<p><\/p>\n\n\n\n<h2 class=\"wp-block-heading alignwide\" style=\"font-size:34px\">Compet\u00e8ncia digital docent<\/h2>\n\n\n\n<div class=\"wp-block-getwid-section alignfull alignfull\"><div class=\"wp-block-getwid-section__wrapper\"><div class=\"wp-block-getwid-section__inner-wrapper\"><div class=\"wp-block-getwid-section__background-holder\"><div class=\"wp-block-getwid-section__background\"><\/div><div class=\"wp-block-getwid-section__foreground\"><\/div><\/div><div class=\"wp-block-getwid-section__content\"><div class=\"wp-block-getwid-section__inner-content\">\n<div class=\"wp-block-columns is-layout-flex wp-container-core-columns-is-layout-1 wp-block-columns-is-layout-flex\">\n<div class=\"wp-block-column caixa-link is-layout-flow wp-block-column-is-layout-flow\" style=\"flex-basis:23%\" id=\"https:\/\/projectes.xtec.cat\/digital\/competencia-digital\/competencia-digital-docent\">\n<h2 class=\"wp-block-heading\">Formaci\u00f3<\/h2>\n\n\n\n<p><\/p>\n<\/div>\n\n\n\n<div class=\"wp-block-column caixa-link is-layout-flow wp-block-column-is-layout-flow\" style=\"flex-basis:23%\" id=\"https:\/\/projectes.xtec.cat\/digital\/competencia-digital\/competencia-digital-docent\">\n<h2 class=\"wp-block-heading\">Acreditaci\u00f3<\/h2>\n<\/div>\n<\/div>\n\n\n\n<div style=\"height:30px\" aria-hidden=\"true\" class=\"wp-block-spacer\"><\/div>\n<\/div><\/div><\/div><\/div><\/div>\n\n\n\n<h2 class=\"wp-block-heading alignwide\" style=\"font-size:34px\">Ordinadors port\u00e0tils del Pla d&#8217;Educaci\u00f3 digital<\/h2>\n\n\n\n<div class=\"wp-block-getwid-section alignfull alignfull\"><div class=\"wp-block-getwid-section__wrapper\"><div class=\"wp-block-getwid-section__inner-wrapper\"><div class=\"wp-block-getwid-section__background-holder\"><div class=\"wp-block-getwid-section__background\"><\/div><div class=\"wp-block-getwid-section__foreground\"><\/div><\/div><div class=\"wp-block-getwid-section__content\"><div class=\"wp-block-getwid-section__inner-content\">\n<div class=\"wp-block-columns is-layout-flex wp-container-core-columns-is-layout-2 wp-block-columns-is-layout-flex\">\n<div class=\"wp-block-column caixa-link is-layout-flow wp-block-column-is-layout-flow\" id=\"https:\/\/projectes.xtec.cat\/digital\/perfils\/docents\/error-de-bitlocker\/\">\n<h2 class=\"wp-block-heading\">Error de BitLocker<\/h2>\n\n\n\n<p>M&#8217;ha sortit una pantalla blava i em demana un codi. <\/p>\n<\/div>\n\n\n\n<div class=\"wp-block-column caixa-link is-layout-flow wp-block-column-is-layout-flow\" id=\"https:\/\/projectes.xtec.cat\/digital\/perfils\/docents\/no-puc-iniciar-sessio-a-windows\/\">\n<h2 class=\"wp-block-heading\">No puc iniciar sessi\u00f3<\/h2>\n\n\n\n<p>No puc iniciar sessi\u00f3 en un equip Windows de docent o d&#8217;alumnat<\/p>\n<\/div>\n\n\n\n<div class=\"wp-block-column caixa gris is-layout-flow wp-block-column-is-layout-flow\">\n<h2 class=\"wp-block-heading\">No es connecta a la wifi<\/h2>\n\n\n\n<p>Apartat en construcci\u00f3<\/p>\n<\/div>\n\n\n\n<div class=\"wp-block-column caixa gris is-layout-flow wp-block-column-is-layout-flow\">\n<h2 class=\"wp-block-heading\">No es connecta a internet<\/h2>\n\n\n\n<p>Tinc wifi, per\u00f2 no puc navegar per internet. Apartat en construcci\u00f3<\/p>\n<\/div>\n<\/div>\n\n\n\n<div style=\"height:30px\" aria-hidden=\"true\" class=\"wp-block-spacer\"><\/div>\n\n\n\n<div class=\"wp-block-columns is-layout-flex wp-container-core-columns-is-layout-3 wp-block-columns-is-layout-flex\">\n<div class=\"wp-block-column caixa-link kb is-layout-flow wp-block-column-is-layout-flow\" id=\"https:\/\/projectes.xtec.cat\/digital\/perfils\/coordinacio-digital\/sincronitzacio-equips-windows\/\">\n<h2 class=\"wp-block-heading\">Sincronitzar l&#8217;ordinador<\/h2>\n\n\n\n<p>De vegades, cal sincronitzar l&#8217;equip per rebre les actualitzacions i ordres remotes.<\/p>\n<\/div>\n\n\n\n<div class=\"wp-block-column caixa-link is-layout-flow wp-block-column-is-layout-flow\" id=\"https:\/\/projectes.xtec.cat\/digital\/perfils\/docents\/obrir-una-incidencia\/\">\n<h2 class=\"wp-block-heading\">Obrir una incid\u00e8ncia<\/h2>\n\n\n\n<p>Nom\u00e9s del teu port\u00e0til del Pla d&#8217;Educaci\u00f3. <\/p>\n<\/div>\n\n\n\n<div class=\"wp-block-column caixa-link is-layout-flow wp-block-column-is-layout-flow\" id=\"https:\/\/projectes.xtec.cat\/digital\/perfils\/docents\/evitar-que-la-pantalla-de-lordinador-es-bloquegi\/\">\n<h2 class=\"wp-block-heading\">Evitar que la pantalla es bloquegi<\/h2>\n\n\n\n<p>2 aplicacions que eviten que es bloquegi la pantalla de l&#8217;ordinador<\/p>\n<\/div>\n\n\n\n<div class=\"wp-block-column caixa gris is-layout-flow wp-block-column-is-layout-flow\">\n<h2 class=\"wp-block-heading\">Usuari XTEC bloquejat<\/h2>\n\n\n\n<p>Apartat en construcci\u00f3<\/p>\n<\/div>\n<\/div>\n\n\n\n<div style=\"height:30px\" aria-hidden=\"true\" class=\"wp-block-spacer\"><\/div>\n\n\n\n<div class=\"wp-block-columns is-layout-flex wp-container-core-columns-is-layout-4 wp-block-columns-is-layout-flex\">\n<div class=\"wp-block-column caixa-link kb is-layout-flow wp-block-column-is-layout-flow\" id=\"https:\/\/projectes.xtec.cat\/digital\/perfils\/docents\/no-puc-veure-videos-de-youtube\/\">\n<h2 class=\"wp-block-heading\">No puc veure v\u00eddeos de youtube<\/h2>\n\n\n\n<p>De vegades, cal sincronitzar l&#8217;equip per rebre les actualitzacions i ordres remotes.<\/p>\n<\/div>\n\n\n\n<div class=\"wp-block-column caixa-link is-layout-flow wp-block-column-is-layout-flow\" id=\"https:\/\/projectes.xtec.cat\/digital\/migracio-del-web-estatic-xtec\/\">\n<h2 class=\"wp-block-heading\">Transformaci\u00f3 de p\u00e0gines web est\u00e0tiques XTEC<\/h2>\n\n\n\n<p>El Departament ofereix solucions m\u00e9s avan\u00e7ades a la p\u00e0gina est\u00e0tica.<\/p>\n<\/div>\n\n\n\n<div class=\"wp-block-column caixa is-layout-flow wp-block-column-is-layout-flow\"><\/div>\n\n\n\n<div class=\"wp-block-column caixa is-layout-flow wp-block-column-is-layout-flow\"><\/div>\n<\/div>\n\n\n\n<div style=\"height:30px\" aria-hidden=\"true\" class=\"wp-block-spacer\"><\/div>\n<\/div><\/div><\/div><\/div><\/div>\n\n\n\n<div style=\"height:30px\" aria-hidden=\"true\" class=\"wp-block-spacer\"><\/div>\n\n\n\n<h2 class=\"wp-block-heading alignwide\" style=\"font-size:34px\">Altres \u00e0mbits<\/h2>\n\n\n\n<div class=\"wp-block-getwid-section alignfull alignfull\"><div class=\"wp-block-getwid-section__wrapper\"><div class=\"wp-block-getwid-section__inner-wrapper\"><div class=\"wp-block-getwid-section__background-holder\"><div class=\"wp-block-getwid-section__background\"><\/div><div class=\"wp-block-getwid-section__foreground\"><\/div><\/div><div class=\"wp-block-getwid-section__content\"><div class=\"wp-block-getwid-section__inner-content\">\n<div class=\"wp-block-columns is-layout-flex wp-container-core-columns-is-layout-5 wp-block-columns-is-layout-flex\">\n<div class=\"wp-block-column caixa-link is-layout-flow wp-block-column-is-layout-flow\" id=\"https:\/\/xtec.gencat.cat\/ca\/at_usuari\/gestio\/\">\n<h2 class=\"wp-block-heading\" style=\"font-size:30px\">Recuperar la contrasenya XTEC<\/h2>\n<\/div>\n\n\n\n<div class=\"wp-block-column caixa-link is-layout-flow wp-block-column-is-layout-flow\" id=\"https:\/\/projectes.xtec.cat\/digital\/perfils\/docents\/canviar-la-contrasenya-de-gicar\/\">\n<h2 class=\"wp-block-heading\">Canviar la contrasenya de GICAR<\/h2>\n\n\n\n<p>Dona acc\u00e9s a l&#8217;ATRI, als ordinadors del PEDC i est\u00e0 sincronitzada amb el Google Workspace d&#8217;XTEC<\/p>\n<\/div>\n\n\n\n<div class=\"wp-block-column caixa-link is-layout-flow wp-block-column-is-layout-flow\" id=\"https:\/\/projectes.xtec.cat\/digital\/perfils\/docents\/proteccio-de-dades-i-altres-aspectes-legals\/\">\n<h2 class=\"wp-block-heading\">Sobre protecci\u00f3 de dades i altres aspectes legals <\/h2>\n<\/div>\n\n\n\n<div class=\"wp-block-column caixa-link is-layout-flow wp-block-column-is-layout-flow\" id=\"https:\/\/xtec.gencat.cat\/ca\/centres\/propintel_dretauto\/\">\n<h2 class=\"wp-block-heading\">Sobre propietat intel\u00b7lectual i drets d&#8217;autoria<\/h2>\n<\/div>\n<\/div>\n<\/div><\/div><\/div><\/div><\/div>\n\n\n\n<div style=\"height:70px\" aria-hidden=\"true\" class=\"wp-block-spacer\"><\/div>\n","protected":false},"excerpt":{"rendered":"<p>En aquesta p\u00e0gina es pot trobar tota la informaci\u00f3 de l&#8217;\u00e0mbit digital relacionada amb el Pla d&#8217;Educaci\u00f3 digital que necessita un docent. Compet\u00e8ncia digital docent Ordinadors port\u00e0tils del Pla d&#8217;Educaci\u00f3 digital Altres \u00e0mbits<\/p>\n","protected":false},"author":2,"featured_media":0,"parent":14326,"menu_order":0,"comment_status":"closed","ping_status":"close","template":"","meta":{"site-sidebar-layout":"default","site-content-layout":"","ast-site-content-layout":"default","site-content-style":"default","site-sidebar-style":"default","ast-global-header-display":"","ast-banner-title-visibility":"","ast-main-header-display":"","ast-hfb-above-header-display":"","ast-hfb-below-header-display":"","ast-hfb-mobile-header-display":"","site-post-title":"","ast-breadcrumbs-content":"","ast-featured-img":"","footer-sml-layout":"","theme-transparent-header-meta":"","adv-header-id-meta":"","stick-header-meta":"","header-above-stick-meta":"","header-main-stick-meta":"","header-below-stick-meta":"","astra-migrate-meta-layouts":"set","ast-page-background-enabled":"default","ast-page-background-meta":{"desktop":{"background-color":"var(--ast-global-color-4)","background-image":"","background-repeat":"repeat","background-position":"center center","background-size":"auto","background-attachment":"scroll","background-type":"","background-media":"","overlay-type":"","overlay-color":"","overlay-opacity":"","overlay-gradient":""},"tablet":{"background-color":"","background-image":"","background-repeat":"repeat","background-position":"center center","background-size":"auto","background-attachment":"scroll","background-type":"","background-media":"","overlay-type":"","overlay-color":"","overlay-opacity":"","overlay-gradient":""},"mobile":{"background-color":"","background-image":"","background-repeat":"repeat","background-position":"center center","background-size":"auto","background-attachment":"scroll","background-type":"","background-media":"","overlay-type":"","overlay-color":"","overlay-opacity":"","overlay-gradient":""}},"ast-content-background-meta":{"desktop":{"background-color":"var(--ast-global-color-5)","background-image":"","background-repeat":"repeat","background-position":"center center","background-size":"auto","background-attachment":"scroll","background-type":"","background-media":"","overlay-type":"","overlay-color":"","overlay-opacity":"","overlay-gradient":""},"tablet":{"background-color":"var(--ast-global-color-5)","background-image":"","background-repeat":"repeat","background-position":"center center","background-size":"auto","background-attachment":"scroll","background-type":"","background-media":"","overlay-type":"","overlay-color":"","overlay-opacity":"","overlay-gradient":""},"mobile":{"background-color":"var(--ast-global-color-5)","background-image":"","background-repeat":"repeat","background-position":"center center","background-size":"auto","background-attachment":"scroll","background-type":"","background-media":"","overlay-type":"","overlay-color":"","overlay-opacity":"","overlay-gradient":""}},"footnotes":""},"class_list":["post-14671","page","type-page","status-publish","hentry"],"post_mailing_queue_ids":[],"_links":{"self":[{"href":"https:\/\/projectes.xtec.cat\/digital\/wp-json\/wp\/v2\/pages\/14671","targetHints":{"allow":["GET"]}}],"collection":[{"href":"https:\/\/projectes.xtec.cat\/digital\/wp-json\/wp\/v2\/pages"}],"about":[{"href":"https:\/\/projectes.xtec.cat\/digital\/wp-json\/wp\/v2\/types\/page"}],"author":[{"embeddable":true,"href":"https:\/\/projectes.xtec.cat\/digital\/wp-json\/wp\/v2\/users\/2"}],"replies":[{"embeddable":true,"href":"https:\/\/projectes.xtec.cat\/digital\/wp-json\/wp\/v2\/comments?post=14671"}],"version-history":[{"count":6,"href":"https:\/\/projectes.xtec.cat\/digital\/wp-json\/wp\/v2\/pages\/14671\/revisions"}],"predecessor-version":[{"id":36959,"href":"https:\/\/projectes.xtec.cat\/digital\/wp-json\/wp\/v2\/pages\/14671\/revisions\/36959"}],"up":[{"embeddable":true,"href":"https:\/\/projectes.xtec.cat\/digital\/wp-json\/wp\/v2\/pages\/14326"}],"wp:attachment":[{"href":"https:\/\/projectes.xtec.cat\/digital\/wp-json\/wp\/v2\/media?parent=14671"}],"curies":[{"name":"wp","href":"https:\/\/api.w.org\/{rel}","templated":true}]}}

<p>En aquesta pàgina es pot trobar tota la informació de l&#8217;àmbit digital relacionada amb el Pla d&#8217;Educació digital que necessita un docent. </p>



<p></p>



<h2 class="wp-block-heading alignwide" style="font-size:34px">Competència digital docent</h2>



<div class="wp-block-getwid-section alignfull alignfull"><div class="wp-block-getwid-section__wrapper"><div class="wp-block-getwid-section__inner-wrapper"><div class="wp-block-getwid-section__background-holder"><div class="wp-block-getwid-section__background"></div><div class="wp-block-getwid-section__foreground"></div></div><div class="wp-block-getwid-section__content"><div class="wp-block-getwid-section__inner-content">
<div class="wp-block-columns is-layout-flex wp-container-core-columns-is-layout-1 wp-block-columns-is-layout-flex">
<div class="wp-block-column caixa-link is-layout-flow wp-block-column-is-layout-flow" style="flex-basis:23%" id="https://projectes.xtec.cat/digital/competencia-digital/competencia-digital-docent">
<h2 class="wp-block-heading">Formació</h2>



<p></p>
</div>



<div class="wp-block-column caixa-link is-layout-flow wp-block-column-is-layout-flow" style="flex-basis:23%" id="https://projectes.xtec.cat/digital/competencia-digital/competencia-digital-docent">
<h2 class="wp-block-heading">Acreditació</h2>
</div>
</div>



<div style="height:30px" aria-hidden="true" class="wp-block-spacer"></div>
</div></div></div></div></div>



<h2 class="wp-block-heading alignwide" style="font-size:34px">Ordinadors portàtils del Pla d&#8217;Educació digital</h2>



<div class="wp-block-getwid-section alignfull alignfull"><div class="wp-block-getwid-section__wrapper"><div class="wp-block-getwid-section__inner-wrapper"><div class="wp-block-getwid-section__background-holder"><div class="wp-block-getwid-section__background"></div><div class="wp-block-getwid-section__foreground"></div></div><div class="wp-block-getwid-section__content"><div class="wp-block-getwid-section__inner-content">
<div class="wp-block-columns is-layout-flex wp-container-core-columns-is-layout-2 wp-block-columns-is-layout-flex">
<div class="wp-block-column caixa-link is-layout-flow wp-block-column-is-layout-flow" id="https://projectes.xtec.cat/digital/perfils/docents/error-de-bitlocker/">
<h2 class="wp-block-heading">Error de BitLocker</h2>



<p>M&#8217;ha sortit una pantalla blava i em demana un codi. </p>
</div>



<div class="wp-block-column caixa-link is-layout-flow wp-block-column-is-layout-flow" id="https://projectes.xtec.cat/digital/perfils/docents/no-puc-iniciar-sessio-a-windows/">
<h2 class="wp-block-heading">No puc iniciar sessió</h2>



<p>No puc iniciar sessió en un equip Windows de docent o d&#8217;alumnat</p>
</div>



<div class="wp-block-column caixa gris is-layout-flow wp-block-column-is-layout-flow">
<h2 class="wp-block-heading">No es connecta a la wifi</h2>



<p>Apartat en construcció</p>
</div>



<div class="wp-block-column caixa gris is-layout-flow wp-block-column-is-layout-flow">
<h2 class="wp-block-heading">No es connecta a internet</h2>



<p>Tinc wifi, però no puc navegar per internet. Apartat en construcció</p>
</div>
</div>



<div style="height:30px" aria-hidden="true" class="wp-block-spacer"></div>



<div class="wp-block-columns is-layout-flex wp-container-core-columns-is-layout-3 wp-block-columns-is-layout-flex">
<div class="wp-block-column caixa-link kb is-layout-flow wp-block-column-is-layout-flow" id="https://projectes.xtec.cat/digital/perfils/coordinacio-digital/sincronitzacio-equips-windows/">
<h2 class="wp-block-heading">Sincronitzar l&#8217;ordinador</h2>



<p>De vegades, cal sincronitzar l&#8217;equip per rebre les actualitzacions i ordres remotes.</p>
</div>



<div class="wp-block-column caixa-link is-layout-flow wp-block-column-is-layout-flow" id="https://projectes.xtec.cat/digital/perfils/docents/obrir-una-incidencia/">
<h2 class="wp-block-heading">Obrir una incidència</h2>



<p>Només del teu portàtil del Pla d&#8217;Educació. </p>
</div>



<div class="wp-block-column caixa-link is-layout-flow wp-block-column-is-layout-flow" id="https://projectes.xtec.cat/digital/perfils/docents/evitar-que-la-pantalla-de-lordinador-es-bloquegi/">
<h2 class="wp-block-heading">Evitar que la pantalla es bloquegi</h2>



<p>2 aplicacions que eviten que es bloquegi la pantalla de l&#8217;ordinador</p>
</div>



<div class="wp-block-column caixa gris is-layout-flow wp-block-column-is-layout-flow">
<h2 class="wp-block-heading">Usuari XTEC bloquejat</h2>



<p>Apartat en construcció</p>
</div>
</div>



<div style="height:30px" aria-hidden="true" class="wp-block-spacer"></div>



<div class="wp-block-columns is-layout-flex wp-container-core-columns-is-layout-4 wp-block-columns-is-layout-flex">
<div class="wp-block-column caixa-link kb is-layout-flow wp-block-column-is-layout-flow" id="https://projectes.xtec.cat/digital/perfils/docents/no-puc-veure-videos-de-youtube/">
<h2 class="wp-block-heading">No puc veure vídeos de youtube</h2>



<p>De vegades, cal sincronitzar l&#8217;equip per rebre les actualitzacions i ordres remotes.</p>
</div>



<div class="wp-block-column caixa-link is-layout-flow wp-block-column-is-layout-flow" id="https://projectes.xtec.cat/digital/migracio-del-web-estatic-xtec/">
<h2 class="wp-block-heading">Transformació de pàgines web estàtiques XTEC</h2>



<p>El Departament ofereix solucions més avançades a la pàgina estàtica.</p>
</div>



<div class="wp-block-column caixa is-layout-flow wp-block-column-is-layout-flow"></div>



<div class="wp-block-column caixa is-layout-flow wp-block-column-is-layout-flow"></div>
</div>



<div style="height:30px" aria-hidden="true" class="wp-block-spacer"></div>
</div></div></div></div></div>



<div style="height:30px" aria-hidden="true" class="wp-block-spacer"></div>



<h2 class="wp-block-heading alignwide" style="font-size:34px">Altres àmbits</h2>



<div class="wp-block-getwid-section alignfull alignfull"><div class="wp-block-getwid-section__wrapper"><div class="wp-block-getwid-section__inner-wrapper"><div class="wp-block-getwid-section__background-holder"><div class="wp-block-getwid-section__background"></div><div class="wp-block-getwid-section__foreground"></div></div><div class="wp-block-getwid-section__content"><div class="wp-block-getwid-section__inner-content">
<div class="wp-block-columns is-layout-flex wp-container-core-columns-is-layout-5 wp-block-columns-is-layout-flex">
<div class="wp-block-column caixa-link is-layout-flow wp-block-column-is-layout-flow" id="https://xtec.gencat.cat/ca/at_usuari/gestio/">
<h2 class="wp-block-heading" style="font-size:30px">Recuperar la contrasenya XTEC</h2>
</div>



<div class="wp-block-column caixa-link is-layout-flow wp-block-column-is-layout-flow" id="https://projectes.xtec.cat/digital/perfils/docents/canviar-la-contrasenya-de-gicar/">
<h2 class="wp-block-heading">Canviar la contrasenya de GICAR</h2>



<p>Dona accés a l&#8217;ATRI, als ordinadors del PEDC i està sincronitzada amb el Google Workspace d&#8217;XTEC</p>
</div>



<div class="wp-block-column caixa-link is-layout-flow wp-block-column-is-layout-flow" id="https://projectes.xtec.cat/digital/perfils/docents/proteccio-de-dades-i-altres-aspectes-legals/">
<h2 class="wp-block-heading">Sobre protecció de dades i altres aspectes legals </h2>
</div>



<div class="wp-block-column caixa-link is-layout-flow wp-block-column-is-layout-flow" id="https://xtec.gencat.cat/ca/centres/propintel_dretauto/">
<h2 class="wp-block-heading">Sobre propietat intel·lectual i drets d&#8217;autoria</h2>
</div>
</div>
</div></div></div></div></div>



<div style="height:70px" aria-hidden="true" class="wp-block-spacer"></div>

<p>En aquesta pàgina es pot trobar tota la informació de l&#8217;àmbit digital relacionada amb el Pla d&#8217;Educació digital que necessita un docent. Competència digital docent Ordinadors portàtils del Pla d&#8217;Educació digital Altres àmbits</p>
