{"id":16092,"date":"2023-05-28T18:22:12","date_gmt":"2023-05-28T16:22:12","guid":{"rendered":"https:\/\/projectes.xtec.cat\/digital\/?page_id=16092"},"modified":"2025-05-08T01:47:55","modified_gmt":"2025-05-07T23:47:55","slug":"gestio-ordinadors-docents-canvi-de-curs","status":"publish","type":"page","link":"https:\/\/projectes.xtec.cat\/digital\/equipaments-i-infraestructures\/ordinadors\/ordinadors-docents\/gestio-ordinadors-docents-canvi-de-curs\/","title":{"rendered":"Gesti\u00f3 dels ordinadors docents en el canvi de curs"},"content":{"rendered":"\n<p class=\"has-ast-global-color-4-background-color has-background has-normal-font-size\">\ud83d\udc49 A difer\u00e8ncia dels equips Windows de l&#8217;alumnat, no s&#8217;ha previst cap esborrament automatitzat de perfils d&#8217;usuari. La volumetria (molt menor) i les dades a esborrar (m\u00e9s sensibles) fan necessari un <strong>restabliment de f\u00e0brica<\/strong> que han d&#8217;executar les comissions\/coordinacions digitals del centre.<\/p>\n\n\n\n<div class=\"wp-block-columns alignwide is-layout-flex wp-container-core-columns-is-layout-1 wp-block-columns-is-layout-flex\">\n<div class=\"wp-block-column llista-compacta is-layout-flow wp-block-column-is-layout-flow\">\n<p>Amb el canvi de curs cal fer les seg\u00fcents accions: <\/p>\n\n\n\n<ol class=\"wp-block-list\">\n<li>Recollir els ordinadors dels docents que no continuaran en el centre el curs vinent. <\/li>\n\n\n\n<li>Reclamar els ordinadors no retornats i, a INDIC, canviar l\u2019estat de\u00a0<strong>Entregat<\/strong>\u00a0a\u00a0<strong>Reclamats<\/strong>.<\/li>\n\n\n\n<li>Gestionar avisos i den\u00fancies en el cas dels equips no retornats.<\/li>\n\n\n\n<li>A INDIC,<strong> assignar<\/strong> els equips retornats al docent que el far\u00e0 servir durant el curs 2025-26 i definir l\u2019estat\u00a0<strong>Per entregar<\/strong>. Si no teniu previst fer l&#8217;assignaci\u00f3 fins al setembre, definir l\u2019estat dels equips a\u00a0<strong>Disponible<\/strong>. Es poden fer\u00a0<a href=\"https:\/\/docs.google.com\/document\/d\/1nk9gL6yr61svkk4PlOeAva5wot04xnttD9nB0U1spiY\/edit?tab=t.0#heading=h.krwh42h4yg53\">assignacions massives<\/a>.<\/li>\n\n\n\n<li>El centre <a href=\"https:\/\/projectes.xtec.cat\/digital\/equipaments-i-infraestructures\/ordinadors\/restabliment-dequips-windows-amb-intune#restabliment-fabrica\" data-type=\"URL\">restableix els equips amb Intune <\/a>executant una ordre remota de <strong>Restabliment de f\u00e0brica. <\/strong><\/li>\n\n\n\n<li>Si algun equip no respon a l&#8217;ordre remota d&#8217;Intune, executeu un <a href=\"https:\/\/projectes.xtec.cat\/digital\/equipaments-i-infraestructures\/ordinadors\/restabliment-local-equips-del-pedc\/\" data-type=\"URL\" data-id=\"https:\/\/projectes.xtec.cat\/digital\/equipaments-i-infraestructures\/ordinadors\/restabliment-local-equips-del-pedc\/\">restabliment local<\/a>. <\/li>\n\n\n\n<li>El centre entrega els equips als nous docents amb el document de lliurament.    <\/li>\n\n\n\n<li>A INDIC, el centre configura l&#8217;estat de l&#8217;equip a <strong>Entregat<\/strong>. <\/li>\n<\/ol>\n\n\n\n<p><strong> <\/strong><\/p>\n<\/div>\n<\/div>\n\n\n\n<div style=\"height:30px\" aria-hidden=\"true\" class=\"wp-block-spacer\"><\/div>\n\n\n\n<div class=\"wp-block-getwid-section alignwide alignfull alignfull\"><div class=\"wp-block-getwid-section__wrapper\"><div class=\"wp-block-getwid-section__inner-wrapper\"><div class=\"wp-block-getwid-section__background-holder\"><div class=\"wp-block-getwid-section__background has-background has-ast-global-color-4-background-color\"><\/div><div class=\"wp-block-getwid-section__foreground\"><\/div><\/div><div class=\"wp-block-getwid-section__content\"><div class=\"wp-block-getwid-section__inner-content\">\n<div style=\"height:60px\" aria-hidden=\"true\" class=\"wp-block-spacer\"><\/div>\n\n\n\n<h2 class=\"wp-block-heading alignwide\">Preguntes freq\u00fcents<\/h2>\n\n\n\n<div class=\"wp-block-getwid-accordion alignwide accordio-gran negre has-icon-left alignwide\" data-active-element=\"none\">\n<div class=\"wp-block-getwid-accordion__header-wrapper\"><span class=\"wp-block-getwid-accordion__header\"><a href=\"#\"><span class=\"wp-block-getwid-accordion__header-title\">No s\u00e9 quin ser\u00e0 el docent que heretar\u00e0 l&#8217;equip o no apareix a INDIC<\/span><span class=\"wp-block-getwid-accordion__icon is-active\"><i class=\"far fa-question-circle\"><\/i><\/span><span class=\"wp-block-getwid-accordion__icon is-passive\"><i class=\"fas fa-chevron-up\"><\/i><\/span><\/a><\/span><\/div><div class=\"wp-block-getwid-accordion__content-wrapper\"><div class=\"wp-block-getwid-accordion__content\">\n<p>Configureu l&#8217;estat de l&#8217;equip a <strong>Disponible<\/strong> i continueu amb el proc\u00e9s de restabliment. <\/p>\n\n\n\n<p>Una vegada restablert, podeu optar per: <\/p>\n\n\n\n<ul class=\"wp-block-list\">\n<li>No donar l&#8217;equip al docent fins que aparegui a INDIC (no hauria de trigar gaires dies una vegada firmat el contracte)<\/li>\n\n\n\n<li>Donar-li l&#8217;equip i assignar-lo quan aparegui a INDIC. Podeu apuntar el nom del nou docent en el mateix equip, dins de l&#8217;apartat <strong>Notes<\/strong>. <\/li>\n<\/ul>\n<\/div><\/div>\n\n\n\n<div class=\"wp-block-getwid-accordion__header-wrapper\"><span class=\"wp-block-getwid-accordion__header\"><a href=\"#\"><span class=\"wp-block-getwid-accordion__header-title\">Hi ha algun model pel document de lliurament?  <\/span><span class=\"wp-block-getwid-accordion__icon is-active\"><i class=\"far fa-question-circle\"><\/i><\/span><span class=\"wp-block-getwid-accordion__icon is-passive\"><i class=\"fas fa-chevron-up\"><\/i><\/span><\/a><\/span><\/div><div class=\"wp-block-getwid-accordion__content-wrapper\"><div class=\"wp-block-getwid-accordion__content\">\n<p>S\u00ed, podeu adaptar <a href=\"https:\/\/projectes.xtec.cat\/digital\/wp-content\/uploads\/usu2317\/2023\/06\/Modell-docents.odt\" data-type=\"URL\" data-id=\"https:\/\/projectes.xtec.cat\/digital\/wp-content\/uploads\/usu2317\/2023\/06\/Modell-docents.odt\" target=\"_blank\" rel=\"noreferrer noopener\">aquest model<\/a> amb el logo del centre i afegir la informaci\u00f3 relacionada que considereu.  <\/p>\n<\/div><\/div>\n\n\n\n<div class=\"wp-block-getwid-accordion__header-wrapper\"><span class=\"wp-block-getwid-accordion__header\"><a href=\"#\"><span class=\"wp-block-getwid-accordion__header-title\">Per qu\u00e8 cal fer un restabliment de f\u00e0brica i no es pot fer un esborrat de perfil com en el cas dels equips d&#8217;alumnes? <\/span><span class=\"wp-block-getwid-accordion__icon is-active\"><i class=\"far fa-question-circle\"><\/i><\/span><span class=\"wp-block-getwid-accordion__icon is-passive\"><i class=\"fas fa-chevron-up\"><\/i><\/span><\/a><\/span><\/div><div class=\"wp-block-getwid-accordion__content-wrapper\"><div class=\"wp-block-getwid-accordion__content\">\n<p>L&#8217;ordinador d&#8217;un\/a docent pot contenir dades sensibles d&#8217;alumnes (informes, notes, expedients disciplinaris, etc) que cal garantir que s&#8217;esborren una vegada el docent deixa d&#8217;impartir doc\u00e8ncia en el centre.<\/p>\n<\/div><\/div>\n<\/div>\n\n\n\n<div style=\"height:100px\" aria-hidden=\"true\" class=\"wp-block-spacer\"><\/div>\n<\/div><\/div><\/div><\/div><\/div>\n","protected":false},"excerpt":{"rendered":"<p>\ud83d\udc49 A difer\u00e8ncia dels equips Windows de l&#8217;alumnat, no s&#8217;ha previst cap esborrament automatitzat de perfils d&#8217;usuari. La volumetria (molt menor) i les dades a esborrar (m\u00e9s sensibles) fan necessari un restabliment de f\u00e0brica que han d&#8217;executar les comissions\/coordinacions digitals del centre. Amb el canvi de curs cal fer les seg\u00fcents accions:<\/p>\n","protected":false},"author":1,"featured_media":0,"parent":12872,"menu_order":0,"comment_status":"closed","ping_status":"close","template":"","meta":{"site-sidebar-layout":"default","site-content-layout":"","ast-site-content-layout":"default","site-content-style":"default","site-sidebar-style":"default","ast-global-header-display":"","ast-banner-title-visibility":"","ast-main-header-display":"","ast-hfb-above-header-display":"","ast-hfb-below-header-display":"","ast-hfb-mobile-header-display":"","site-post-title":"","ast-breadcrumbs-content":"","ast-featured-img":"","footer-sml-layout":"","theme-transparent-header-meta":"","adv-header-id-meta":"","stick-header-meta":"","header-above-stick-meta":"","header-main-stick-meta":"","header-below-stick-meta":"","astra-migrate-meta-layouts":"set","ast-page-background-enabled":"default","ast-page-background-meta":{"desktop":{"background-color":"var(--ast-global-color-4)","background-image":"","background-repeat":"repeat","background-position":"center center","background-size":"auto","background-attachment":"scroll","background-type":"","background-media":"","overlay-type":"","overlay-color":"","overlay-opacity":"","overlay-gradient":""},"tablet":{"background-color":"","background-image":"","background-repeat":"repeat","background-position":"center center","background-size":"auto","background-attachment":"scroll","background-type":"","background-media":"","overlay-type":"","overlay-color":"","overlay-opacity":"","overlay-gradient":""},"mobile":{"background-color":"","background-image":"","background-repeat":"repeat","background-position":"center center","background-size":"auto","background-attachment":"scroll","background-type":"","background-media":"","overlay-type":"","overlay-color":"","overlay-opacity":"","overlay-gradient":""}},"ast-content-background-meta":{"desktop":{"background-color":"var(--ast-global-color-5)","background-image":"","background-repeat":"repeat","background-position":"center center","background-size":"auto","background-attachment":"scroll","background-type":"","background-media":"","overlay-type":"","overlay-color":"","overlay-opacity":"","overlay-gradient":""},"tablet":{"background-color":"var(--ast-global-color-5)","background-image":"","background-repeat":"repeat","background-position":"center center","background-size":"auto","background-attachment":"scroll","background-type":"","background-media":"","overlay-type":"","overlay-color":"","overlay-opacity":"","overlay-gradient":""},"mobile":{"background-color":"var(--ast-global-color-5)","background-image":"","background-repeat":"repeat","background-position":"center center","background-size":"auto","background-attachment":"scroll","background-type":"","background-media":"","overlay-type":"","overlay-color":"","overlay-opacity":"","overlay-gradient":""}},"footnotes":""},"class_list":["post-16092","page","type-page","status-publish","hentry"],"post_mailing_queue_ids":[],"_links":{"self":[{"href":"https:\/\/projectes.xtec.cat\/digital\/wp-json\/wp\/v2\/pages\/16092","targetHints":{"allow":["GET"]}}],"collection":[{"href":"https:\/\/projectes.xtec.cat\/digital\/wp-json\/wp\/v2\/pages"}],"about":[{"href":"https:\/\/projectes.xtec.cat\/digital\/wp-json\/wp\/v2\/types\/page"}],"author":[{"embeddable":true,"href":"https:\/\/projectes.xtec.cat\/digital\/wp-json\/wp\/v2\/users\/1"}],"replies":[{"embeddable":true,"href":"https:\/\/projectes.xtec.cat\/digital\/wp-json\/wp\/v2\/comments?post=16092"}],"version-history":[{"count":6,"href":"https:\/\/projectes.xtec.cat\/digital\/wp-json\/wp\/v2\/pages\/16092\/revisions"}],"predecessor-version":[{"id":36322,"href":"https:\/\/projectes.xtec.cat\/digital\/wp-json\/wp\/v2\/pages\/16092\/revisions\/36322"}],"up":[{"embeddable":true,"href":"https:\/\/projectes.xtec.cat\/digital\/wp-json\/wp\/v2\/pages\/12872"}],"wp:attachment":[{"href":"https:\/\/projectes.xtec.cat\/digital\/wp-json\/wp\/v2\/media?parent=16092"}],"curies":[{"name":"wp","href":"https:\/\/api.w.org\/{rel}","templated":true}]}}