{"id":16889,"date":"2023-06-14T20:23:43","date_gmt":"2023-06-14T18:23:43","guid":{"rendered":"https:\/\/projectes.xtec.cat\/digital\/?page_id=16889"},"modified":"2023-06-14T21:19:47","modified_gmt":"2023-06-14T19:19:47","slug":"detectar-equips-windows-no-actualitzats-amb-intune","status":"publish","type":"page","link":"https:\/\/projectes.xtec.cat\/digital\/perfils\/coordinacio-digital\/detectar-equips-windows-no-actualitzats-amb-intune\/","title":{"rendered":"Detectar equips Windows no actualitzats amb Intune"},"content":{"rendered":"\n<p class=\"has-medium-font-size\">Podeu fer el seguiment de quins equips estan pendents d&#8217;actualitzar fent servir <strong>Intune<\/strong>. La versi\u00f3 de Windows que haurien de tenir tots els equips \u00e9s la <strong>22H2 Compilaci\u00f3 10.0.19045.XXXX<\/strong> (els darrers 4 d\u00edgits no s\u00f3n rellevants). <\/p>\n\n\n\n<ol class=\"has-medium-font-size wp-block-list\"><li>Aneu a&nbsp;<a href=\"https:\/\/intuneeducation.portal.azure.com\/\">https:\/\/intuneeducation.portal.azure.com\/<\/a>&nbsp;i entreu amb un usuari que tingui rol ACC\u00c9S_INTUNE_TOTAL (atorgat per l\u2019equip directiu al&nbsp;<a rel=\"noreferrer noopener\" href=\"https:\/\/projectes.xtec.cat\/digital\/directori\/guac\/\" target=\"_blank\">GUAC<\/a>).<br><\/li><li>Feu clic a l\u2019opci\u00f3&nbsp;<strong>Dispositius<\/strong>&nbsp;de la barra lateral esquerra. Us apareixer\u00e0 la llista d\u2019equips amb una columna amb la darrera versi\u00f3 instal\u00b7lada per cada equip. En la seg\u00fcent imatge podeu veure que els 2 primers equips no estan actualitzats. <\/li><\/ol>\n\n\n\n<div class=\"wp-block-image\"><figure class=\"aligncenter size-large\"><a href=\"https:\/\/projectes.xtec.cat\/digital\/wp-content\/uploads\/usu2317\/2023\/05\/llistat-equips.png\"><img loading=\"lazy\" decoding=\"async\" width=\"1024\" height=\"199\" src=\"https:\/\/projectes.xtec.cat\/digital\/wp-content\/uploads\/usu2317\/2023\/05\/llistat-equips-1024x199.png\" alt=\"llistat d'equips\" class=\"wp-image-16022\" srcset=\"https:\/\/projectes.xtec.cat\/digital\/wp-content\/uploads\/usu2317\/2023\/05\/llistat-equips-1024x199.png 1024w, https:\/\/projectes.xtec.cat\/digital\/wp-content\/uploads\/usu2317\/2023\/05\/llistat-equips-300x58.png 300w, https:\/\/projectes.xtec.cat\/digital\/wp-content\/uploads\/usu2317\/2023\/05\/llistat-equips-768x149.png 768w, https:\/\/projectes.xtec.cat\/digital\/wp-content\/uploads\/usu2317\/2023\/05\/llistat-equips-1536x298.png 1536w, https:\/\/projectes.xtec.cat\/digital\/wp-content\/uploads\/usu2317\/2023\/05\/llistat-equips-2048x398.png 2048w\" sizes=\"auto, (max-width: 1024px) 100vw, 1024px\" \/><\/a><figcaption>Feu clic a la imatge per veure-la a una mida m\u00e9s gran<\/figcaption><\/figure><\/div>\n\n\n\n<ol start=\"3\" class=\"has-medium-font-size wp-block-list\"><li>Una vegada identificats i localitzats f\u00edsicament, <a href=\"https:\/\/projectes.xtec.cat\/digital\/equipaments-i-infraestructures\/ordinadors\/actualitzacio-dels-equips-windows\/\" data-type=\"URL\" data-id=\"https:\/\/projectes.xtec.cat\/digital\/equipaments-i-infraestructures\/ordinadors\/actualitzacio-dels-equips-windows\/\">actualitzeu els equips<\/a>. <\/li><\/ol>\n\n\n\n<div style=\"height:100px\" aria-hidden=\"true\" class=\"wp-block-spacer\"><\/div>\n","protected":false},"excerpt":{"rendered":"<p>Podeu fer el seguiment de quins equips estan pendents d&#8217;actualitzar fent servir Intune. La versi\u00f3 de Windows que haurien de tenir tots els equips \u00e9s la 22H2 Compilaci\u00f3 10.0.19045.XXXX (els darrers 4 d\u00edgits no s\u00f3n rellevants). Aneu a&nbsp;https:\/\/intuneeducation.portal.azure.com\/&nbsp;i entreu amb un usuari que tingui rol ACC\u00c9S_INTUNE_TOTAL (atorgat per l\u2019equip directiu al&nbsp;GUAC). Feu clic a l\u2019opci\u00f3&nbsp;Dispositius&nbsp;de [&hellip;]<\/p>\n","protected":false},"author":1,"featured_media":0,"parent":13388,"menu_order":0,"comment_status":"closed","ping_status":"close","template":"","meta":{"site-sidebar-layout":"default","site-content-layout":"","ast-site-content-layout":"","site-content-style":"default","site-sidebar-style":"default","ast-global-header-display":"","ast-banner-title-visibility":"","ast-main-header-display":"","ast-hfb-above-header-display":"","ast-hfb-below-header-display":"","ast-hfb-mobile-header-display":"","site-post-title":"","ast-breadcrumbs-content":"","ast-featured-img":"","footer-sml-layout":"","theme-transparent-header-meta":"","adv-header-id-meta":"","stick-header-meta":"","header-above-stick-meta":"","header-main-stick-meta":"","header-below-stick-meta":"","astra-migrate-meta-layouts":"default","ast-page-background-enabled":"default","ast-page-background-meta":{"desktop":{"background-color":"var(--ast-global-color-4)","background-image":"","background-repeat":"repeat","background-position":"center center","background-size":"auto","background-attachment":"scroll","background-type":"","background-media":"","overlay-type":"","overlay-color":"","overlay-opacity":"","overlay-gradient":""},"tablet":{"background-color":"","background-image":"","background-repeat":"repeat","background-position":"center center","background-size":"auto","background-attachment":"scroll","background-type":"","background-media":"","overlay-type":"","overlay-color":"","overlay-opacity":"","overlay-gradient":""},"mobile":{"background-color":"","background-image":"","background-repeat":"repeat","background-position":"center center","background-size":"auto","background-attachment":"scroll","background-type":"","background-media":"","overlay-type":"","overlay-color":"","overlay-opacity":"","overlay-gradient":""}},"ast-content-background-meta":{"desktop":{"background-color":"var(--ast-global-color-5)","background-image":"","background-repeat":"repeat","background-position":"center center","background-size":"auto","background-attachment":"scroll","background-type":"","background-media":"","overlay-type":"","overlay-color":"","overlay-opacity":"","overlay-gradient":""},"tablet":{"background-color":"var(--ast-global-color-5)","background-image":"","background-repeat":"repeat","background-position":"center center","background-size":"auto","background-attachment":"scroll","background-type":"","background-media":"","overlay-type":"","overlay-color":"","overlay-opacity":"","overlay-gradient":""},"mobile":{"background-color":"var(--ast-global-color-5)","background-image":"","background-repeat":"repeat","background-position":"center center","background-size":"auto","background-attachment":"scroll","background-type":"","background-media":"","overlay-type":"","overlay-color":"","overlay-opacity":"","overlay-gradient":""}},"footnotes":""},"class_list":["post-16889","page","type-page","status-publish","hentry"],"post_mailing_queue_ids":[],"_links":{"self":[{"href":"https:\/\/projectes.xtec.cat\/digital\/wp-json\/wp\/v2\/pages\/16889","targetHints":{"allow":["GET"]}}],"collection":[{"href":"https:\/\/projectes.xtec.cat\/digital\/wp-json\/wp\/v2\/pages"}],"about":[{"href":"https:\/\/projectes.xtec.cat\/digital\/wp-json\/wp\/v2\/types\/page"}],"author":[{"embeddable":true,"href":"https:\/\/projectes.xtec.cat\/digital\/wp-json\/wp\/v2\/users\/1"}],"replies":[{"embeddable":true,"href":"https:\/\/projectes.xtec.cat\/digital\/wp-json\/wp\/v2\/comments?post=16889"}],"version-history":[{"count":3,"href":"https:\/\/projectes.xtec.cat\/digital\/wp-json\/wp\/v2\/pages\/16889\/revisions"}],"predecessor-version":[{"id":16905,"href":"https:\/\/projectes.xtec.cat\/digital\/wp-json\/wp\/v2\/pages\/16889\/revisions\/16905"}],"up":[{"embeddable":true,"href":"https:\/\/projectes.xtec.cat\/digital\/wp-json\/wp\/v2\/pages\/13388"}],"wp:attachment":[{"href":"https:\/\/projectes.xtec.cat\/digital\/wp-json\/wp\/v2\/media?parent=16889"}],"curies":[{"name":"wp","href":"https:\/\/api.w.org\/{rel}","templated":true}]}}