{"id":27791,"date":"2024-06-12T11:14:19","date_gmt":"2024-06-12T09:14:19","guid":{"rendered":"https:\/\/projectes.xtec.cat\/digital\/?page_id=27791"},"modified":"2024-07-17T09:04:49","modified_gmt":"2024-07-17T07:04:49","slug":"centres-concertats","status":"publish","type":"page","link":"https:\/\/projectes.xtec.cat\/digital\/equipaments-i-infraestructures\/robotica\/centres-concertats\/","title":{"rendered":"Subvenci\u00f3 de rob\u00f2tica als centres concertats"},"content":{"rendered":"\n<div class=\"wp-block-getwid-section alignfull alignfull\"><div class=\"wp-block-getwid-section__wrapper\"><div class=\"wp-block-getwid-section__inner-wrapper\"><div class=\"wp-block-getwid-section__background-holder\"><div class=\"wp-block-getwid-section__background has-background\" style=\"background-color:#f1f1f1\"><\/div><div class=\"wp-block-getwid-section__foreground\"><\/div><\/div><div class=\"wp-block-getwid-section__content\"><div class=\"wp-block-getwid-section__inner-content\">\n<div style=\"height:15px\" aria-hidden=\"true\" class=\"wp-block-spacer\"><\/div>\n\n\n\n<div class=\"wp-block-columns is-layout-flex wp-container-core-columns-is-layout-1 wp-block-columns-is-layout-flex\">\n<div class=\"wp-block-column is-vertically-aligned-top is-layout-flow wp-block-column-is-layout-flow\">\n<p style=\"font-size:18px\">El programa <a rel=\"noreferrer noopener\" href=\"https:\/\/espanadigital.gob.es\/va\/linies-dactuacio\/programa-codigo-escuela-40\" data-type=\"link\" data-id=\"https:\/\/espanadigital.gob.es\/va\/linies-dactuacio\/programa-codigo-escuela-40\" target=\"_blank\">C\u00f3digo Escuela 4.0<\/a> t\u00e9 com objectiu facilitar al professorat i l&#8217;alumnat el desenvolupament de les compet\u00e8ncies digitals relacionades amb el pensament computacional i la programaci\u00f3. <\/p>\n\n\n\n<p style=\"font-size:18px\">Dins del programa s&#8217;ha previst una subvenci\u00f3 pels centres privats sostinguts amb fons p\u00fablics amb unitats concertades de segon cicle d\u2019educaci\u00f3 infantil, educaci\u00f3 prim\u00e0ria i educaci\u00f3 secund\u00e0ria obligat\u00f2ria (excepte CEE).<\/p>\n<\/div>\n\n\n\n<div class=\"wp-block-column is-vertically-aligned-center is-layout-flow wp-block-column-is-layout-flow\" style=\"flex-basis:40%\">\n<figure class=\"wp-block-image aligncenter size-full is-resized has-custom-border\"><a href=\"https:\/\/portaldogc.gencat.cat\/utilsEADOP\/PDF\/9182\/2032794.pdf\" target=\"_blank\" rel=\"noreferrer noopener\"><img loading=\"lazy\" decoding=\"async\" width=\"562\" height=\"816\" src=\"https:\/\/projectes.xtec.cat\/digital\/wp-content\/uploads\/usu2317\/2024\/06\/Captura-de-pantalla-2024-06-12-a-les-14.55.09.png\" alt=\"imatge ordre\" class=\"has-border-color has-ast-global-color-3-border-color wp-image-27817\" style=\"border-width:2px;aspect-ratio:0.6887254901960784;width:159px;height:auto\" title=\"\" srcset=\"https:\/\/projectes.xtec.cat\/digital\/wp-content\/uploads\/usu2317\/2024\/06\/Captura-de-pantalla-2024-06-12-a-les-14.55.09.png 562w, https:\/\/projectes.xtec.cat\/digital\/wp-content\/uploads\/usu2317\/2024\/06\/Captura-de-pantalla-2024-06-12-a-les-14.55.09-207x300.png 207w\" sizes=\"auto, (max-width: 562px) 100vw, 562px\" \/><\/a><figcaption class=\"wp-element-caption\"><a href=\"https:\/\/portaldogc.gencat.cat\/utilsEADOP\/PDF\/9182\/2032794.pdf\" data-type=\"link\" data-id=\"https:\/\/portaldogc.gencat.cat\/utilsEADOP\/PDF\/9182\/2032794.pdf\">Descarregar Ordre<\/a><\/figcaption><\/figure>\n<\/div>\n<\/div>\n\n\n\n<div style=\"height:15px\" aria-hidden=\"true\" class=\"wp-block-spacer\"><\/div>\n<\/div><\/div><\/div><\/div><\/div>\n\n\n\n<div class=\"wp-block-getwid-section alignfull alignfull\"><div class=\"wp-block-getwid-section__wrapper\"><div class=\"wp-block-getwid-section__inner-wrapper\"><div class=\"wp-block-getwid-section__background-holder\"><div class=\"wp-block-getwid-section__background\"><\/div><div class=\"wp-block-getwid-section__foreground\"><\/div><\/div><div class=\"wp-block-getwid-section__content\"><div class=\"wp-block-getwid-section__inner-content\">\n<div style=\"height:20px\" aria-hidden=\"true\" class=\"wp-block-spacer\"><\/div>\n\n\n\n<div class=\"wp-block-columns alignwide is-layout-flex wp-container-core-columns-is-layout-2 wp-block-columns-is-layout-flex\">\n<div class=\"wp-block-column is-layout-flow wp-block-column-is-layout-flow\">\n<h2 class=\"wp-block-heading alignwide\" style=\"font-size:28px\">Preguntes freq\u00fcents<\/h2>\n\n\n\n<div class=\"wp-block-getwid-accordion has-icon-left\" data-active-element=\"none\">\n<div class=\"wp-block-getwid-accordion__header-wrapper\"><span class=\"wp-block-getwid-accordion__header\"><a href=\"#\"><span class=\"wp-block-getwid-accordion__header-title\">Quina \u00e9s la quantia de la subvenci\u00f3? <\/span><span class=\"wp-block-getwid-accordion__icon is-active\"><i class=\"far fa-question-circle\"><\/i><\/span><span class=\"wp-block-getwid-accordion__icon is-passive\"><i class=\"fas fa-chevron-up\"><\/i><\/span><\/a><\/span><\/div><div class=\"wp-block-getwid-accordion__content-wrapper\"><div class=\"wp-block-getwid-accordion__content\">\n<p>L&#8217;import de la subvenci\u00f3 s&#8217;estableix en funci\u00f3 del nombre d&#8217;unitats concertades en els ensenyaments<br>corresponents al segon cicle d&#8217;Educaci\u00f3 Infantil, a l&#8217;Educaci\u00f3 Prim\u00e0ria i a l&#8217;Educaci\u00f3 Secund\u00e0ria Obligat\u00f2ria del<br>curs 2023-2024, d&#8217;acord amb les franges seg\u00fcents:<\/p>\n\n\n\n<figure class=\"wp-block-image size-full\"><a href=\"https:\/\/projectes.xtec.cat\/digital\/wp-content\/uploads\/usu2317\/2024\/06\/quanties-sub.png\"><img loading=\"lazy\" decoding=\"async\" width=\"485\" height=\"259\" src=\"https:\/\/projectes.xtec.cat\/digital\/wp-content\/uploads\/usu2317\/2024\/06\/quanties-sub.png\" alt=\"Gr\u00e0fic de les q\u00fcanties\" class=\"wp-image-27870\" srcset=\"https:\/\/projectes.xtec.cat\/digital\/wp-content\/uploads\/usu2317\/2024\/06\/quanties-sub.png 485w, https:\/\/projectes.xtec.cat\/digital\/wp-content\/uploads\/usu2317\/2024\/06\/quanties-sub-300x160.png 300w\" sizes=\"auto, (max-width: 485px) 100vw, 485px\" \/><\/a><\/figure>\n<\/div><\/div>\n\n\n\n<div class=\"wp-block-getwid-accordion__header-wrapper\"><span class=\"wp-block-getwid-accordion__header\"><a href=\"#\"><span class=\"wp-block-getwid-accordion__header-title\">Quin \u00e9s el calendari del procediment? <\/span><span class=\"wp-block-getwid-accordion__icon is-active\"><i class=\"far fa-question-circle\"><\/i><\/span><span class=\"wp-block-getwid-accordion__icon is-passive\"><i class=\"fas fa-chevron-up\"><\/i><\/span><\/a><\/span><\/div><div class=\"wp-block-getwid-accordion__content-wrapper\"><div class=\"wp-block-getwid-accordion__content\">\n<figure class=\"wp-block-image size-full\"><a href=\"https:\/\/projectes.xtec.cat\/digital\/wp-content\/uploads\/usu2317\/2024\/06\/Captura-de-pantalla-2024-06-12-a-les-23.11.04.png\"><img loading=\"lazy\" decoding=\"async\" width=\"956\" height=\"490\" src=\"https:\/\/projectes.xtec.cat\/digital\/wp-content\/uploads\/usu2317\/2024\/06\/Captura-de-pantalla-2024-06-12-a-les-23.11.04.png\" alt=\"calendari procediment subvenci\u00f3\" class=\"wp-image-27873\" srcset=\"https:\/\/projectes.xtec.cat\/digital\/wp-content\/uploads\/usu2317\/2024\/06\/Captura-de-pantalla-2024-06-12-a-les-23.11.04.png 956w, https:\/\/projectes.xtec.cat\/digital\/wp-content\/uploads\/usu2317\/2024\/06\/Captura-de-pantalla-2024-06-12-a-les-23.11.04-300x154.png 300w, https:\/\/projectes.xtec.cat\/digital\/wp-content\/uploads\/usu2317\/2024\/06\/Captura-de-pantalla-2024-06-12-a-les-23.11.04-768x394.png 768w\" sizes=\"auto, (max-width: 956px) 100vw, 956px\" \/><\/a><\/figure>\n\n\n\n<p class=\"has-text-align-center\" style=\"font-size:19px\"><em>Feu clic a l&#8217;imatge per veure el calendari m\u00e9s gran<\/em><\/p>\n<\/div><\/div>\n\n\n\n<div class=\"wp-block-getwid-accordion__header-wrapper\"><span class=\"wp-block-getwid-accordion__header\"><a href=\"#\"><span class=\"wp-block-getwid-accordion__header-title\">Com s&#8217;efectuar\u00e0 el pagament? <\/span><span class=\"wp-block-getwid-accordion__icon is-active\"><i class=\"far fa-question-circle\"><\/i><\/span><span class=\"wp-block-getwid-accordion__icon is-passive\"><i class=\"fas fa-chevron-up\"><\/i><\/span><\/a><\/span><\/div><div class=\"wp-block-getwid-accordion__content-wrapper\"><div class=\"wp-block-getwid-accordion__content\">\n<p>L&#8217;import de la subvenci\u00f3 es far\u00e0 efectiu en dos pagaments:<\/p>\n\n\n\n<ul class=\"wp-block-list\">\n<li>El <strong>primer pagament<\/strong>, corresponent al 80% de la subvenci\u00f3 atorgada, en concepte de bestreta, es tramitar\u00e0 l&#8217;any 2024, un cop s&#8217;hagi resolt la convocat\u00f2ria de subvenci\u00f3. <\/li>\n\n\n\n<li>El <strong>segon pagament<\/strong>, corresponent a la resta del 20% de la subvenci\u00f3 atorgada, es tramitar\u00e0 un cop s&#8217;hagi justificat correctament la subvenci\u00f3, durant l&#8217;any 2025.<\/li>\n<\/ul>\n<\/div><\/div>\n\n\n\n<div class=\"wp-block-getwid-accordion__header-wrapper\"><span class=\"wp-block-getwid-accordion__header\"><a href=\"#\"><span class=\"wp-block-getwid-accordion__header-title\">Es poden adquirir llic\u00e8ncies relacionades amb la programaci\u00f3 o amb plataformes de recursos educatius?<\/span><span class=\"wp-block-getwid-accordion__icon is-active\"><i class=\"far fa-question-circle\"><\/i><\/span><span class=\"wp-block-getwid-accordion__icon is-passive\"><i class=\"fas fa-chevron-up\"><\/i><\/span><\/a><\/span><\/div><div class=\"wp-block-getwid-accordion__content-wrapper\"><div class=\"wp-block-getwid-accordion__content\">\n<p>S\u00ed, sempre que aquestes tinguin relaci\u00f3 directa amb la dotaci\u00f3 <strong>adquirida amb els fons de la subvenci\u00f3 <\/strong>pels centres, especificades a l\u2019annex 2 apartats A, B, C i D.<\/p>\n<\/div><\/div>\n\n\n\n<div class=\"wp-block-getwid-accordion__header-wrapper\"><span class=\"wp-block-getwid-accordion__header\"><a href=\"#\"><span class=\"wp-block-getwid-accordion__header-title\">\u00c9s subvencionable el mobiliari d\u2019emmagatzematge sense estacions de rec\u00e0rrega per a equipaments?<\/span><span class=\"wp-block-getwid-accordion__icon is-active\"><i class=\"far fa-question-circle\"><\/i><\/span><span class=\"wp-block-getwid-accordion__icon is-passive\"><i class=\"fas fa-chevron-up\"><\/i><\/span><\/a><\/span><\/div><div class=\"wp-block-getwid-accordion__content-wrapper\"><div class=\"wp-block-getwid-accordion__content\">\n<p>No. El mobiliari subvencionable ha d\u2019incorporar estacions de <strong>rec\u00e0rrega <\/strong>i ha d\u2019estar vinculat a algun equipament relacionat amb els apartats\u00a0de l\u2019annex 2.\u00a0 L&#8217;import destinat no pot superar el 30% del pressupost total.<\/p>\n<\/div><\/div>\n\n\n\n<div class=\"wp-block-getwid-accordion__header-wrapper\"><span class=\"wp-block-getwid-accordion__header\"><a href=\"#\"><span class=\"wp-block-getwid-accordion__header-title\">S\u00f3n subvencionables els armaris de c\u00e0rrega d\u2019ordinadors?<\/span><span class=\"wp-block-getwid-accordion__icon is-active\"><i class=\"far fa-question-circle\"><\/i><\/span><span class=\"wp-block-getwid-accordion__icon is-passive\"><i class=\"fas fa-chevron-up\"><\/i><\/span><\/a><\/span><\/div><div class=\"wp-block-getwid-accordion__content-wrapper\"><div class=\"wp-block-getwid-accordion__content\">\n<p>No. El mobiliari subvencionable ha d\u2019estar vinculat a algun equipament relacionat amb els apartats\u00a0de l\u2019annex 2.<\/p>\n<\/div><\/div>\n<\/div>\n<\/div>\n\n\n\n<div class=\"wp-block-column is-layout-flow wp-block-column-is-layout-flow\" style=\"flex-basis:20px\"><\/div>\n\n\n\n<div class=\"wp-block-column is-layout-flow wp-block-column-is-layout-flow\">\n<h2 class=\"wp-block-heading alignwide\" style=\"font-size:28px\">Seminari web<\/h2>\n\n\n\n<p>El 25 de juny, a les 16:00 es donaran informacions relacionades amb l&#8217;ordre de les bases de la subvenci\u00f3. <\/p>\n\n\n\n<figure class=\"wp-block-embed is-type-video is-provider-youtube wp-block-embed-youtube vora wp-embed-aspect-16-9 wp-has-aspect-ratio\"><div class=\"wp-block-embed__wrapper\">\n<div class=\"ast-oembed-container \" style=\"height: 100%;\"><iframe loading=\"lazy\" title=\"Subvencions Programa &quot;Escuela C\u00f3digo 4.0&quot;\" width=\"500\" height=\"281\" src=\"https:\/\/www.youtube.com\/embed\/z3hWaGXVAww?feature=oembed\" frameborder=\"0\" allow=\"accelerometer; autoplay; clipboard-write; encrypted-media; gyroscope; picture-in-picture; web-share\" referrerpolicy=\"strict-origin-when-cross-origin\" allowfullscreen><\/iframe><\/div>\n<\/div><\/figure>\n<\/div>\n<\/div>\n\n\n\n<div style=\"height:25px\" aria-hidden=\"true\" class=\"wp-block-spacer\"><\/div>\n<\/div><\/div><\/div><\/div><\/div>\n\n\n\n<div class=\"wp-block-getwid-section alignwide alignfull alignfull\"><div class=\"wp-block-getwid-section__wrapper\"><div class=\"wp-block-getwid-section__inner-wrapper\"><div class=\"wp-block-getwid-section__background-holder\"><div class=\"wp-block-getwid-section__background has-background has-ast-global-color-4-background-color\"><\/div><div class=\"wp-block-getwid-section__foreground\"><\/div><\/div><div class=\"wp-block-getwid-section__content\"><div class=\"wp-block-getwid-section__inner-content\">\n<h2 class=\"wp-block-heading alignwide\">Not\u00edcies<\/h2>\n\n\n\n<div style=\"height:30px\" aria-hidden=\"true\" class=\"wp-block-spacer\"><\/div>\n\n\n\n        <div class=\"wp-block-getwid-post-carousel custom-post-type-post has-slides-gap-normal is-carousel has-arrows-inside has-dots-outside\">\n            <div data-slider-option=\"{&quot;sliderSlidesToShowDesktop&quot;:&quot;2&quot;,&quot;getwid_slidesToShowLaptop&quot;:&quot;1&quot;,&quot;getwid_slidesToShowTablet&quot;:&quot;1&quot;,&quot;getwid_slidesToShowMobile&quot;:&quot;1&quot;,&quot;getwid_autoplay_speed&quot;:6000,&quot;getwid_animation_speed&quot;:800,&quot;getwid_slidesToScroll&quot;:&quot;1&quot;,&quot;getwid_autoplay&quot;:false,&quot;getwid_pause_on_hover&quot;:false,&quot;getwid_infinite&quot;:false,&quot;getwid_center_mode&quot;:false,&quot;getwid_arrows&quot;:&quot;inside&quot;,&quot;getwid_dots&quot;:&quot;outside&quot;}\" class=\"wp-block-getwid-post-carousel__wrapper\">\n                \t\t\t\t\t\t\t<div class=\"wp-block-getwid-post-carousel__slide\">\n\t\t\t\t\t\t\t\t\n<div class=\"wp-block-getwid-template-post-featured-image card-23-img\" >\n            <a href=\"https:\/\/projectes.xtec.cat\/digital\/noticies\/portada\/seminari-web-sobre-la-subvencio-codigo-escuela-4-0-per-als-ensenyaments-concertats\/\">\n        <img loading=\"lazy\" decoding=\"async\" width=\"1024\" height=\"524\" src=\"https:\/\/projectes.xtec.cat\/digital\/wp-content\/uploads\/usu2317\/2024\/07\/Captura-de-pantalla-2024-07-01-a-les-13.36.36-1024x524.png\" class=\"attachment-large size-large wp-post-image\" alt=\"Seminari web C\u00f3digo Escuela 4.0 per als ensenyaments concertats\" srcset=\"https:\/\/projectes.xtec.cat\/digital\/wp-content\/uploads\/usu2317\/2024\/07\/Captura-de-pantalla-2024-07-01-a-les-13.36.36-1024x524.png 1024w, https:\/\/projectes.xtec.cat\/digital\/wp-content\/uploads\/usu2317\/2024\/07\/Captura-de-pantalla-2024-07-01-a-les-13.36.36-300x153.png 300w, https:\/\/projectes.xtec.cat\/digital\/wp-content\/uploads\/usu2317\/2024\/07\/Captura-de-pantalla-2024-07-01-a-les-13.36.36-768x393.png 768w, https:\/\/projectes.xtec.cat\/digital\/wp-content\/uploads\/usu2317\/2024\/07\/Captura-de-pantalla-2024-07-01-a-les-13.36.36.png 1308w\" sizes=\"auto, (max-width: 1024px) 100vw, 1024px\" \/>            <\/a>\n    <\/div>\n\n\n\n<div class=\"wp-block-getwid-section alignfull\"><div class=\"wp-block-getwid-section__wrapper\"><div class=\"wp-block-getwid-section__inner-wrapper\"><div class=\"wp-block-getwid-section__background-holder\"><div class=\"wp-block-getwid-section__background\"><\/div><div class=\"wp-block-getwid-section__foreground\"><\/div><\/div><div class=\"wp-block-getwid-section__content\"><div class=\"wp-block-getwid-section__inner-content\">\n<p style=\"font-size: 24px;\" class=\"wp-block-getwid-template-post-title\"><a class=\"wp-block-getwid-template-post-title__link\" href=\"https:\/\/projectes.xtec.cat\/digital\/noticies\/portada\/seminari-web-sobre-la-subvencio-codigo-escuela-4-0-per-als-ensenyaments-concertats\/\">Seminari web C\u00f3digo Escuela 4.0 per als ensenyaments concertats<\/a><\/p>\n\n\n<div class=\"wp-block-getwid-template-post-content card-23-text is-excerpt\" style=\"font-size: 14px;\"><p>25 juny | Seminari web realitzat el 25 de juny relatiu a la subvenci\u00f3 per a l&#039;adquisici\u00f3 d\u2019equipament de\u00a0rob\u00f2tica, programaci\u00f3 i llenguatge computacional en els centres privats concertats.<\/p><\/div>\n<\/div><\/div><\/div><\/div><\/div>\n\t\t\t\t\t\t\t<\/div>\n\t\t\t\t\t\t\t\t\t\t\t\t\t<div class=\"wp-block-getwid-post-carousel__slide\">\n\t\t\t\t\t\t\t\t\n<div class=\"wp-block-getwid-template-post-featured-image card-23-img\" >\n            <a href=\"https:\/\/projectes.xtec.cat\/digital\/noticies\/portada\/publicada-lordre-de-bases-de-la-subvencio-de-robotica-pels-ensenyaments-concertats\/\">\n        <img loading=\"lazy\" decoding=\"async\" width=\"729\" height=\"409\" src=\"https:\/\/projectes.xtec.cat\/digital\/wp-content\/uploads\/usu2317\/2024\/06\/Captura-de-pantalla-2024-06-13-a-les-14.41.13.png\" class=\"attachment-large size-large wp-post-image\" alt=\"Publicada l&#8217;ordre de bases de la subvenci\u00f3 de rob\u00f2tica per als ensenyaments concertats\" srcset=\"https:\/\/projectes.xtec.cat\/digital\/wp-content\/uploads\/usu2317\/2024\/06\/Captura-de-pantalla-2024-06-13-a-les-14.41.13.png 729w, https:\/\/projectes.xtec.cat\/digital\/wp-content\/uploads\/usu2317\/2024\/06\/Captura-de-pantalla-2024-06-13-a-les-14.41.13-300x168.png 300w\" sizes=\"auto, (max-width: 729px) 100vw, 729px\" \/>            <\/a>\n    <\/div>\n\n\n\n<div class=\"wp-block-getwid-section alignfull\"><div class=\"wp-block-getwid-section__wrapper\"><div class=\"wp-block-getwid-section__inner-wrapper\"><div class=\"wp-block-getwid-section__background-holder\"><div class=\"wp-block-getwid-section__background\"><\/div><div class=\"wp-block-getwid-section__foreground\"><\/div><\/div><div class=\"wp-block-getwid-section__content\"><div class=\"wp-block-getwid-section__inner-content\">\n<p style=\"font-size: 24px;\" class=\"wp-block-getwid-template-post-title\"><a class=\"wp-block-getwid-template-post-title__link\" href=\"https:\/\/projectes.xtec.cat\/digital\/noticies\/portada\/publicada-lordre-de-bases-de-la-subvencio-de-robotica-pels-ensenyaments-concertats\/\">Publicada l&#8217;ordre de bases de la subvenci\u00f3 de rob\u00f2tica per als ensenyaments concertats<\/a><\/p>\n\n\n<div class=\"wp-block-getwid-template-post-content card-23-text is-excerpt\" style=\"font-size: 14px;\"><p>El 7 de juny es va publicar l&#039;ORDRE EDU\/132\/2024, per la qual s&#039;aproven les bases reguladores del procediment de concessi\u00f3 de subvencions a centres privats concertats per a l&#039;adquisici\u00f3 d&#039;equipament de rob\u00f2tica, programaci\u00f3 i llenguatge&hellip;<\/p><\/div>\n<\/div><\/div><\/div><\/div><\/div>\n\t\t\t\t\t\t\t<\/div>\n\t\t\t\t\t\t\t\t\t\t\t\t\t<div class=\"wp-block-getwid-post-carousel__slide\">\n\t\t\t\t\t\t\t\t\n<div class=\"wp-block-getwid-template-post-featured-image card-23-img\" >\n            <a href=\"https:\/\/projectes.xtec.cat\/digital\/noticies\/portada\/sessio-informativa-sobre-la-subvencio-de-robotica-pels-ensenyaments-concertats\/\">\n        <img loading=\"lazy\" decoding=\"async\" width=\"1024\" height=\"409\" src=\"https:\/\/projectes.xtec.cat\/digital\/wp-content\/uploads\/usu2317\/2024\/04\/Sala-dactes-1024x409.jpeg\" class=\"attachment-large size-large wp-post-image\" alt=\"Sessi\u00f3 informativa sobre rob\u00f2tica per als ensenyaments concertats\" srcset=\"https:\/\/projectes.xtec.cat\/digital\/wp-content\/uploads\/usu2317\/2024\/04\/Sala-dactes-1024x409.jpeg 1024w, https:\/\/projectes.xtec.cat\/digital\/wp-content\/uploads\/usu2317\/2024\/04\/Sala-dactes-300x120.jpeg 300w, https:\/\/projectes.xtec.cat\/digital\/wp-content\/uploads\/usu2317\/2024\/04\/Sala-dactes-768x307.jpeg 768w, https:\/\/projectes.xtec.cat\/digital\/wp-content\/uploads\/usu2317\/2024\/04\/Sala-dactes-1536x614.jpeg 1536w, https:\/\/projectes.xtec.cat\/digital\/wp-content\/uploads\/usu2317\/2024\/04\/Sala-dactes-2048x818.jpeg 2048w\" sizes=\"auto, (max-width: 1024px) 100vw, 1024px\" \/>            <\/a>\n    <\/div>\n\n\n\n<div class=\"wp-block-getwid-section alignfull\"><div class=\"wp-block-getwid-section__wrapper\"><div class=\"wp-block-getwid-section__inner-wrapper\"><div class=\"wp-block-getwid-section__background-holder\"><div class=\"wp-block-getwid-section__background\"><\/div><div class=\"wp-block-getwid-section__foreground\"><\/div><\/div><div class=\"wp-block-getwid-section__content\"><div class=\"wp-block-getwid-section__inner-content\">\n<p style=\"font-size: 24px;\" class=\"wp-block-getwid-template-post-title\"><a class=\"wp-block-getwid-template-post-title__link\" href=\"https:\/\/projectes.xtec.cat\/digital\/noticies\/portada\/sessio-informativa-sobre-la-subvencio-de-robotica-pels-ensenyaments-concertats\/\">Sessi\u00f3 informativa sobre rob\u00f2tica per als ensenyaments concertats<\/a><\/p>\n\n\n<div class=\"wp-block-getwid-template-post-content card-23-text is-excerpt\" style=\"font-size: 14px;\"><p>29.04.24 | Dins del programa C\u00f3digo Escuela 4.0, finan\u00e7at pel Ministeri d\u2019Educaci\u00f3, Formaci\u00f3 Professional i Esports, es convoca una sessi\u00f3 informativa el proper\u00a08 de maig a les 16h\u00a0a la Sala d\u2019actes dels serveis centrals del&hellip;<\/p><\/div>\n<\/div><\/div><\/div><\/div><\/div>\n\t\t\t\t\t\t\t<\/div>\n\t\t\t\t\t\t            <\/div>\n        <\/div>\n        <\/div><\/div><\/div><\/div><\/div>\n","protected":false},"excerpt":{"rendered":"","protected":false},"author":1,"featured_media":0,"parent":12641,"menu_order":0,"comment_status":"closed","ping_status":"close","template":"","meta":{"site-sidebar-layout":"default","site-content-layout":"","ast-site-content-layout":"default","site-content-style":"default","site-sidebar-style":"default","ast-global-header-display":"","ast-banner-title-visibility":"","ast-main-header-display":"","ast-hfb-above-header-display":"","ast-hfb-below-header-display":"","ast-hfb-mobile-header-display":"","site-post-title":"","ast-breadcrumbs-content":"","ast-featured-img":"","footer-sml-layout":"","theme-transparent-header-meta":"","adv-header-id-meta":"","stick-header-meta":"","header-above-stick-meta":"","header-main-stick-meta":"","header-below-stick-meta":"","astra-migrate-meta-layouts":"set","ast-page-background-enabled":"default","ast-page-background-meta":{"desktop":{"background-color":"var(--ast-global-color-4)","background-image":"","background-repeat":"repeat","background-position":"center center","background-size":"auto","background-attachment":"scroll","background-type":"","background-media":"","overlay-type":"","overlay-color":"","overlay-opacity":"","overlay-gradient":""},"tablet":{"background-color":"","background-image":"","background-repeat":"repeat","background-position":"center center","background-size":"auto","background-attachment":"scroll","background-type":"","background-media":"","overlay-type":"","overlay-color":"","overlay-opacity":"","overlay-gradient":""},"mobile":{"background-color":"","background-image":"","background-repeat":"repeat","background-position":"center center","background-size":"auto","background-attachment":"scroll","background-type":"","background-media":"","overlay-type":"","overlay-color":"","overlay-opacity":"","overlay-gradient":""}},"ast-content-background-meta":{"desktop":{"background-color":"var(--ast-global-color-5)","background-image":"","background-repeat":"repeat","background-position":"center center","background-size":"auto","background-attachment":"scroll","background-type":"","background-media":"","overlay-type":"","overlay-color":"","overlay-opacity":"","overlay-gradient":""},"tablet":{"background-color":"var(--ast-global-color-5)","background-image":"","background-repeat":"repeat","background-position":"center center","background-size":"auto","background-attachment":"scroll","background-type":"","background-media":"","overlay-type":"","overlay-color":"","overlay-opacity":"","overlay-gradient":""},"mobile":{"background-color":"var(--ast-global-color-5)","background-image":"","background-repeat":"repeat","background-position":"center center","background-size":"auto","background-attachment":"scroll","background-type":"","background-media":"","overlay-type":"","overlay-color":"","overlay-opacity":"","overlay-gradient":""}},"footnotes":""},"class_list":["post-27791","page","type-page","status-publish","hentry"],"post_mailing_queue_ids":[],"_links":{"self":[{"href":"https:\/\/projectes.xtec.cat\/digital\/wp-json\/wp\/v2\/pages\/27791","targetHints":{"allow":["GET"]}}],"collection":[{"href":"https:\/\/projectes.xtec.cat\/digital\/wp-json\/wp\/v2\/pages"}],"about":[{"href":"https:\/\/projectes.xtec.cat\/digital\/wp-json\/wp\/v2\/types\/page"}],"author":[{"embeddable":true,"href":"https:\/\/projectes.xtec.cat\/digital\/wp-json\/wp\/v2\/users\/1"}],"replies":[{"embeddable":true,"href":"https:\/\/projectes.xtec.cat\/digital\/wp-json\/wp\/v2\/comments?post=27791"}],"version-history":[{"count":6,"href":"https:\/\/projectes.xtec.cat\/digital\/wp-json\/wp\/v2\/pages\/27791\/revisions"}],"predecessor-version":[{"id":28547,"href":"https:\/\/projectes.xtec.cat\/digital\/wp-json\/wp\/v2\/pages\/27791\/revisions\/28547"}],"up":[{"embeddable":true,"href":"https:\/\/projectes.xtec.cat\/digital\/wp-json\/wp\/v2\/pages\/12641"}],"wp:attachment":[{"href":"https:\/\/projectes.xtec.cat\/digital\/wp-json\/wp\/v2\/media?parent=27791"}],"curies":[{"name":"wp","href":"https:\/\/api.w.org\/{rel}","templated":true}]}}