{"id":31032,"date":"2024-10-25T20:50:56","date_gmt":"2024-10-25T18:50:56","guid":{"rendered":"https:\/\/projectes.xtec.cat\/digital\/?page_id=31032"},"modified":"2025-10-21T13:54:31","modified_gmt":"2025-10-21T11:54:31","slug":"navegacio-segura-dels-equip-dalumnat-quan-es-connecten-des-de-fora-del-centre-educatiu","status":"publish","type":"page","link":"https:\/\/projectes.xtec.cat\/digital\/equipaments-i-infraestructures\/infraestructures-digitals\/navegacio-segura-dels-equip-dalumnat-quan-es-connecten-des-de-fora-del-centre-educatiu\/","title":{"rendered":"Navegaci\u00f3 segura dels equip d&#8217;alumnat quan es connecten des de fora del centre educatiu"},"content":{"rendered":"\n<p>S&#8217;ha elaborat <a href=\"https:\/\/drive.google.com\/file\/d\/1vhGZ3-UpP9HIyZ9nQOURocZ-fGJR57RT\/view?usp=sharing\" data-type=\"link\" data-id=\"https:\/\/drive.google.com\/file\/d\/1vhGZ3-UpP9HIyZ9nQOURocZ-fGJR57RT\/view?usp=sharing\">aquest document<\/a> adre\u00e7at a <strong>centres educatius<\/strong> i <strong>fam\u00edlies<\/strong> on es recull la informaci\u00f3 relacionada amb el filtratge de continguts que s&#8217;aplica als equips del Pla d&#8217;Educaci\u00f3 Digital de Catalunya.<\/p>\n\n\n\n<div class=\"wp-block-getwid-accordion has-icon-left\" data-active-element=\"none\">\n<div class=\"wp-block-getwid-accordion__header-wrapper\"><span class=\"wp-block-getwid-accordion__header\"><a href=\"#\"><span class=\"wp-block-getwid-accordion__header-title\">De quina forma es pot navegar de manera segura des de fora del centre?<\/span><span class=\"wp-block-getwid-accordion__icon is-active\"><i class=\"far fa-question-circle\"><\/i><\/span><span class=\"wp-block-getwid-accordion__icon is-passive\"><i class=\"fas fa-minus\"><\/i><\/span><\/a><\/span><\/div><div class=\"wp-block-getwid-accordion__content-wrapper\"><div class=\"wp-block-getwid-accordion__content\">\n<p>Per navegar de forma segura des de fora del centre educatiu, es recomana fer servir un servidor de <strong>DNS segur <\/strong>com ara el servei <em>Family Shield<\/em> d&#8217;<em>OpenDNS.<\/em><\/p>\n<\/div><\/div>\n\n\n\n<div class=\"wp-block-getwid-accordion__header-wrapper\"><span class=\"wp-block-getwid-accordion__header\"><a href=\"#\"><span class=\"wp-block-getwid-accordion__header-title\">Qu\u00e8 \u00e9s un servidor de noms?<\/span><span class=\"wp-block-getwid-accordion__icon is-active\"><i class=\"far fa-question-circle\"><\/i><\/span><span class=\"wp-block-getwid-accordion__icon is-passive\"><i class=\"fas fa-minus\"><\/i><\/span><\/a><\/span><\/div><div class=\"wp-block-getwid-accordion__content-wrapper\"><div class=\"wp-block-getwid-accordion__content\">\n<p>S\u00f3n els ordinadors responsables de transformar un nom de domini en la seva adre\u00e7a IP num\u00e8rica. Aquests equips permeten la navegaci\u00f3 per Internet utilitzant noms entenedors per a les persones.<\/p>\n<\/div><\/div>\n\n\n\n<div class=\"wp-block-getwid-accordion__header-wrapper\"><span class=\"wp-block-getwid-accordion__header\"><a href=\"#\"><span class=\"wp-block-getwid-accordion__header-title\">Qu\u00e8 fa el servei <em>Family Shield d&#8217;OpenDNS<\/em>?<\/span><span class=\"wp-block-getwid-accordion__icon is-active\"><i class=\"far fa-question-circle\"><\/i><\/span><span class=\"wp-block-getwid-accordion__icon is-passive\"><i class=\"fas fa-minus\"><\/i><\/span><\/a><\/span><\/div><div class=\"wp-block-getwid-accordion__content-wrapper\"><div class=\"wp-block-getwid-accordion__content\">\n<p>El servei <em>Family Shield<\/em> d&#8217;<em>OpenDNS <\/em>\u00e9s una versi\u00f3 espec\u00edfica de DNS pensada per a fam\u00edlies i usuaris que volen un filtratge autom\u00e0tic i senzill de contingut inapropiat o nociu.<\/p>\n\n\n\n<p>Aquest servei bloqueja de forma predeterminada l&#8217;acc\u00e9s a llocs web amb contingut per a <strong>adults, llocs de <em>phishing<\/em> i altres p\u00e0gines considerades perilloses o ofensives<\/strong>.<\/p>\n\n\n\n<p><em>Family Shield<\/em> bloqueja contingut per a adults sense que l&#8217;usuari hagi de configurar res addicional i ofereix una capa de seguretat extra.<\/p>\n\n\n\n<p>La base de dades que s&#8217;utilitza per fer el filtratge s&#8217;actualitza constantment de manera que <em>Family Shield<\/em> ofereix una protecci\u00f3 cont\u00ednua contra nous llocs perillosos o no desitjats.<\/p>\n<\/div><\/div>\n\n\n\n<div class=\"wp-block-getwid-accordion__header-wrapper\"><span class=\"wp-block-getwid-accordion__header\"><a href=\"#\"><span class=\"wp-block-getwid-accordion__header-title\">T\u00e9 cost aquest el servei <em>Family Shield d&#8217;OpenDNS<\/em>?<\/span><span class=\"wp-block-getwid-accordion__icon is-active\"><i class=\"far fa-question-circle\"><\/i><\/span><span class=\"wp-block-getwid-accordion__icon is-passive\"><i class=\"fas fa-minus\"><\/i><\/span><\/a><\/span><\/div><div class=\"wp-block-getwid-accordion__content-wrapper\"><div class=\"wp-block-getwid-accordion__content\">\n<p><em>Family Shield<\/em> \u00e9s una opci\u00f3 gratu\u00efta i molt f\u00e0cil d&#8217;implementar sense necessitat de configuracions complexes.<\/p>\n\n\n\n<p>Si el vostre equip <strong>no \u00e9s del Pla d&#8217;Educaci\u00f3 Digital<\/strong> o b\u00e9 voleu fer servir aquest servei amb <strong>tel\u00e8fons m\u00f2bils o tauletes<\/strong>, podeu <a href=\"https:\/\/projectes.xtec.cat\/digital\/equipaments-i-infraestructures\/infraestructures\/navegacio-fora-del-centre\/\" data-type=\"link\" data-id=\"https:\/\/projectes.xtec.cat\/digital\/equipaments-i-infraestructures\/infraestructures\/navegacio-fora-del-centre\/\">consultar la aquesta p\u00e0gina.<\/a><\/p>\n<\/div><\/div>\n\n\n\n<div class=\"wp-block-getwid-accordion__header-wrapper\"><span class=\"wp-block-getwid-accordion__header\"><a href=\"#\"><span class=\"wp-block-getwid-accordion__header-title\">Com funciona la soluci\u00f3 per navegar de forma segura aplicada als equips d&#8217;alumnat del Pla d&#8217;Educaci\u00f3 Digital de Catalunya?<\/span><span class=\"wp-block-getwid-accordion__icon is-active\"><i class=\"far fa-question-circle\"><\/i><\/span><span class=\"wp-block-getwid-accordion__icon is-passive\"><i class=\"fas fa-minus\"><\/i><\/span><\/a><\/span><\/div><div class=\"wp-block-getwid-accordion__content-wrapper\"><div class=\"wp-block-getwid-accordion__content\">\n<p>&#8211; <strong>Navegaci\u00f3 des del centre educatiu:<\/strong> Els centres educatius de titularitat p\u00fablica disposen d&#8217;un sistema de filtratge i de navegaci\u00f3 segura que eviten l&#8217;acc\u00e9s a determinats llocs web. Agafen la configuraci\u00f3 necess\u00e0ria de l&#8217;electr\u00f2nica de xarxa per poder navegar de forma segura.<br><br>&#8211; <strong>Navegaci\u00f3 des de fora del centre educatiu:<\/strong> Quan l&#8217;equip es connecta des d&#8217;una connexi\u00f3 diferent de la del centre educatiu, els ordinadors del PEDC fan servir el servei <em>Family Shield <\/em>d&#8217;<em>OpenDNS<\/em> que proporciona una navegaci\u00f3 segura.<\/p>\n<\/div><\/div>\n\n\n\n<div class=\"wp-block-getwid-accordion__header-wrapper\"><span class=\"wp-block-getwid-accordion__header\"><a href=\"#\"><span class=\"wp-block-getwid-accordion__header-title\">He de fer alguna cosa si els equips del Pla d&#8217;Educaci\u00f3 Digital tenen sistema operatiu Windows o Linkat?<\/span><span class=\"wp-block-getwid-accordion__icon is-active\"><i class=\"far fa-question-circle\"><\/i><\/span><span class=\"wp-block-getwid-accordion__icon is-passive\"><i class=\"fas fa-minus\"><\/i><\/span><\/a><\/span><\/div><div class=\"wp-block-getwid-accordion__content-wrapper\"><div class=\"wp-block-getwid-accordion__content\">\n<p>En el cas de Windows i Linkat <strong>no cal fer res<\/strong>, ja que aquesta soluci\u00f3 s&#8217;aplica a trav\u00e9s de l&#8217;<strong>actualitzaci\u00f3<\/strong> dels sistemes operatius <strong>Windows 10\/11<\/strong> i <strong>Linkat 18.04\/22.04<\/strong>.<\/p>\n<\/div><\/div>\n\n\n\n<div class=\"wp-block-getwid-accordion__header-wrapper\"><span class=\"wp-block-getwid-accordion__header\"><a href=\"#\"><span class=\"wp-block-getwid-accordion__header-title\">I si el meu equip del Pla d&#8217;Educaci\u00f3 Digital \u00e9s un Chromebook?<\/span><span class=\"wp-block-getwid-accordion__icon is-active\"><i class=\"far fa-question-circle\"><\/i><\/span><span class=\"wp-block-getwid-accordion__icon is-passive\"><i class=\"fas fa-minus\"><\/i><\/span><\/a><\/span><\/div><div class=\"wp-block-getwid-accordion__content-wrapper\"><div class=\"wp-block-getwid-accordion__content\">\n<p>En el cas dels equips <strong>Chromebooks<\/strong>, cal que el centre educatiu configuri el camp <strong>DNS-over-HTTPS<\/strong> a la consola d&#8217;administraci\u00f3 de <em><strong>workspace<\/strong><\/em> on est\u00e0 registrat l&#8217;equip Chromebook.<br><br><code><strong>IMPORTANT:<\/strong> Aquest canvi s\u2019hauria d\u2019aplicar per a tot el domini (tots els usuaris) i, per tant, caldr\u00e0 seleccionar el domini al selector d\u2019unitats organitzatives.<br><\/code><br>Per fer aquest canvi, cal anar a: <strong>Dispositivos \u2192 Chrome \u2192 Configuraci\u00f3n \u2192 (Seleccionar la unitat organitzativa) \u2192 Configuraci\u00f3n de usuarios y navegadores<\/strong> tal com es mostra a la figura seg\u00fcent:<\/p>\n\n\n\n<figure class=\"wp-block-image aligncenter size-large is-resized has-custom-border\"><a href=\"https:\/\/projectes.xtec.cat\/digital\/wp-content\/uploads\/usu2317\/2024\/10\/Captura-de-pantalla-a-2024-10-25-20-14-09-1.png\"><img loading=\"lazy\" decoding=\"async\" width=\"1024\" height=\"339\" src=\"https:\/\/projectes.xtec.cat\/digital\/wp-content\/uploads\/usu2317\/2024\/10\/Captura-de-pantalla-a-2024-10-25-20-14-09-1-1024x339.png\" alt=\"\" class=\"has-border-color has-ast-global-color-1-border-color wp-image-31035\" style=\"border-width:1px;width:700px\" srcset=\"https:\/\/projectes.xtec.cat\/digital\/wp-content\/uploads\/usu2317\/2024\/10\/Captura-de-pantalla-a-2024-10-25-20-14-09-1-1024x339.png 1024w, https:\/\/projectes.xtec.cat\/digital\/wp-content\/uploads\/usu2317\/2024\/10\/Captura-de-pantalla-a-2024-10-25-20-14-09-1-300x99.png 300w, https:\/\/projectes.xtec.cat\/digital\/wp-content\/uploads\/usu2317\/2024\/10\/Captura-de-pantalla-a-2024-10-25-20-14-09-1-768x254.png 768w, https:\/\/projectes.xtec.cat\/digital\/wp-content\/uploads\/usu2317\/2024\/10\/Captura-de-pantalla-a-2024-10-25-20-14-09-1-1536x508.png 1536w, https:\/\/projectes.xtec.cat\/digital\/wp-content\/uploads\/usu2317\/2024\/10\/Captura-de-pantalla-a-2024-10-25-20-14-09-1.png 1666w\" sizes=\"auto, (max-width: 1024px) 100vw, 1024px\" \/><\/a><\/figure>\n\n\n\n<p>A la p\u00e0gina <strong>Configuraci\u00f3 de usuarios y navegadores<\/strong> cal cercar el camp <strong>DNS-over-HTTPS<\/strong>:<\/p>\n\n\n\n<figure class=\"wp-block-image aligncenter size-full is-resized has-custom-border\"><a href=\"https:\/\/projectes.xtec.cat\/digital\/wp-content\/uploads\/usu2317\/2024\/10\/Captura-de-pantalla-a-2024-10-25-20-21-26.png\"><img loading=\"lazy\" decoding=\"async\" width=\"733\" height=\"416\" src=\"https:\/\/projectes.xtec.cat\/digital\/wp-content\/uploads\/usu2317\/2024\/10\/Captura-de-pantalla-a-2024-10-25-20-21-26.png\" alt=\"\" class=\"has-border-color has-ast-global-color-1-border-color wp-image-31038\" style=\"border-width:1px;width:400px\" srcset=\"https:\/\/projectes.xtec.cat\/digital\/wp-content\/uploads\/usu2317\/2024\/10\/Captura-de-pantalla-a-2024-10-25-20-21-26.png 733w, https:\/\/projectes.xtec.cat\/digital\/wp-content\/uploads\/usu2317\/2024\/10\/Captura-de-pantalla-a-2024-10-25-20-21-26-300x170.png 300w\" sizes=\"auto, (max-width: 733px) 100vw, 733px\" \/><\/a><\/figure>\n\n\n\n<p>i escollir la configuraci\u00f3 <strong>Prioritzar DNS-over-HTTPS y permitir alternativa no segura<\/strong>. El camp <em>Plantilla de DNS-over-HTTPS<\/em> cal emplenar-lo amb la URL <a href=\"https:\/\/doh.familyshield.opendns.com\/dns-query\">https:\/\/doh.familyshield.opendns.com\/dns-query<\/a> tal com es pot veure en aquesta altra imatge:<\/p>\n\n\n\n<figure class=\"wp-block-image aligncenter size-full is-resized has-custom-border\"><a href=\"https:\/\/projectes.xtec.cat\/digital\/wp-content\/uploads\/usu2317\/2024\/10\/Captura-de-pantalla-a-2024-10-25-20-21-42.png\"><img loading=\"lazy\" decoding=\"async\" width=\"706\" height=\"264\" src=\"https:\/\/projectes.xtec.cat\/digital\/wp-content\/uploads\/usu2317\/2024\/10\/Captura-de-pantalla-a-2024-10-25-20-21-42.png\" alt=\"\" class=\"has-border-color has-ast-global-color-1-border-color wp-image-31037\" style=\"border-width:1px;width:400px\" srcset=\"https:\/\/projectes.xtec.cat\/digital\/wp-content\/uploads\/usu2317\/2024\/10\/Captura-de-pantalla-a-2024-10-25-20-21-42.png 706w, https:\/\/projectes.xtec.cat\/digital\/wp-content\/uploads\/usu2317\/2024\/10\/Captura-de-pantalla-a-2024-10-25-20-21-42-300x112.png 300w\" sizes=\"auto, (max-width: 706px) 100vw, 706px\" \/><\/a><\/figure>\n\n\n\n<p>Un cop fet aquest canvi a la consola de workspace, els equips Chromebooks del centre navegaran fent \u00fas de les DNS segures del servei <em>Family Shield<\/em> d&#8217;OpenDNS quan aquests dispositius es connectin des de fora del centre educatiu i faran \u00fas de les DNS del centre educatiu de forma autom\u00e0tica quan els equips Chromebooks naveguin des del centre educatiu.<\/p>\n\n\n\n<p><\/p>\n<\/div><\/div>\n\n\n\n<div class=\"wp-block-getwid-accordion__header-wrapper\"><span class=\"wp-block-getwid-accordion__header\"><a href=\"#\"><span class=\"wp-block-getwid-accordion__header-title\">Com puc saber si els equips fan \u00fas de les DNS segures del servei <em>Family Shield d&#8217;OpenDNS<\/em>?<\/span><span class=\"wp-block-getwid-accordion__icon is-active\"><i class=\"far fa-question-circle\"><\/i><\/span><span class=\"wp-block-getwid-accordion__icon is-passive\"><i class=\"fas fa-minus\"><\/i><\/span><\/a><\/span><\/div><div class=\"wp-block-getwid-accordion__content-wrapper\"><div class=\"wp-block-getwid-accordion__content\">\n<p>Quan un equip d&#8217;alumnat del Pla d&#8217;Educaci\u00f3 Digital navegui <strong>des de fora del centre educatiu<\/strong>, es pot fer servir alguna de les adreces seg\u00fcents per comprovar si el filtratge funciona correctament:<br><br><strong>ADRECES:<\/strong><br><a href=\"http:\/\/internetbadguys.com\" data-type=\"link\" data-id=\"internetbadguys.com\">internetbadguys.com<br><\/a><a href=\"http:\/\/exampleadultsite.com\" data-type=\"link\" data-id=\"exampleadultsite.com\">exampleadultsite.com<br><\/a><a href=\"http:\/\/malware.opendns.com\" data-type=\"link\" data-id=\"malware.opendns.com\">malware.opendns.com<br><\/a><br>Si s&#8217;escriu alguna d&#8217;aquestes adreces al navegador web de l&#8217;equip i es mostra una p\u00e0gina com aquesta:<\/p>\n\n\n\n<figure class=\"wp-block-image aligncenter size-full is-resized has-custom-border\"><a href=\"https:\/\/projectes.xtec.cat\/digital\/wp-content\/uploads\/usu2317\/2024\/10\/Captura-de-pantalla-a-2024-10-25-21-07-19.png\"><img loading=\"lazy\" decoding=\"async\" width=\"867\" height=\"690\" src=\"https:\/\/projectes.xtec.cat\/digital\/wp-content\/uploads\/usu2317\/2024\/10\/Captura-de-pantalla-a-2024-10-25-21-07-19.png\" alt=\"\" class=\"has-border-color has-ast-global-color-1-border-color wp-image-31048\" style=\"border-width:1px;width:500px\" srcset=\"https:\/\/projectes.xtec.cat\/digital\/wp-content\/uploads\/usu2317\/2024\/10\/Captura-de-pantalla-a-2024-10-25-21-07-19.png 867w, https:\/\/projectes.xtec.cat\/digital\/wp-content\/uploads\/usu2317\/2024\/10\/Captura-de-pantalla-a-2024-10-25-21-07-19-300x239.png 300w, https:\/\/projectes.xtec.cat\/digital\/wp-content\/uploads\/usu2317\/2024\/10\/Captura-de-pantalla-a-2024-10-25-21-07-19-768x611.png 768w\" sizes=\"auto, (max-width: 867px) 100vw, 867px\" \/><\/a><\/figure>\n\n\n\n<p>voldr\u00e0 dir que <strong>el filtratge s&#8217;est\u00e0 aplicant<\/strong> i, per tant, s&#8217;est\u00e0 <strong>navegant de forma segura<\/strong> amb el servei <em>Family Shield d&#8217;OpenDNS.<\/em><br><br>En canvi, si es mostra la pantalla seg\u00fcent:<\/p>\n\n\n\n<figure class=\"wp-block-image aligncenter size-full is-resized has-custom-border\"><a href=\"https:\/\/projectes.xtec.cat\/digital\/wp-content\/uploads\/usu2317\/2024\/10\/Captura-de-pantalla-a-2024-10-25-21-07-34.png\"><img loading=\"lazy\" decoding=\"async\" width=\"483\" height=\"577\" src=\"https:\/\/projectes.xtec.cat\/digital\/wp-content\/uploads\/usu2317\/2024\/10\/Captura-de-pantalla-a-2024-10-25-21-07-34.png\" alt=\"\" class=\"has-border-color has-ast-global-color-1-border-color wp-image-31047\" style=\"border-width:1px;width:500px\" srcset=\"https:\/\/projectes.xtec.cat\/digital\/wp-content\/uploads\/usu2317\/2024\/10\/Captura-de-pantalla-a-2024-10-25-21-07-34.png 483w, https:\/\/projectes.xtec.cat\/digital\/wp-content\/uploads\/usu2317\/2024\/10\/Captura-de-pantalla-a-2024-10-25-21-07-34-251x300.png 251w\" sizes=\"auto, (max-width: 483px) 100vw, 483px\" \/><\/a><\/figure>\n\n\n\n<p>voldr\u00e0 dir que <strong>el filtratge no s&#8217;est\u00e0 aplicant<\/strong>. Nom\u00e9s en el cas d&#8217;equips Chromebook, caldr\u00e0 revisar la configuraci\u00f3 de la consola de workspace i a sobre de quina unitat organitzativa (OU) s&#8217;est\u00e0 aplicant.<\/p>\n<\/div><\/div>\n<\/div>\n\n\n\n<div style=\"height:74px\" aria-hidden=\"true\" class=\"wp-block-spacer\"><\/div>\n","protected":false},"excerpt":{"rendered":"<p>S&#8217;ha elaborat aquest document adre\u00e7at a centres educatius i fam\u00edlies on es recull la informaci\u00f3 relacionada amb el filtratge de continguts que s&#8217;aplica als equips del Pla d&#8217;Educaci\u00f3 Digital de Catalunya.<\/p>\n","protected":false},"author":366,"featured_media":0,"parent":12695,"menu_order":0,"comment_status":"closed","ping_status":"closed","template":"","meta":{"site-sidebar-layout":"default","site-content-layout":"","ast-site-content-layout":"default","site-content-style":"default","site-sidebar-style":"default","ast-global-header-display":"","ast-banner-title-visibility":"","ast-main-header-display":"","ast-hfb-above-header-display":"","ast-hfb-below-header-display":"","ast-hfb-mobile-header-display":"","site-post-title":"","ast-breadcrumbs-content":"","ast-featured-img":"","footer-sml-layout":"","theme-transparent-header-meta":"","adv-header-id-meta":"","stick-header-meta":"","header-above-stick-meta":"","header-main-stick-meta":"","header-below-stick-meta":"","astra-migrate-meta-layouts":"set","ast-page-background-enabled":"default","ast-page-background-meta":{"desktop":{"background-color":"var(--ast-global-color-4)","background-image":"","background-repeat":"repeat","background-position":"center center","background-size":"auto","background-attachment":"scroll","background-type":"","background-media":"","overlay-type":"","overlay-color":"","overlay-opacity":"","overlay-gradient":""},"tablet":{"background-color":"","background-image":"","background-repeat":"repeat","background-position":"center center","background-size":"auto","background-attachment":"scroll","background-type":"","background-media":"","overlay-type":"","overlay-color":"","overlay-opacity":"","overlay-gradient":""},"mobile":{"background-color":"","background-image":"","background-repeat":"repeat","background-position":"center center","background-size":"auto","background-attachment":"scroll","background-type":"","background-media":"","overlay-type":"","overlay-color":"","overlay-opacity":"","overlay-gradient":""}},"ast-content-background-meta":{"desktop":{"background-color":"var(--ast-global-color-5)","background-image":"","background-repeat":"repeat","background-position":"center center","background-size":"auto","background-attachment":"scroll","background-type":"","background-media":"","overlay-type":"","overlay-color":"","overlay-opacity":"","overlay-gradient":""},"tablet":{"background-color":"var(--ast-global-color-5)","background-image":"","background-repeat":"repeat","background-position":"center center","background-size":"auto","background-attachment":"scroll","background-type":"","background-media":"","overlay-type":"","overlay-color":"","overlay-opacity":"","overlay-gradient":""},"mobile":{"background-color":"var(--ast-global-color-5)","background-image":"","background-repeat":"repeat","background-position":"center center","background-size":"auto","background-attachment":"scroll","background-type":"","background-media":"","overlay-type":"","overlay-color":"","overlay-opacity":"","overlay-gradient":""}},"footnotes":""},"class_list":["post-31032","page","type-page","status-publish","hentry"],"post_mailing_queue_ids":[],"_links":{"self":[{"href":"https:\/\/projectes.xtec.cat\/digital\/wp-json\/wp\/v2\/pages\/31032","targetHints":{"allow":["GET"]}}],"collection":[{"href":"https:\/\/projectes.xtec.cat\/digital\/wp-json\/wp\/v2\/pages"}],"about":[{"href":"https:\/\/projectes.xtec.cat\/digital\/wp-json\/wp\/v2\/types\/page"}],"author":[{"embeddable":true,"href":"https:\/\/projectes.xtec.cat\/digital\/wp-json\/wp\/v2\/users\/366"}],"replies":[{"embeddable":true,"href":"https:\/\/projectes.xtec.cat\/digital\/wp-json\/wp\/v2\/comments?post=31032"}],"version-history":[{"count":6,"href":"https:\/\/projectes.xtec.cat\/digital\/wp-json\/wp\/v2\/pages\/31032\/revisions"}],"predecessor-version":[{"id":37761,"href":"https:\/\/projectes.xtec.cat\/digital\/wp-json\/wp\/v2\/pages\/31032\/revisions\/37761"}],"up":[{"embeddable":true,"href":"https:\/\/projectes.xtec.cat\/digital\/wp-json\/wp\/v2\/pages\/12695"}],"wp:attachment":[{"href":"https:\/\/projectes.xtec.cat\/digital\/wp-json\/wp\/v2\/media?parent=31032"}],"curies":[{"name":"wp","href":"https:\/\/api.w.org\/{rel}","templated":true}]}}