{"id":35556,"date":"2025-04-22T12:02:01","date_gmt":"2025-04-22T10:02:01","guid":{"rendered":"https:\/\/projectes.xtec.cat\/digital\/?page_id=35556"},"modified":"2025-05-06T09:43:02","modified_gmt":"2025-05-06T07:43:02","slug":"3-2-compartir-pantalla","status":"publish","type":"page","link":"https:\/\/projectes.xtec.cat\/digital\/equipaments-i-infraestructures\/panells-digitals\/panell-newline\/manual-dus-del-panell-digital-newline\/3-2-compartir-pantalla\/","title":{"rendered":"3.2. Compartir pantalla"},"content":{"rendered":"\n<p class=\"has-text-align-center has-background has-medium-font-size\" style=\"background-color:#ffcdcd\"><img loading=\"lazy\" decoding=\"async\" width=\"30\" height=\"30\" class=\"wp-image-36156\" style=\"width: 30px;\" src=\"https:\/\/projectes.xtec.cat\/digital\/wp-content\/uploads\/usu2317\/2025\/05\/ChatGPT-Image-6-de-maig-del-2025-09_17_38.png\" alt=\"\" srcset=\"https:\/\/projectes.xtec.cat\/digital\/wp-content\/uploads\/usu2317\/2025\/05\/ChatGPT-Image-6-de-maig-del-2025-09_17_38.png 1024w, https:\/\/projectes.xtec.cat\/digital\/wp-content\/uploads\/usu2317\/2025\/05\/ChatGPT-Image-6-de-maig-del-2025-09_17_38-300x300.png 300w, https:\/\/projectes.xtec.cat\/digital\/wp-content\/uploads\/usu2317\/2025\/05\/ChatGPT-Image-6-de-maig-del-2025-09_17_38-150x150.png 150w, https:\/\/projectes.xtec.cat\/digital\/wp-content\/uploads\/usu2317\/2025\/05\/ChatGPT-Image-6-de-maig-del-2025-09_17_38-768x768.png 768w\" sizes=\"auto, (max-width: 30px) 100vw, 30px\" \/> Aquesta informaci\u00f3 aplica a partir de la versi\u00f3 V2.2.33 (20250326091719)<\/p>\n\n\n\n<div class=\"wp-block-getwid-table-of-contents is-style-default\"><ul class=\"wp-block-getwid-table-of-contents__list\"><li><a href=\"#gec98989696f7\">3.2.1. Compartir pantalla des de l&#8217;ordinador al panell digital<\/a><ul><li><a href=\"#gea38bad09f03\">A. Sense fils, mitjan\u00e7ant l&#8217;aplicaci\u00f3 &#8220;Newline Cast+&#8221;<\/a><\/li><li><a href=\"#g0cc15513ec83\">B. Sense fils, per difusi\u00f3 web a trav\u00e9s de xarxa wifi<\/a><\/li><li><a href=\"#ge4873d074ff7\">C. Per cable<\/a><\/li><\/ul><\/li><li><a href=\"#g50f76f1d9679\">3.2.2. Compartir pantalla des del panell a altres dispositius<\/a><\/li><\/ul><\/div>\n\n\n\n<div style=\"height:30px\" aria-hidden=\"true\" class=\"wp-block-spacer\"><\/div>\n\n\n\n<div class=\"wp-block-getwid-section alignfull alignfull\"><div class=\"wp-block-getwid-section__wrapper\"><div class=\"wp-block-getwid-section__inner-wrapper\"><div class=\"wp-block-getwid-section__background-holder\"><div class=\"wp-block-getwid-section__background\"><\/div><div class=\"wp-block-getwid-section__foreground\"><\/div><\/div><div class=\"wp-block-getwid-section__content\"><div class=\"wp-block-getwid-section__inner-content\">\n<h2 class=\"wp-block-heading\" id=\"gec98989696f7\">3.2.1. Compartir pantalla des de l&#8217;ordinador al panell digital<\/h2>\n\n\n\n<figure class=\"wp-block-image aligncenter size-full is-style-default\"><a href=\"https:\/\/projectes.xtec.cat\/digital\/wp-content\/uploads\/usu2317\/2025\/04\/image.png\"><img loading=\"lazy\" decoding=\"async\" width=\"581\" height=\"248\" src=\"https:\/\/projectes.xtec.cat\/digital\/wp-content\/uploads\/usu2317\/2025\/04\/image.png\" alt=\"\" class=\"wp-image-35557\" srcset=\"https:\/\/projectes.xtec.cat\/digital\/wp-content\/uploads\/usu2317\/2025\/04\/image.png 581w, https:\/\/projectes.xtec.cat\/digital\/wp-content\/uploads\/usu2317\/2025\/04\/image-300x128.png 300w\" sizes=\"auto, (max-width: 581px) 100vw, 581px\" \/><\/a><\/figure>\n\n\n\n<p>Per compartir la pantalla d\u2019un ordinador o un altre dispositiu (m\u00f2bil, tauleta\u2026) al panell hi ha diferents opcions, tant amb cable com sense:<\/p>\n\n\n\n<h3 class=\"wp-block-heading\" id=\"gea38bad09f03\">A. Sense fils, mitjan\u00e7ant l&#8217;aplicaci\u00f3 &#8220;Newline Cast+&#8221;<\/h3>\n\n\n\n<p>Primer cal obrir l\u2019aplicaci\u00f3 \u201c<strong>Newline Cast+<\/strong>\u201d. Aquesta aplicaci\u00f3 cont\u00e9 totes les opcions per afegir la pantalla d\u2019un dispositiu al panell (i tamb\u00e9 des del panell a altres pantalles).&nbsp;<\/p>\n\n\n\n<div class=\"wp-block-media-text is-stacked-on-mobile\"><figure class=\"wp-block-media-text__media\"><img loading=\"lazy\" decoding=\"async\" width=\"984\" height=\"522\" src=\"https:\/\/projectes.xtec.cat\/digital\/wp-content\/uploads\/usu2317\/2025\/04\/Compartir-Newline-cast.jpg\" alt=\"\" class=\"wp-image-35874 size-full\" srcset=\"https:\/\/projectes.xtec.cat\/digital\/wp-content\/uploads\/usu2317\/2025\/04\/Compartir-Newline-cast.jpg 984w, https:\/\/projectes.xtec.cat\/digital\/wp-content\/uploads\/usu2317\/2025\/04\/Compartir-Newline-cast-300x159.jpg 300w, https:\/\/projectes.xtec.cat\/digital\/wp-content\/uploads\/usu2317\/2025\/04\/Compartir-Newline-cast-768x407.jpg 768w\" sizes=\"auto, (max-width: 984px) 100vw, 984px\" \/><\/figure><div class=\"wp-block-media-text__content\">\n<p>Un cop dins l\u2019aplicaci\u00f3, es visualitza el nom del dispositiu (panell), el qual si es vol es pot modificar.&nbsp;<\/p>\n<\/div><\/div>\n\n\n\n<div style=\"height:20px\" aria-hidden=\"true\" class=\"wp-block-spacer\"><\/div>\n\n\n\n<div class=\"wp-block-media-text is-stacked-on-mobile\"><figure class=\"wp-block-media-text__media\"><img loading=\"lazy\" decoding=\"async\" width=\"284\" height=\"237\" src=\"https:\/\/projectes.xtec.cat\/digital\/wp-content\/uploads\/usu2317\/2025\/04\/image-4.png\" alt=\"\" class=\"wp-image-35567 size-full\"\/><\/figure><div class=\"wp-block-media-text__content\">\n<p>Per enviar la pantalla de l\u2019ordinador o d\u2019algun altre dispositiu al panell cal <strong>accedir des de l\u2019ordinador a la p\u00e0gina web<\/strong> <a href=\"http:\/\/web.newlinecast.app\/\" target=\"_blank\" rel=\"noreferrer noopener\"><strong>web.newlinecast.app<\/strong><\/a><strong> <\/strong>i, tot seguit, s\u2019ha d\u2019<strong>introduir el codi ID<\/strong> de la sessi\u00f3 de 8 d\u00edgits.&nbsp;<\/p>\n<\/div><\/div>\n\n\n\n<div style=\"height:20px\" aria-hidden=\"true\" class=\"wp-block-spacer\"><\/div>\n\n\n\n<div class=\"wp-block-media-text is-stacked-on-mobile\"><figure class=\"wp-block-media-text__media\"><img loading=\"lazy\" decoding=\"async\" width=\"371\" height=\"379\" src=\"https:\/\/projectes.xtec.cat\/digital\/wp-content\/uploads\/usu2317\/2025\/04\/image-5.png\" alt=\"\" class=\"wp-image-35568 size-full\" srcset=\"https:\/\/projectes.xtec.cat\/digital\/wp-content\/uploads\/usu2317\/2025\/04\/image-5.png 371w, https:\/\/projectes.xtec.cat\/digital\/wp-content\/uploads\/usu2317\/2025\/04\/image-5-294x300.png 294w\" sizes=\"auto, (max-width: 371px) 100vw, 371px\" \/><\/figure><div class=\"wp-block-media-text__content\">\n<p>Seguidament, ens apareix a l\u2019ordinador l&#8217;opci\u00f3 per <strong>triar quina pestanya, aplicaci\u00f3 o pantalla es vol compartir<\/strong> amb el panell. Cal triar quina d\u2019aquestes opcions es vol compartir i, a continuaci\u00f3, <strong>pr\u00e9mer el bot\u00f3 compartir<\/strong>. Si no funciona, cal comprovar que tant el panell com l\u2019ordinador disposen d\u2019una bona connexi\u00f3 a internet, o refrescar la p\u00e0gina web.&nbsp;<\/p>\n<\/div><\/div>\n\n\n\n<div style=\"height:20px\" aria-hidden=\"true\" class=\"wp-block-spacer\"><\/div>\n\n\n\n<div class=\"wp-block-media-text is-stacked-on-mobile\"><figure class=\"wp-block-media-text__media\"><img loading=\"lazy\" decoding=\"async\" width=\"304\" height=\"234\" src=\"https:\/\/projectes.xtec.cat\/digital\/wp-content\/uploads\/usu2317\/2025\/04\/image-6.png\" alt=\"\" class=\"wp-image-35569 size-full\" srcset=\"https:\/\/projectes.xtec.cat\/digital\/wp-content\/uploads\/usu2317\/2025\/04\/image-6.png 304w, https:\/\/projectes.xtec.cat\/digital\/wp-content\/uploads\/usu2317\/2025\/04\/image-6-300x231.png 300w\" sizes=\"auto, (max-width: 304px) 100vw, 304px\" \/><\/figure><div class=\"wp-block-media-text__content\">\n<p>Addicionalment, es pot <strong>controlar l\u2019emissi\u00f3 de manera bidireccional<\/strong> clicant el bot\u00f3 \u201cDescarregar APP\u201d de Newline Cast i instal\u00b7lar l\u2019aplicaci\u00f3 a l\u2019ordinador. Tot seguit, cal connectar-se de la mateixa manera i, un cop dins, fer clic al bot\u00f3 \u201cMirror control\u201d (disponible per a Windows, Android i Mac).&nbsp;<\/p>\n<\/div><\/div>\n\n\n\n<div style=\"height:20px\" aria-hidden=\"true\" class=\"wp-block-spacer\"><\/div>\n\n\n\n<p>\u00c9s possible<strong> fer difusi\u00f3 web de fins a 9 dispositius<\/strong> al panell alhora. La pantalla del panell es divideix en el nombre de pantalles compartides. En el cas que nom\u00e9s es pugui compartir una pantalla, cal anar a la configuraci\u00f3 i canviar l&#8217;opci\u00f3 pel nombre de dispositius que es volen rebre al panell.&nbsp;<\/p>\n\n\n\n<div style=\"height:20px\" aria-hidden=\"true\" class=\"wp-block-spacer\"><\/div>\n\n\n\n<h3 class=\"wp-block-heading\" id=\"g0cc15513ec83\">B. Sense fils, per difusi\u00f3 web a trav\u00e9s de xarxa wifi<\/h3>\n\n\n\n<p>Per gaudir d\u2019aquesta opci\u00f3 <strong>cal que el panell i el dispositiu emissor estiguin connectats a la mateixa xarxa wifi<\/strong>. Amb l\u2019aplicaci\u00f3 \u201cNewline Cast\u201d oberta, cal accedir al dispositiu i compartir la pantalla de la forma habitual segons cada cas. El panell accepta tres protocols:&nbsp;<\/p>\n\n\n\n<ul class=\"wp-block-list\">\n<li>Airplay&nbsp;<\/li>\n\n\n\n<li>Miracast&nbsp;<\/li>\n\n\n\n<li>Chromecast&nbsp;<\/li>\n<\/ul>\n\n\n\n<figure class=\"wp-block-image aligncenter size-full is-resized is-style-default\"><a href=\"https:\/\/projectes.xtec.cat\/digital\/wp-content\/uploads\/usu2317\/2025\/04\/Configuaracio-Newline.jpg\"><img loading=\"lazy\" decoding=\"async\" width=\"551\" height=\"323\" src=\"https:\/\/projectes.xtec.cat\/digital\/wp-content\/uploads\/usu2317\/2025\/04\/Configuaracio-Newline.jpg\" alt=\"\" class=\"wp-image-35884\" style=\"width:462px;height:auto\" srcset=\"https:\/\/projectes.xtec.cat\/digital\/wp-content\/uploads\/usu2317\/2025\/04\/Configuaracio-Newline.jpg 551w, https:\/\/projectes.xtec.cat\/digital\/wp-content\/uploads\/usu2317\/2025\/04\/Configuaracio-Newline-300x176.jpg 300w\" sizes=\"auto, (max-width: 551px) 100vw, 551px\" \/><\/a><\/figure>\n\n\n\n<div style=\"height:10px\" aria-hidden=\"true\" class=\"wp-block-spacer\"><\/div>\n\n\n\n<p><strong>NOTA: <\/strong>Cal comprovar que aquestes opcions estan activades a l\u2019apartat \u201cConfiguraci\u00f3\u201d.&nbsp;<\/p>\n\n\n\n<p>L\u2019opci\u00f3 m\u00e9s generalista \u00e9s \u201cChromecast\u201d. Des del navegador Chrome de l\u2019ordinador, cal fer clic als tres punts del men\u00fa superior dret i despr\u00e9s seleccionar \u201c<strong>Desa i comparteix<\/strong>\u201d i \u201c<strong>Emet\u2026<\/strong>\u201d o \u201c<strong>Envia<\/strong>\u2026\u201d&nbsp;<\/p>\n\n\n\n<p>A continuaci\u00f3, se selecciona el nom del panell i s\u2019hi indica si es vol compartir una pestanya o tot l\u2019escriptori.&nbsp;<\/p>\n\n\n\n<div style=\"height:20px\" aria-hidden=\"true\" class=\"wp-block-spacer\"><\/div>\n\n\n\n<h3 class=\"wp-block-heading\" id=\"ge4873d074ff7\">C. Per cable<\/h3>\n\n\n\n<p>Es pot fer servir el cable USB-C o el cable HDMI. Cal garantir que el panell est\u00e0 enc\u00e8s i connectar el cable corresponent a l\u2019ordinador. Autom\u00e0ticament, es projecta la pantalla de l\u2019ordinador al panell. Si no es visualitza, cal comprovar que la font d\u2019entrada corresponent estigui seleccionada.<\/p>\n\n\n\n<ol class=\"wp-block-list\" start=\"1\">\n<li><strong>Per cable USB-C (recomanat):<\/strong>&nbsp;<\/li>\n<\/ol>\n\n\n\n<p>El cable USB-C a m\u00e9s de carregar l\u2019ordinador facilita la bidireccionalitat t\u00e0ctil entre el panell i l\u2019ordinador. Aquesta caracter\u00edstica permet clicar a les aplicacions de l\u2019ordinador tocant el panell.&nbsp;<\/p>\n\n\n\n<ol class=\"wp-block-list\" start=\"2\">\n<li><strong>Connectar el cable HDMI al dispositiu propi:<\/strong>&nbsp;<\/li>\n<\/ol>\n\n\n\n<p>El cable HDMI transmet v\u00eddeo i so. Si, a m\u00e9s, es vol afegir la bidireccionalitat t\u00e0ctil entre el panell i l\u2019ordinador, cal connectar un cable al port USB-B del panell en un port USB normal de l\u2019ordinador. Aix\u00ed, s\u2019aconsegueix clicar a les aplicacions de l\u2019ordinador tocant el panell.&nbsp;<\/p>\n\n\n\n<p>El port USB-B<strong> <\/strong>s\u2019etiqueta al frontal del panell com \u201c<strong>Touch<\/strong>\u201d.&nbsp;<\/p>\n\n\n\n<figure class=\"wp-block-image aligncenter size-full is-style-default\"><a href=\"https:\/\/projectes.xtec.cat\/digital\/wp-content\/uploads\/usu2317\/2025\/04\/image-10.png\"><img loading=\"lazy\" decoding=\"async\" width=\"311\" height=\"91\" src=\"https:\/\/projectes.xtec.cat\/digital\/wp-content\/uploads\/usu2317\/2025\/04\/image-10.png\" alt=\"\" class=\"wp-image-35582\" srcset=\"https:\/\/projectes.xtec.cat\/digital\/wp-content\/uploads\/usu2317\/2025\/04\/image-10.png 311w, https:\/\/projectes.xtec.cat\/digital\/wp-content\/uploads\/usu2317\/2025\/04\/image-10-300x88.png 300w\" sizes=\"auto, (max-width: 311px) 100vw, 311px\" \/><\/a><\/figure>\n\n\n\n<div style=\"height:30px\" aria-hidden=\"true\" class=\"wp-block-spacer\"><\/div>\n<\/div><\/div><\/div><\/div><\/div>\n\n\n\n<div class=\"wp-block-getwid-section alignfull alignfull\"><div class=\"wp-block-getwid-section__wrapper\"><div class=\"wp-block-getwid-section__inner-wrapper\"><div class=\"wp-block-getwid-section__background-holder\"><div class=\"wp-block-getwid-section__background has-background has-ast-global-color-4-background-color\"><\/div><div class=\"wp-block-getwid-section__foreground\"><\/div><\/div><div class=\"wp-block-getwid-section__content\"><div class=\"wp-block-getwid-section__inner-content\">\n<h2 class=\"wp-block-heading\" id=\"g50f76f1d9679\">3.2.2. Compartir pantalla des del panell a altres dispositius<\/h2>\n\n\n\n<figure class=\"wp-block-image aligncenter size-full is-style-default\"><a href=\"https:\/\/projectes.xtec.cat\/digital\/wp-content\/uploads\/usu2317\/2025\/04\/image-11.png\"><img loading=\"lazy\" decoding=\"async\" width=\"635\" height=\"315\" src=\"https:\/\/projectes.xtec.cat\/digital\/wp-content\/uploads\/usu2317\/2025\/04\/image-11.png\" alt=\"\" class=\"wp-image-35588\" srcset=\"https:\/\/projectes.xtec.cat\/digital\/wp-content\/uploads\/usu2317\/2025\/04\/image-11.png 635w, https:\/\/projectes.xtec.cat\/digital\/wp-content\/uploads\/usu2317\/2025\/04\/image-11-300x149.png 300w\" sizes=\"auto, (max-width: 635px) 100vw, 635px\" \/><\/a><\/figure>\n\n\n\n<p>Compartir la pantalla del panell digital a altres dispositius pot ser \u00fatil perqu\u00e8 l\u2019alumnat vegi de m\u00e9s a prop el contingut del panell o pugui capturar-lo en cas que hi estigui connectat remotament.&nbsp;<\/p>\n\n\n\n<p>L\u2019acci\u00f3 es duu a terme mitjan\u00e7ant la mateixa aplicaci\u00f3 \u201c<strong>Newline Cast\u201d <\/strong>prement l\u2019opci\u00f3 de <strong>\u201cCloud Broadcast\u201d<\/strong>.&nbsp;<\/p>\n\n\n\n<figure data-wp-context=\"{&quot;imageId&quot;:&quot;69f2a2eb6f7a1&quot;}\" data-wp-interactive=\"core\/image\" class=\"wp-block-image aligncenter size-full is-resized is-style-default wp-lightbox-container\"><img loading=\"lazy\" decoding=\"async\" width=\"672\" height=\"334\" data-wp-class--hide=\"state.isContentHidden\" data-wp-class--show=\"state.isContentVisible\" data-wp-init=\"callbacks.setButtonStyles\" data-wp-on-async--click=\"actions.showLightbox\" data-wp-on-async--load=\"callbacks.setButtonStyles\" data-wp-on-async-window--resize=\"callbacks.setButtonStyles\" src=\"https:\/\/projectes.xtec.cat\/digital\/wp-content\/uploads\/usu2317\/2025\/04\/Broadcast-newline.jpg\" alt=\"\" class=\"wp-image-35876\" style=\"width:439px;height:auto\" srcset=\"https:\/\/projectes.xtec.cat\/digital\/wp-content\/uploads\/usu2317\/2025\/04\/Broadcast-newline.jpg 672w, https:\/\/projectes.xtec.cat\/digital\/wp-content\/uploads\/usu2317\/2025\/04\/Broadcast-newline-300x149.jpg 300w\" sizes=\"auto, (max-width: 672px) 100vw, 672px\" \/><button\n\t\t\tclass=\"lightbox-trigger\"\n\t\t\ttype=\"button\"\n\t\t\taria-haspopup=\"dialog\"\n\t\t\taria-label=\"Amplia la imatge\"\n\t\t\tdata-wp-init=\"callbacks.initTriggerButton\"\n\t\t\tdata-wp-on-async--click=\"actions.showLightbox\"\n\t\t\tdata-wp-style--right=\"state.imageButtonRight\"\n\t\t\tdata-wp-style--top=\"state.imageButtonTop\"\n\t\t>\n\t\t\t<svg xmlns=\"http:\/\/www.w3.org\/2000\/svg\" width=\"12\" height=\"12\" fill=\"none\" viewBox=\"0 0 12 12\">\n\t\t\t\t<path fill=\"#fff\" d=\"M2 0a2 2 0 0 0-2 2v2h1.5V2a.5.5 0 0 1 .5-.5h2V0H2Zm2 10.5H2a.5.5 0 0 1-.5-.5V8H0v2a2 2 0 0 0 2 2h2v-1.5ZM8 12v-1.5h2a.5.5 0 0 0 .5-.5V8H12v2a2 2 0 0 1-2 2H8Zm2-12a2 2 0 0 1 2 2v2h-1.5V2a.5.5 0 0 0-.5-.5H8V0h2Z\" \/>\n\t\t\t<\/svg>\n\t\t<\/button><\/figure>\n\n\n\n<div style=\"height:10px\" aria-hidden=\"true\" class=\"wp-block-spacer\"><\/div>\n\n\n\n<p>Des de l\u2019ordinador dels participants es podr\u00e0 accedir al navegador i obrir l\u2019URL <a href=\"http:\/\/broadcast.newlinecast.app\/\" target=\"_blank\" rel=\"noreferrer noopener\"><strong>broadcast.newlinecast.app<\/strong><\/a>. Tot seguit, cal introduir el codi ID de 8 d\u00edgits.&nbsp;<\/p>\n\n\n\n<figure data-wp-context=\"{&quot;imageId&quot;:&quot;69f2a2eb7039b&quot;}\" data-wp-interactive=\"core\/image\" class=\"wp-block-image aligncenter size-full is-style-default wp-lightbox-container\"><img loading=\"lazy\" decoding=\"async\" width=\"217\" height=\"169\" data-wp-class--hide=\"state.isContentHidden\" data-wp-class--show=\"state.isContentVisible\" data-wp-init=\"callbacks.setButtonStyles\" data-wp-on-async--click=\"actions.showLightbox\" data-wp-on-async--load=\"callbacks.setButtonStyles\" data-wp-on-async-window--resize=\"callbacks.setButtonStyles\" src=\"https:\/\/projectes.xtec.cat\/digital\/wp-content\/uploads\/usu2317\/2025\/04\/image-13.png\" alt=\"\" class=\"wp-image-35590\"\/><button\n\t\t\tclass=\"lightbox-trigger\"\n\t\t\ttype=\"button\"\n\t\t\taria-haspopup=\"dialog\"\n\t\t\taria-label=\"Amplia la imatge\"\n\t\t\tdata-wp-init=\"callbacks.initTriggerButton\"\n\t\t\tdata-wp-on-async--click=\"actions.showLightbox\"\n\t\t\tdata-wp-style--right=\"state.imageButtonRight\"\n\t\t\tdata-wp-style--top=\"state.imageButtonTop\"\n\t\t>\n\t\t\t<svg xmlns=\"http:\/\/www.w3.org\/2000\/svg\" width=\"12\" height=\"12\" fill=\"none\" viewBox=\"0 0 12 12\">\n\t\t\t\t<path fill=\"#fff\" d=\"M2 0a2 2 0 0 0-2 2v2h1.5V2a.5.5 0 0 1 .5-.5h2V0H2Zm2 10.5H2a.5.5 0 0 1-.5-.5V8H0v2a2 2 0 0 0 2 2h2v-1.5ZM8 12v-1.5h2a.5.5 0 0 0 .5-.5V8H12v2a2 2 0 0 1-2 2H8Zm2-12a2 2 0 0 1 2 2v2h-1.5V2a.5.5 0 0 0-.5-.5H8V0h2Z\" \/>\n\t\t\t<\/svg>\n\t\t<\/button><\/figure>\n\n\n\n<p>El primer cop apareixer\u00e0 un codi de 8 d\u00edgits al panell que cal introduir novament a l\u2019ordinador.&nbsp;<\/p>\n\n\n\n<p>Un cop introdu\u00eft el codi d\u2019acc\u00e9s, els altres participants poden accedir a la sessi\u00f3 de compartici\u00f3 de pantalla des del seu ordinador.&nbsp;<\/p>\n\n\n\n<p>Els participants poden <strong>fer-hi anotacions i retallar<\/strong> el contingut que rebin per desar-lo al seu dispositiu.&nbsp;<\/p>\n\n\n\n<figure class=\"wp-block-image size-full is-style-default\"><a href=\"https:\/\/projectes.xtec.cat\/digital\/wp-content\/uploads\/usu2317\/2025\/04\/image-16.png\"><img loading=\"lazy\" decoding=\"async\" width=\"90\" height=\"54\" src=\"https:\/\/projectes.xtec.cat\/digital\/wp-content\/uploads\/usu2317\/2025\/04\/image-16.png\" alt=\"\" class=\"wp-image-35596\"\/><\/a><\/figure>\n\n\n\n<div style=\"height:10px\" aria-hidden=\"true\" class=\"wp-block-spacer\"><\/div>\n\n\n\n<p>En fer clic sobre la icona d\u2019anotacions, es desplega un nou men\u00fa.&nbsp;<\/p>\n\n\n\n<figure class=\"wp-block-image size-full is-style-default\"><a href=\"https:\/\/projectes.xtec.cat\/digital\/wp-content\/uploads\/usu2317\/2025\/04\/image-14.png\"><img loading=\"lazy\" decoding=\"async\" width=\"296\" height=\"56\" src=\"https:\/\/projectes.xtec.cat\/digital\/wp-content\/uploads\/usu2317\/2025\/04\/image-14.png\" alt=\"\" class=\"wp-image-35592\"\/><\/a><\/figure>\n\n\n\n<div style=\"height:10px\" aria-hidden=\"true\" class=\"wp-block-spacer\"><\/div>\n\n\n\n<p>En aquest men\u00fa apareixen diferents opcions per <strong>remarcar conceptes, crear formes geom\u00e8triques o escriure text<\/strong>.&nbsp;&nbsp;<\/p>\n\n\n\n<figure class=\"wp-block-image size-full is-style-default\"><a href=\"https:\/\/projectes.xtec.cat\/digital\/wp-content\/uploads\/usu2317\/2025\/04\/image-17.png\"><img loading=\"lazy\" decoding=\"async\" width=\"153\" height=\"44\" src=\"https:\/\/projectes.xtec.cat\/digital\/wp-content\/uploads\/usu2317\/2025\/04\/image-17.png\" alt=\"\" class=\"wp-image-35597\" srcset=\"https:\/\/projectes.xtec.cat\/digital\/wp-content\/uploads\/usu2317\/2025\/04\/image-17.png 153w, https:\/\/projectes.xtec.cat\/digital\/wp-content\/uploads\/usu2317\/2025\/04\/image-17-150x44.png 150w\" sizes=\"auto, (max-width: 153px) 100vw, 153px\" \/><\/a><\/figure>\n\n\n\n<div style=\"height:10px\" aria-hidden=\"true\" class=\"wp-block-spacer\"><\/div>\n\n\n\n<p>Tamb\u00e9 hi apareix l\u2019opci\u00f3 per <strong>descarregar la imatge<\/strong> que s\u2019ha editat.&nbsp;&nbsp;<\/p>\n\n\n\n<figure class=\"wp-block-image size-full is-style-default\"><a href=\"https:\/\/projectes.xtec.cat\/digital\/wp-content\/uploads\/usu2317\/2025\/04\/image-15.png\"><img loading=\"lazy\" decoding=\"async\" width=\"47\" height=\"41\" src=\"https:\/\/projectes.xtec.cat\/digital\/wp-content\/uploads\/usu2317\/2025\/04\/image-15.png\" alt=\"\" class=\"wp-image-35594\"\/><\/a><\/figure>\n\n\n\n<div style=\"height:10px\" aria-hidden=\"true\" class=\"wp-block-spacer\"><\/div>\n\n\n\n<p>L\u2019\u00faltima opci\u00f3 on es mostra la icona d\u2019anotacions amb una creu vermella serveix per <strong>sortir <\/strong>d\u2019aquest men\u00fa.&nbsp;&nbsp;<\/p>\n\n\n\n<figure class=\"wp-block-image size-full is-style-default\"><a href=\"https:\/\/projectes.xtec.cat\/digital\/wp-content\/uploads\/usu2317\/2025\/04\/image-18.png\"><img loading=\"lazy\" decoding=\"async\" width=\"46\" height=\"44\" src=\"https:\/\/projectes.xtec.cat\/digital\/wp-content\/uploads\/usu2317\/2025\/04\/image-18.png\" alt=\"\" class=\"wp-image-35598\"\/><\/a><\/figure>\n\n\n\n<div style=\"height:10px\" aria-hidden=\"true\" class=\"wp-block-spacer\"><\/div>\n\n\n\n<p>En finalitzar la sessi\u00f3, cal <strong>tancar la connexi\u00f3 o la compartici\u00f3 de pantalla<\/strong>.&nbsp;<\/p>\n<\/div><\/div><\/div><\/div><\/div>\n","protected":false},"excerpt":{"rendered":"","protected":false},"author":1,"featured_media":0,"parent":28546,"menu_order":0,"comment_status":"closed","ping_status":"close","template":"","meta":{"site-sidebar-layout":"left-sidebar","site-content-layout":"","ast-site-content-layout":"default","site-content-style":"default","site-sidebar-style":"default","ast-global-header-display":"","ast-banner-title-visibility":"","ast-main-header-display":"","ast-hfb-above-header-display":"","ast-hfb-below-header-display":"","ast-hfb-mobile-header-display":"","site-post-title":"","ast-breadcrumbs-content":"","ast-featured-img":"","footer-sml-layout":"","theme-transparent-header-meta":"","adv-header-id-meta":"","stick-header-meta":"","header-above-stick-meta":"","header-main-stick-meta":"","header-below-stick-meta":"","astra-migrate-meta-layouts":"set","ast-page-background-enabled":"default","ast-page-background-meta":{"desktop":{"background-color":"var(--ast-global-color-4)","background-image":"","background-repeat":"repeat","background-position":"center center","background-size":"auto","background-attachment":"scroll","background-type":"","background-media":"","overlay-type":"","overlay-color":"","overlay-opacity":"","overlay-gradient":""},"tablet":{"background-color":"","background-image":"","background-repeat":"repeat","background-position":"center center","background-size":"auto","background-attachment":"scroll","background-type":"","background-media":"","overlay-type":"","overlay-color":"","overlay-opacity":"","overlay-gradient":""},"mobile":{"background-color":"","background-image":"","background-repeat":"repeat","background-position":"center center","background-size":"auto","background-attachment":"scroll","background-type":"","background-media":"","overlay-type":"","overlay-color":"","overlay-opacity":"","overlay-gradient":""}},"ast-content-background-meta":{"desktop":{"background-color":"var(--ast-global-color-5)","background-image":"","background-repeat":"repeat","background-position":"center center","background-size":"auto","background-attachment":"scroll","background-type":"","background-media":"","overlay-type":"","overlay-color":"","overlay-opacity":"","overlay-gradient":""},"tablet":{"background-color":"var(--ast-global-color-5)","background-image":"","background-repeat":"repeat","background-position":"center center","background-size":"auto","background-attachment":"scroll","background-type":"","background-media":"","overlay-type":"","overlay-color":"","overlay-opacity":"","overlay-gradient":""},"mobile":{"background-color":"var(--ast-global-color-5)","background-image":"","background-repeat":"repeat","background-position":"center center","background-size":"auto","background-attachment":"scroll","background-type":"","background-media":"","overlay-type":"","overlay-color":"","overlay-opacity":"","overlay-gradient":""}},"footnotes":""},"class_list":["post-35556","page","type-page","status-publish","hentry"],"post_mailing_queue_ids":[],"_links":{"self":[{"href":"https:\/\/projectes.xtec.cat\/digital\/wp-json\/wp\/v2\/pages\/35556","targetHints":{"allow":["GET"]}}],"collection":[{"href":"https:\/\/projectes.xtec.cat\/digital\/wp-json\/wp\/v2\/pages"}],"about":[{"href":"https:\/\/projectes.xtec.cat\/digital\/wp-json\/wp\/v2\/types\/page"}],"author":[{"embeddable":true,"href":"https:\/\/projectes.xtec.cat\/digital\/wp-json\/wp\/v2\/users\/1"}],"replies":[{"embeddable":true,"href":"https:\/\/projectes.xtec.cat\/digital\/wp-json\/wp\/v2\/comments?post=35556"}],"version-history":[{"count":6,"href":"https:\/\/projectes.xtec.cat\/digital\/wp-json\/wp\/v2\/pages\/35556\/revisions"}],"predecessor-version":[{"id":36170,"href":"https:\/\/projectes.xtec.cat\/digital\/wp-json\/wp\/v2\/pages\/35556\/revisions\/36170"}],"up":[{"embeddable":true,"href":"https:\/\/projectes.xtec.cat\/digital\/wp-json\/wp\/v2\/pages\/28546"}],"wp:attachment":[{"href":"https:\/\/projectes.xtec.cat\/digital\/wp-json\/wp\/v2\/media?parent=35556"}],"curies":[{"name":"wp","href":"https:\/\/api.w.org\/{rel}","templated":true}]}}